{"id":868,"date":"2019-01-16T13:07:14","date_gmt":"2019-01-16T12:07:14","guid":{"rendered":"http:\/\/agora.xtec.cat\/zerelcardener\/?page_id=868"},"modified":"2020-11-06T15:28:56","modified_gmt":"2020-11-06T14:28:56","slug":"pga-de-zer","status":"publish","type":"page","link":"https:\/\/agora.xtec.cat\/zerelcardener\/documents-de-centre\/pga-de-zer\/","title":{"rendered":"PGA de ZER"},"content":{"rendered":"<p>Els centres han d&#8217;elaborar la Programaci\u00f3 General Anual (PGA) d&#8217;acord amb el que estableix l&#8217;article 10 del Decret 102\/2010, d&#8217;autonomia dels centres educatius. En la programaci\u00f3 es recull la concreci\u00f3 de les prioritats, de les activitats i del funcionament del centre per al curs escolar corresponent, i dels diferents \u00e0mbits de l&#8217;autonomia del centre, d&#8217;acord amb el projecte educatiu i d&#8217;acord amb el projecte de direcci\u00f3 vigent.<\/p>\n<p><a href=\"https:\/\/agora.xtec.cat\/zerelcardener\/wp-content\/uploads\/usu1839\/2020\/11\/PGA-2021.pdf\">PGA 2020-21<\/a><\/p>\n<p><a href=\"https:\/\/agora.xtec.cat\/zerelcardener\/wp-content\/uploads\/usu1839\/2019\/10\/Programaci\u00f3-General-Anual-curs-2019-20.pdf\">Programaci\u00f3 General Anual curs 2019-20<\/a><\/p>\n","protected":false},"excerpt":{"rendered":"<p>Els centres han d&#8217;elaborar la Programaci\u00f3 General Anual (PGA) d&#8217;acord amb el que estableix l&#8217;article 10 del Decret 102\/2010, d&#8217;autonomia dels centres educatius. En la programaci\u00f3 es recull la concreci\u00f3 de les prioritats, de les activitats i del funcionament del centre per al curs escolar&hellip;  <a href=\"https:\/\/agora.xtec.cat\/zerelcardener\/documents-de-centre\/pga-de-zer\/\" title=\"Read PGA de ZER\">Llegeix m\u00e9s\u00bb<\/a><\/p>\n","protected":false},"author":1,"featured_media":0,"parent":854,"menu_order":0,"comment_status":"closed","ping_status":"closed","template":"","meta":{"footnotes":""},"class_list":["post-868","page","type-page","status-publish","hentry"],"post_mailing_queue_ids":[],"_links":{"self":[{"href":"https:\/\/agora.xtec.cat\/zerelcardener\/wp-json\/wp\/v2\/pages\/868","targetHints":{"allow":["GET"]}}],"collection":[{"href":"https:\/\/agora.xtec.cat\/zerelcardener\/wp-json\/wp\/v2\/pages"}],"about":[{"href":"https:\/\/agora.xtec.cat\/zerelcardener\/wp-json\/wp\/v2\/types\/page"}],"author":[{"embeddable":true,"href":"https:\/\/agora.xtec.cat\/zerelcardener\/wp-json\/wp\/v2\/users\/1"}],"replies":[{"embeddable":true,"href":"https:\/\/agora.xtec.cat\/zerelcardener\/wp-json\/wp\/v2\/comments?post=868"}],"version-history":[{"count":3,"href":"https:\/\/agora.xtec.cat\/zerelcardener\/wp-json\/wp\/v2\/pages\/868\/revisions"}],"predecessor-version":[{"id":1322,"href":"https:\/\/agora.xtec.cat\/zerelcardener\/wp-json\/wp\/v2\/pages\/868\/revisions\/1322"}],"up":[{"embeddable":true,"href":"https:\/\/agora.xtec.cat\/zerelcardener\/wp-json\/wp\/v2\/pages\/854"}],"wp:attachment":[{"href":"https:\/\/agora.xtec.cat\/zerelcardener\/wp-json\/wp\/v2\/media?parent=868"}],"curies":[{"name":"wp","href":"https:\/\/api.w.org\/{rel}","templated":true}]}}

<p>Els centres han d&#8217;elaborar la Programació General Anual (PGA) d&#8217;acord amb el que estableix l&#8217;article 10 del Decret 102/2010, d&#8217;autonomia dels centres educatius. En la programació es recull la concreció de les prioritats, de les activitats i del funcionament del centre per al curs escolar corresponent, i dels diferents àmbits de l&#8217;autonomia del centre, d&#8217;acord amb el projecte educatiu i d&#8217;acord amb el projecte de direcció vigent.</p>
<p><a href="https://agora.xtec.cat/zerelcardener/wp-content/uploads/usu1839/2020/11/PGA-2021.pdf">PGA 2020-21</a></p>
<p><a href="https://agora.xtec.cat/zerelcardener/wp-content/uploads/usu1839/2019/10/Programació-General-Anual-curs-2019-20.pdf">Programació General Anual curs 2019-20</a></p>

<p>Els centres han d&#8217;elaborar la Programació General Anual (PGA) d&#8217;acord amb el que estableix l&#8217;article 10 del Decret 102/2010, d&#8217;autonomia dels centres educatius. En la programació es recull la concreció de les prioritats, de les activitats i del funcionament del centre per al curs escolar&hellip;  <a href="https://agora.xtec.cat/zerelcardener/documents-de-centre/pga-de-zer/" title="Read PGA de ZER">Llegeix més»</a></p>
