{"id":858,"date":"2019-01-16T12:59:03","date_gmt":"2019-01-16T11:59:03","guid":{"rendered":"http:\/\/agora.xtec.cat\/zerelcardener\/?page_id=858"},"modified":"2025-12-11T13:56:33","modified_gmt":"2025-12-11T12:56:33","slug":"projecte-educatiu-de-zer","status":"publish","type":"page","link":"https:\/\/agora.xtec.cat\/zerelcardener\/documents-de-centre\/projecte-educatiu-de-zer\/","title":{"rendered":"Projecte Educatiu de ZER"},"content":{"rendered":"<p>El Projecte Educatiu de ZER (PEZ), que \u00e9s la m\u00e0xima expressi\u00f3 de l&#8217;autonomia dels centres, recull la identitat del centre, n&#8217;explicita els objectius, n&#8217;orienta l&#8217;activitat i hi d\u00f3na sentit amb la finalitat que els alumnes assoleixin les compet\u00e8ncies b\u00e0siques i el m\u00e0xim aprofitament educatiu, d&#8217;acord amb el marc proporcionat pel Decret 102\/2010, de 3 d&#8217;agost, d&#8217;autonomia dels centres educatius, que situa la presa de decisions en l&#8217;\u00e0mbit del centre per enfortir la instituci\u00f3 escolar i el lideratge educatiu.<a href=\"https:\/\/agora.xtec.cat\/zerelcardener\/wp-content\/uploads\/usu1839\/2025\/10\/cropped-ZER-LOGO1-VG.jpg\"><img loading=\"lazy\" decoding=\"async\" class=\"wp-image-1740 alignright\" src=\"https:\/\/agora.xtec.cat\/zerelcardener\/wp-content\/uploads\/usu1839\/2025\/10\/cropped-ZER-LOGO1-VG.jpg\" alt=\"\" width=\"138\" height=\"138\" srcset=\"https:\/\/agora.xtec.cat\/zerelcardener\/wp-content\/uploads\/usu1839\/2025\/10\/cropped-ZER-LOGO1-VG.jpg 512w, https:\/\/agora.xtec.cat\/zerelcardener\/wp-content\/uploads\/usu1839\/2025\/10\/cropped-ZER-LOGO1-VG-300x300.jpg 300w, https:\/\/agora.xtec.cat\/zerelcardener\/wp-content\/uploads\/usu1839\/2025\/10\/cropped-ZER-LOGO1-VG-150x150.jpg 150w, https:\/\/agora.xtec.cat\/zerelcardener\/wp-content\/uploads\/usu1839\/2025\/10\/cropped-ZER-LOGO1-VG-270x270.jpg 270w, https:\/\/agora.xtec.cat\/zerelcardener\/wp-content\/uploads\/usu1839\/2025\/10\/cropped-ZER-LOGO1-VG-192x192.jpg 192w, https:\/\/agora.xtec.cat\/zerelcardener\/wp-content\/uploads\/usu1839\/2025\/10\/cropped-ZER-LOGO1-VG-180x180.jpg 180w, https:\/\/agora.xtec.cat\/zerelcardener\/wp-content\/uploads\/usu1839\/2025\/10\/cropped-ZER-LOGO1-VG-32x32.jpg 32w\" sizes=\"auto, (max-width: 138px) 100vw, 138px\" \/><\/a><\/p>\n<p>El projecte educatiu del centre \u00e9s el document estrat\u00e8gic marc de la instituci\u00f3 escolar que en defineix el funcionament en l\u2019\u00e0mbit curricular, organitzatiu, de gesti\u00f3 econ\u00f2mica i de gesti\u00f3 de personal, que s&#8217;adapta a la realitat dels alumnes i a l\u2019entorn.<\/p>\n<h3 style=\"text-align: center;\"><a href=\"https:\/\/agora.xtec.cat\/zerelcardener\/wp-content\/uploads\/usu1839\/2022\/06\/EL-PROJECTE-EDUCATIU-DE-ZER-CARDENER-juny2022.pdf\">PROJECTE EDUCATIU DE ZER<\/a><\/h3>\n","protected":false},"excerpt":{"rendered":"<p>El Projecte Educatiu de ZER (PEZ), que \u00e9s la m\u00e0xima expressi\u00f3 de l&#8217;autonomia dels centres, recull la identitat del centre, n&#8217;explicita els objectius, n&#8217;orienta l&#8217;activitat i hi d\u00f3na sentit amb la finalitat que els alumnes assoleixin les compet\u00e8ncies b\u00e0siques i el m\u00e0xim aprofitament educatiu, d&#8217;acord&hellip;  <a href=\"https:\/\/agora.xtec.cat\/zerelcardener\/documents-de-centre\/projecte-educatiu-de-zer\/\" title=\"Read Projecte Educatiu de ZER\">Llegeix m\u00e9s\u00bb<\/a><\/p>\n","protected":false},"author":1,"featured_media":0,"parent":854,"menu_order":0,"comment_status":"closed","ping_status":"closed","template":"","meta":{"footnotes":""},"class_list":["post-858","page","type-page","status-publish","hentry"],"post_mailing_queue_ids":[],"_links":{"self":[{"href":"https:\/\/agora.xtec.cat\/zerelcardener\/wp-json\/wp\/v2\/pages\/858","targetHints":{"allow":["GET"]}}],"collection":[{"href":"https:\/\/agora.xtec.cat\/zerelcardener\/wp-json\/wp\/v2\/pages"}],"about":[{"href":"https:\/\/agora.xtec.cat\/zerelcardener\/wp-json\/wp\/v2\/types\/page"}],"author":[{"embeddable":true,"href":"https:\/\/agora.xtec.cat\/zerelcardener\/wp-json\/wp\/v2\/users\/1"}],"replies":[{"embeddable":true,"href":"https:\/\/agora.xtec.cat\/zerelcardener\/wp-json\/wp\/v2\/comments?post=858"}],"version-history":[{"count":6,"href":"https:\/\/agora.xtec.cat\/zerelcardener\/wp-json\/wp\/v2\/pages\/858\/revisions"}],"predecessor-version":[{"id":1817,"href":"https:\/\/agora.xtec.cat\/zerelcardener\/wp-json\/wp\/v2\/pages\/858\/revisions\/1817"}],"up":[{"embeddable":true,"href":"https:\/\/agora.xtec.cat\/zerelcardener\/wp-json\/wp\/v2\/pages\/854"}],"wp:attachment":[{"href":"https:\/\/agora.xtec.cat\/zerelcardener\/wp-json\/wp\/v2\/media?parent=858"}],"curies":[{"name":"wp","href":"https:\/\/api.w.org\/{rel}","templated":true}]}}

<p>El Projecte Educatiu de ZER (PEZ), que és la màxima expressió de l&#8217;autonomia dels centres, recull la identitat del centre, n&#8217;explicita els objectius, n&#8217;orienta l&#8217;activitat i hi dóna sentit amb la finalitat que els alumnes assoleixin les competències bàsiques i el màxim aprofitament educatiu, d&#8217;acord amb el marc proporcionat pel Decret 102/2010, de 3 d&#8217;agost, d&#8217;autonomia dels centres educatius, que situa la presa de decisions en l&#8217;àmbit del centre per enfortir la institució escolar i el lideratge educatiu.<a href="https://agora.xtec.cat/zerelcardener/wp-content/uploads/usu1839/2025/10/cropped-ZER-LOGO1-VG.jpg"><img loading="lazy" decoding="async" class="wp-image-1740 alignright" src="https://agora.xtec.cat/zerelcardener/wp-content/uploads/usu1839/2025/10/cropped-ZER-LOGO1-VG.jpg" alt="" width="138" height="138" srcset="https://agora.xtec.cat/zerelcardener/wp-content/uploads/usu1839/2025/10/cropped-ZER-LOGO1-VG.jpg 512w, https://agora.xtec.cat/zerelcardener/wp-content/uploads/usu1839/2025/10/cropped-ZER-LOGO1-VG-300x300.jpg 300w, https://agora.xtec.cat/zerelcardener/wp-content/uploads/usu1839/2025/10/cropped-ZER-LOGO1-VG-150x150.jpg 150w, https://agora.xtec.cat/zerelcardener/wp-content/uploads/usu1839/2025/10/cropped-ZER-LOGO1-VG-270x270.jpg 270w, https://agora.xtec.cat/zerelcardener/wp-content/uploads/usu1839/2025/10/cropped-ZER-LOGO1-VG-192x192.jpg 192w, https://agora.xtec.cat/zerelcardener/wp-content/uploads/usu1839/2025/10/cropped-ZER-LOGO1-VG-180x180.jpg 180w, https://agora.xtec.cat/zerelcardener/wp-content/uploads/usu1839/2025/10/cropped-ZER-LOGO1-VG-32x32.jpg 32w" sizes="auto, (max-width: 138px) 100vw, 138px" /></a></p>
<p>El projecte educatiu del centre és el document estratègic marc de la institució escolar que en defineix el funcionament en l’àmbit curricular, organitzatiu, de gestió econòmica i de gestió de personal, que s&#8217;adapta a la realitat dels alumnes i a l’entorn.</p>
<h3 style="text-align: center;"><a href="https://agora.xtec.cat/zerelcardener/wp-content/uploads/usu1839/2022/06/EL-PROJECTE-EDUCATIU-DE-ZER-CARDENER-juny2022.pdf">PROJECTE EDUCATIU DE ZER</a></h3>

<p>El Projecte Educatiu de ZER (PEZ), que és la màxima expressió de l&#8217;autonomia dels centres, recull la identitat del centre, n&#8217;explicita els objectius, n&#8217;orienta l&#8217;activitat i hi dóna sentit amb la finalitat que els alumnes assoleixin les competències bàsiques i el màxim aprofitament educatiu, d&#8217;acord&hellip;  <a href="https://agora.xtec.cat/zerelcardener/documents-de-centre/projecte-educatiu-de-zer/" title="Read Projecte Educatiu de ZER">Llegeix més»</a></p>
