{"id":4333,"date":"2022-05-09T15:19:25","date_gmt":"2022-05-09T13:19:25","guid":{"rendered":"https:\/\/agora.xtec.cat\/zerebre\/?page_id=4333"},"modified":"2025-12-10T16:35:40","modified_gmt":"2025-12-10T15:35:40","slug":"estrategia-digital-de-zer","status":"publish","type":"page","link":"https:\/\/agora.xtec.cat\/zerebre\/estrategia-digital-de-zer\/","title":{"rendered":"Estrat\u00e8gia Digital de ZER"},"content":{"rendered":"<p>Segons indica el Pla d&#8217;Educaci\u00f3 Digital de Catalunya, s&#8217;ha de fer l&#8217;Estrat\u00e8gia Digital de ZER (EDZ) per al curs 2023.<\/p>\n<p>Com podeu observar, la nostra EDZ es troba en construcci\u00f3 i esperem em breu tenir-la acabada.\u00a0 Si\u00a0 cliqueu\u00a0 damunt\u00a0 la\u00a0 imatge\u00a0 anireu\u00a0 al\u00a0 Sites.<\/p>\n<p><a href=\"https:\/\/sites.google.com\/xtec.cat\/estratgia-digital-de-zer-zer-e\/edz-zer-ebre\"><img loading=\"lazy\" decoding=\"async\" class=\"aligncenter wp-image-6337\" src=\"https:\/\/agora.xtec.cat\/zerebre\/wp-content\/uploads\/usu1719\/2025\/06\/edc-300x143.png\" alt=\"\" width=\"415\" height=\"198\" srcset=\"https:\/\/agora.xtec.cat\/zerebre\/wp-content\/uploads\/usu1719\/2025\/06\/edc-300x143.png 300w, https:\/\/agora.xtec.cat\/zerebre\/wp-content\/uploads\/usu1719\/2025\/06\/edc-1024x489.png 1024w, https:\/\/agora.xtec.cat\/zerebre\/wp-content\/uploads\/usu1719\/2025\/06\/edc-768x367.png 768w, https:\/\/agora.xtec.cat\/zerebre\/wp-content\/uploads\/usu1719\/2025\/06\/edc.png 1343w\" sizes=\"auto, (max-width: 415px) 100vw, 415px\" \/><\/a><\/p>\n","protected":false},"excerpt":{"rendered":"<p>Segons indica el Pla d&#8217;Educaci\u00f3 Digital de Catalunya, s&#8217;ha de fer l&#8217;Estrat\u00e8gia Digital de ZER (EDZ) per al curs 2023. Com podeu observar, la nostra EDZ es troba en construcci\u00f3 i esperem em breu tenir-la acabada.\u00a0 Si\u00a0 cliqueu\u00a0 damunt\u00a0 la\u00a0 imatge\u00a0 anireu\u00a0 al\u00a0 Sites.<\/p>\n","protected":false},"author":1,"featured_media":0,"parent":0,"menu_order":40,"comment_status":"closed","ping_status":"closed","template":"","meta":{"_bbp_topic_count":0,"_bbp_reply_count":0,"_bbp_total_topic_count":0,"_bbp_total_reply_count":0,"_bbp_voice_count":0,"_bbp_anonymous_reply_count":0,"_bbp_topic_count_hidden":0,"_bbp_reply_count_hidden":0,"_bbp_forum_subforum_count":0,"site-sidebar-layout":"default","site-content-layout":"","ast-site-content-layout":"default","site-content-style":"default","site-sidebar-style":"default","ast-global-header-display":"","ast-banner-title-visibility":"","ast-main-header-display":"","ast-hfb-above-header-display":"","ast-hfb-below-header-display":"","ast-hfb-mobile-header-display":"","site-post-title":"","ast-breadcrumbs-content":"","ast-featured-img":"","footer-sml-layout":"","theme-transparent-header-meta":"default","adv-header-id-meta":"","stick-header-meta":"","header-above-stick-meta":"","header-main-stick-meta":"","header-below-stick-meta":"","astra-migrate-meta-layouts":"set","ast-page-background-enabled":"default","ast-page-background-meta":{"desktop":{"background-color":"var(--ast-global-color-4)","background-image":"","background-repeat":"repeat","background-position":"center center","background-size":"auto","background-attachment":"scroll","background-type":"","background-media":"","overlay-type":"","overlay-color":"","overlay-opacity":"","overlay-gradient":""},"tablet":{"background-color":"","background-image":"","background-repeat":"repeat","background-position":"center center","background-size":"auto","background-attachment":"scroll","background-type":"","background-media":"","overlay-type":"","overlay-color":"","overlay-opacity":"","overlay-gradient":""},"mobile":{"background-color":"","background-image":"","background-repeat":"repeat","background-position":"center center","background-size":"auto","background-attachment":"scroll","background-type":"","background-media":"","overlay-type":"","overlay-color":"","overlay-opacity":"","overlay-gradient":""}},"ast-content-background-meta":{"desktop":{"background-color":"var(--ast-global-color-5)","background-image":"","background-repeat":"repeat","background-position":"center center","background-size":"auto","background-attachment":"scroll","background-type":"","background-media":"","overlay-type":"","overlay-color":"","overlay-opacity":"","overlay-gradient":""},"tablet":{"background-color":"var(--ast-global-color-5)","background-image":"","background-repeat":"repeat","background-position":"center center","background-size":"auto","background-attachment":"scroll","background-type":"","background-media":"","overlay-type":"","overlay-color":"","overlay-opacity":"","overlay-gradient":""},"mobile":{"background-color":"var(--ast-global-color-5)","background-image":"","background-repeat":"repeat","background-position":"center center","background-size":"auto","background-attachment":"scroll","background-type":"","background-media":"","overlay-type":"","overlay-color":"","overlay-opacity":"","overlay-gradient":""}},"footnotes":""},"class_list":["post-4333","page","type-page","status-publish","hentry"],"post_mailing_queue_ids":[],"_links":{"self":[{"href":"https:\/\/agora.xtec.cat\/zerebre\/wp-json\/wp\/v2\/pages\/4333","targetHints":{"allow":["GET"]}}],"collection":[{"href":"https:\/\/agora.xtec.cat\/zerebre\/wp-json\/wp\/v2\/pages"}],"about":[{"href":"https:\/\/agora.xtec.cat\/zerebre\/wp-json\/wp\/v2\/types\/page"}],"author":[{"embeddable":true,"href":"https:\/\/agora.xtec.cat\/zerebre\/wp-json\/wp\/v2\/users\/1"}],"replies":[{"embeddable":true,"href":"https:\/\/agora.xtec.cat\/zerebre\/wp-json\/wp\/v2\/comments?post=4333"}],"version-history":[{"count":6,"href":"https:\/\/agora.xtec.cat\/zerebre\/wp-json\/wp\/v2\/pages\/4333\/revisions"}],"predecessor-version":[{"id":6339,"href":"https:\/\/agora.xtec.cat\/zerebre\/wp-json\/wp\/v2\/pages\/4333\/revisions\/6339"}],"wp:attachment":[{"href":"https:\/\/agora.xtec.cat\/zerebre\/wp-json\/wp\/v2\/media?parent=4333"}],"curies":[{"name":"wp","href":"https:\/\/api.w.org\/{rel}","templated":true}]}}