{"id":4159,"date":"2023-10-17T02:48:37","date_gmt":"2023-10-17T00:48:37","guid":{"rendered":"https:\/\/agora.xtec.cat\/zerconca\/?page_id=4159"},"modified":"2025-11-16T03:36:32","modified_gmt":"2025-11-16T02:36:32","slug":"menjador-escolar","status":"publish","type":"page","link":"https:\/\/agora.xtec.cat\/zerconca\/menjador-escolar\/","title":{"rendered":"Menjador Escolar"},"content":{"rendered":"<p style=\"text-align: justify;\" data-start=\"61\" data-end=\"588\">A les nostres escoles de la ZER, el menjador escolar \u00e9s molt m\u00e9s que un espai per menjar: \u00e9s un lloc on els infants comparteixen moments agradables, aprenen h\u00e0bits saludables i se senten ben cuidats cada dia.<\/p>\n<p data-start=\"61\" data-end=\"588\"><a href=\"https:\/\/agora.xtec.cat\/zerconca\/wp-content\/uploads\/usu1589\/2025\/11\/logo-alimentart.png\"><img loading=\"lazy\" decoding=\"async\" class=\"size-full wp-image-5007 aligncenter\" src=\"https:\/\/agora.xtec.cat\/zerconca\/wp-content\/uploads\/usu1589\/2025\/11\/logo-alimentart.png\" alt=\"\" width=\"193\" height=\"94\" \/><\/a><\/p>\n<p style=\"text-align: justify;\" data-start=\"61\" data-end=\"588\">El servei est\u00e0 gestionat per \u27a1 <span style=\"text-decoration: underline;\"><a href=\"https:\/\/alimentart.com\/ca\/\"><span style=\"color: #008000; text-decoration: underline;\"><strong data-start=\"290\" data-end=\"305\">Aliment Art<\/strong>,<\/span><\/a><\/span> i les fam\u00edlies hi poden accedir f\u00e0cilment a trav\u00e9s de l\u2019APP de l\u2019empresa, des d\u2019on poden gestionar el servei de manera c\u00f2moda i r\u00e0pida.<\/p>\n<p style=\"text-align: justify;\" data-start=\"61\" data-end=\"588\">A continuaci\u00f3, us deixem \u27a1 <span style=\"color: #008000;\"><strong><a style=\"color: #008000;\" href=\"https:\/\/drive.google.com\/file\/d\/1bauxNkXVF698jpBLKCG3gbmxy1OB1Cnl\/view\">el manual per a la seva instal\u00b7laci\u00f3<\/a><\/strong><\/span> i \u00fas, perqu\u00e8 tota la comunitat educativa pugui gaudir-ne sense complicacions.<\/p>\n","protected":false},"excerpt":{"rendered":"<p>A les nostres escoles de la ZER, el menjador escolar \u00e9s molt m\u00e9s que un espai per menjar: \u00e9s un lloc on els infants comparteixen moments agradables, aprenen h\u00e0bits saludables i se senten ben cuidats cada dia. El servei est\u00e0 gestionat per \u27a1 Aliment Art, i les fam\u00edlies hi poden accedir f\u00e0cilment a trav\u00e9s de [&hellip;]<\/p>\n","protected":false},"author":1,"featured_media":0,"parent":0,"menu_order":0,"comment_status":"closed","ping_status":"closed","template":"","meta":{"_bbp_topic_count":0,"_bbp_reply_count":0,"_bbp_total_topic_count":0,"_bbp_total_reply_count":0,"_bbp_voice_count":0,"_bbp_anonymous_reply_count":0,"_bbp_topic_count_hidden":0,"_bbp_reply_count_hidden":0,"_bbp_forum_subforum_count":0,"site-sidebar-layout":"default","site-content-layout":"","ast-site-content-layout":"default","site-content-style":"default","site-sidebar-style":"default","ast-global-header-display":"","ast-banner-title-visibility":"","ast-main-header-display":"","ast-hfb-above-header-display":"","ast-hfb-below-header-display":"","ast-hfb-mobile-header-display":"","site-post-title":"","ast-breadcrumbs-content":"","ast-featured-img":"","footer-sml-layout":"","theme-transparent-header-meta":"default","adv-header-id-meta":"","stick-header-meta":"","header-above-stick-meta":"","header-main-stick-meta":"","header-below-stick-meta":"","astra-migrate-meta-layouts":"set","ast-page-background-enabled":"default","ast-page-background-meta":{"desktop":{"background-color":"var(--ast-global-color-4)","background-image":"","background-repeat":"repeat","background-position":"center center","background-size":"auto","background-attachment":"scroll","background-type":"","background-media":"","overlay-type":"","overlay-color":"","overlay-opacity":"","overlay-gradient":""},"tablet":{"background-color":"","background-image":"","background-repeat":"repeat","background-position":"center center","background-size":"auto","background-attachment":"scroll","background-type":"","background-media":"","overlay-type":"","overlay-color":"","overlay-opacity":"","overlay-gradient":""},"mobile":{"background-color":"","background-image":"","background-repeat":"repeat","background-position":"center center","background-size":"auto","background-attachment":"scroll","background-type":"","background-media":"","overlay-type":"","overlay-color":"","overlay-opacity":"","overlay-gradient":""}},"ast-content-background-meta":{"desktop":{"background-color":"var(--ast-global-color-5)","background-image":"","background-repeat":"repeat","background-position":"center center","background-size":"auto","background-attachment":"scroll","background-type":"","background-media":"","overlay-type":"","overlay-color":"","overlay-opacity":"","overlay-gradient":""},"tablet":{"background-color":"var(--ast-global-color-5)","background-image":"","background-repeat":"repeat","background-position":"center center","background-size":"auto","background-attachment":"scroll","background-type":"","background-media":"","overlay-type":"","overlay-color":"","overlay-opacity":"","overlay-gradient":""},"mobile":{"background-color":"var(--ast-global-color-5)","background-image":"","background-repeat":"repeat","background-position":"center center","background-size":"auto","background-attachment":"scroll","background-type":"","background-media":"","overlay-type":"","overlay-color":"","overlay-opacity":"","overlay-gradient":""}},"footnotes":""},"class_list":["post-4159","page","type-page","status-publish","hentry"],"post_mailing_queue_ids":[],"_links":{"self":[{"href":"https:\/\/agora.xtec.cat\/zerconca\/wp-json\/wp\/v2\/pages\/4159","targetHints":{"allow":["GET"]}}],"collection":[{"href":"https:\/\/agora.xtec.cat\/zerconca\/wp-json\/wp\/v2\/pages"}],"about":[{"href":"https:\/\/agora.xtec.cat\/zerconca\/wp-json\/wp\/v2\/types\/page"}],"author":[{"embeddable":true,"href":"https:\/\/agora.xtec.cat\/zerconca\/wp-json\/wp\/v2\/users\/1"}],"replies":[{"embeddable":true,"href":"https:\/\/agora.xtec.cat\/zerconca\/wp-json\/wp\/v2\/comments?post=4159"}],"version-history":[{"count":6,"href":"https:\/\/agora.xtec.cat\/zerconca\/wp-json\/wp\/v2\/pages\/4159\/revisions"}],"predecessor-version":[{"id":5010,"href":"https:\/\/agora.xtec.cat\/zerconca\/wp-json\/wp\/v2\/pages\/4159\/revisions\/5010"}],"wp:attachment":[{"href":"https:\/\/agora.xtec.cat\/zerconca\/wp-json\/wp\/v2\/media?parent=4159"}],"curies":[{"name":"wp","href":"https:\/\/api.w.org\/{rel}","templated":true}]}}