{"id":677,"date":"2020-11-13T14:13:04","date_gmt":"2020-11-13T13:13:04","guid":{"rendered":"https:\/\/agora.xtec.cat\/zercepdesis\/?page_id=677"},"modified":"2020-11-20T20:02:53","modified_gmt":"2020-11-20T19:02:53","slug":"que-fem","status":"publish","type":"page","link":"https:\/\/agora.xtec.cat\/zercepdesis\/presentacio\/que-fem\/","title":{"rendered":"QU\u00c8 FEM?"},"content":{"rendered":"<ul style=\"list-style-type: circle;\">\n<li>Sortides pedag\u00f2giques.<\/li>\n<li>Col\u00f2nies.<\/li>\n<li>Curs de nataci\u00f3.<\/li>\n<li>Trobades de ZER.<\/li>\n<li>Sortides a veure teatre, dansa, m\u00fasica,&#8230;<\/li>\n<li>Activitats del poble.<\/li>\n<li>Concert de Nadal.<\/li>\n<li>Cant\u00e0nia<\/li>\n<li>Sortides de descoberta de l\u2019entorn.<\/li>\n<li>I totes aquelles que motivin els aprenentatges dels i les alumnes.<br \/>\nTrobades amb les fam\u00edlies.<\/li>\n<\/ul>\n<p><a href=\"https:\/\/agora.xtec.cat\/zercepdesis\/wp-content\/uploads\/usu2412\/2020\/11\/Copia-de-Publicaci\u00f3n-de-Instagram-Sencillo-Mes-de-Grandes-Espacios-Abiertos-en-Azul.png\"><img loading=\"lazy\" decoding=\"async\" class=\"alignnone wp-image-703\" src=\"https:\/\/agora.xtec.cat\/zercepdesis\/wp-content\/uploads\/usu2412\/2020\/11\/Copia-de-Publicaci\u00f3n-de-Instagram-Sencillo-Mes-de-Grandes-Espacios-Abiertos-en-Azul-1024x1024.png\" alt=\"\" width=\"436\" height=\"436\" srcset=\"https:\/\/agora.xtec.cat\/zercepdesis\/wp-content\/uploads\/usu2412\/2020\/11\/Copia-de-Publicaci\u00f3n-de-Instagram-Sencillo-Mes-de-Grandes-Espacios-Abiertos-en-Azul-1024x1024.png 1024w, https:\/\/agora.xtec.cat\/zercepdesis\/wp-content\/uploads\/usu2412\/2020\/11\/Copia-de-Publicaci\u00f3n-de-Instagram-Sencillo-Mes-de-Grandes-Espacios-Abiertos-en-Azul-150x150.png 150w, https:\/\/agora.xtec.cat\/zercepdesis\/wp-content\/uploads\/usu2412\/2020\/11\/Copia-de-Publicaci\u00f3n-de-Instagram-Sencillo-Mes-de-Grandes-Espacios-Abiertos-en-Azul-300x300.png 300w, https:\/\/agora.xtec.cat\/zercepdesis\/wp-content\/uploads\/usu2412\/2020\/11\/Copia-de-Publicaci\u00f3n-de-Instagram-Sencillo-Mes-de-Grandes-Espacios-Abiertos-en-Azul-768x768.png 768w, https:\/\/agora.xtec.cat\/zercepdesis\/wp-content\/uploads\/usu2412\/2020\/11\/Copia-de-Publicaci\u00f3n-de-Instagram-Sencillo-Mes-de-Grandes-Espacios-Abiertos-en-Azul.png 1080w\" sizes=\"auto, (max-width: 436px) 100vw, 436px\" \/><\/a><\/p>\n<p><strong>COM HO FEM?<\/strong><br \/>\nPartim de la idea que els infants s\u00f3n l\u2019eix vertebrador al voltant del qual giren les nostres actuacions. Per tant, per desenvolupar la nostra tasca educativa partim dels interessos dels infants motivant-los a aprendre, i acompanyant-los en la construcci\u00f3 dels seus propis aprenentatges.<\/p>\n<p>Per aconseguir portar a terme aquest objectiu potenciem una l\u00ednia metodol\u00f2gica, pedag\u00f2gica i organitzativa basada en el di\u00e0leg i la coher\u00e8ncia, que vetlla per la coeducaci\u00f3, el foment de la cohesi\u00f3 social i la inclusi\u00f3.<\/p>\n<ul style=\"list-style-type: circle;\">\n<li>Padrins lectors<\/li>\n<li>El treball per projectes.<\/li>\n<li>El Pla de Treball<\/li>\n<li>L\u2019Experimentaci\u00f3<\/li>\n<li>La vida pr\u00e0ctica<\/li>\n<li>La participaci\u00f3 de les fam\u00edlies a l\u2019aula<\/li>\n<li>Les confer\u00e8ncies dels alumnes<\/li>\n<li>Les assemblees d\u2019aula<\/li>\n<li>La Cooperativa<\/li>\n<\/ul>\n<p><a href=\"https:\/\/agora.xtec.cat\/zercepdesis\/wp-content\/uploads\/usu2412\/2020\/11\/Copia-de-Copia-de-Publicaci\u00f3n-de-Instagram-Sencillo-Mes-de-Grandes-Espacios-Abiertos-en-Azul.png\"><img loading=\"lazy\" decoding=\"async\" class=\"wp-image-708 alignleft\" src=\"https:\/\/agora.xtec.cat\/zercepdesis\/wp-content\/uploads\/usu2412\/2020\/11\/Copia-de-Copia-de-Publicaci\u00f3n-de-Instagram-Sencillo-Mes-de-Grandes-Espacios-Abiertos-en-Azul-1024x1024.png\" alt=\"\" width=\"546\" height=\"546\" srcset=\"https:\/\/agora.xtec.cat\/zercepdesis\/wp-content\/uploads\/usu2412\/2020\/11\/Copia-de-Copia-de-Publicaci\u00f3n-de-Instagram-Sencillo-Mes-de-Grandes-Espacios-Abiertos-en-Azul-1024x1024.png 1024w, https:\/\/agora.xtec.cat\/zercepdesis\/wp-content\/uploads\/usu2412\/2020\/11\/Copia-de-Copia-de-Publicaci\u00f3n-de-Instagram-Sencillo-Mes-de-Grandes-Espacios-Abiertos-en-Azul-150x150.png 150w, https:\/\/agora.xtec.cat\/zercepdesis\/wp-content\/uploads\/usu2412\/2020\/11\/Copia-de-Copia-de-Publicaci\u00f3n-de-Instagram-Sencillo-Mes-de-Grandes-Espacios-Abiertos-en-Azul-300x300.png 300w, https:\/\/agora.xtec.cat\/zercepdesis\/wp-content\/uploads\/usu2412\/2020\/11\/Copia-de-Copia-de-Publicaci\u00f3n-de-Instagram-Sencillo-Mes-de-Grandes-Espacios-Abiertos-en-Azul-768x768.png 768w, https:\/\/agora.xtec.cat\/zercepdesis\/wp-content\/uploads\/usu2412\/2020\/11\/Copia-de-Copia-de-Publicaci\u00f3n-de-Instagram-Sencillo-Mes-de-Grandes-Espacios-Abiertos-en-Azul.png 1080w\" sizes=\"auto, (max-width: 546px) 100vw, 546px\" \/><\/a><\/p>\n<p>&nbsp;<\/p>\n<p>&nbsp;<\/p>\n<p>&nbsp;<\/p>\n<p>&nbsp;<\/p>\n<p>&nbsp;<\/p>\n<p>&nbsp;<\/p>\n<p>&nbsp;<\/p>\n<p>&nbsp;<\/p>\n<p>&nbsp;<\/p>\n<p>&nbsp;<\/p>\n<p>&nbsp;<\/p>\n<p>&nbsp;<\/p>\n<p>&nbsp;<\/p>\n<p>La mediaci\u00f3 i resoluci\u00f3 de conflictes, la gesti\u00f3 de les emocions, el respecte dels diferents ritmes aprenentatge i una bona acci\u00f3 tutorial seran l\u2019eix transversal de qualsevol aprenentatge.<br \/>\n\u00c9s necessari un treball conjunt a tres bandes: la fam\u00edlia, l\u2019alumne i l\u2019escola. Per tant donem molta import\u00e0ncia a la relaci\u00f3 d\u2019aquests tres agents.<\/p>\n<p><strong>DE QUINS RECURSOS DISPOSEM?<\/strong><\/p>\n<ul style=\"list-style-type: circle;\">\n<li>Una biblioteca amb llibres de lectura i de consulta.<\/li>\n<li>Aules amb pissarres interactives i de projecci\u00f3.<\/li>\n<li>Ordinadors a totes les aules.<\/li>\n<li>Una pista poliesportiva.<\/li>\n<li>Un hort escolar.<\/li>\n<\/ul>\n<p><strong>TENIR POCS ALUMNES VA B\u00c9?<\/strong><br \/>\nEl fet de tenir una r\u00e0tio m\u00e9s baixa a l\u2019aula permet una millor atenci\u00f3 per part dels i de les mestres. Podem fer un seguiment m\u00e9s acurat de l\u2019alumnat i detectar m\u00e9s r\u00e0pidament les seves necessitats.<br \/>\nTamb\u00e9 ens permet adaptar els diferents ritmes d\u2019aprenentatges dels nens i nenes, fent-los participar de la construcci\u00f3 de coneixement a trav\u00e9s de l\u2019observaci\u00f3 , la manipulaci\u00f3 i l\u2019experimentaci\u00f3.<\/p>\n<p><a href=\"https:\/\/agora.xtec.cat\/zercepdesis\/wp-content\/uploads\/usu2412\/2020\/11\/Publicaci\u00f3n-de-Instagram-Sencillo-Mes-de-Grandes-Espacios-Abiertos-en-Azul.png\"><img loading=\"lazy\" decoding=\"async\" class=\"alignnone wp-image-702\" src=\"https:\/\/agora.xtec.cat\/zercepdesis\/wp-content\/uploads\/usu2412\/2020\/11\/Publicaci\u00f3n-de-Instagram-Sencillo-Mes-de-Grandes-Espacios-Abiertos-en-Azul-1024x1024.png\" alt=\"\" width=\"467\" height=\"467\" srcset=\"https:\/\/agora.xtec.cat\/zercepdesis\/wp-content\/uploads\/usu2412\/2020\/11\/Publicaci\u00f3n-de-Instagram-Sencillo-Mes-de-Grandes-Espacios-Abiertos-en-Azul-1024x1024.png 1024w, https:\/\/agora.xtec.cat\/zercepdesis\/wp-content\/uploads\/usu2412\/2020\/11\/Publicaci\u00f3n-de-Instagram-Sencillo-Mes-de-Grandes-Espacios-Abiertos-en-Azul-150x150.png 150w, https:\/\/agora.xtec.cat\/zercepdesis\/wp-content\/uploads\/usu2412\/2020\/11\/Publicaci\u00f3n-de-Instagram-Sencillo-Mes-de-Grandes-Espacios-Abiertos-en-Azul-300x300.png 300w, https:\/\/agora.xtec.cat\/zercepdesis\/wp-content\/uploads\/usu2412\/2020\/11\/Publicaci\u00f3n-de-Instagram-Sencillo-Mes-de-Grandes-Espacios-Abiertos-en-Azul-768x768.png 768w, https:\/\/agora.xtec.cat\/zercepdesis\/wp-content\/uploads\/usu2412\/2020\/11\/Publicaci\u00f3n-de-Instagram-Sencillo-Mes-de-Grandes-Espacios-Abiertos-en-Azul.png 1080w\" sizes=\"auto, (max-width: 467px) 100vw, 467px\" \/><\/a><\/p>\n","protected":false},"excerpt":{"rendered":"<ul style=\"list-style-type: circle;\">\n<li>Sortides pedag\u00f2giques.<\/li>\n<li>Col\u00f2nies.<\/li>\n<li>Curs de nataci\u00f3.<\/li>\n<li>Trobades de ZER.<\/li>\n<li>Sortides a veure teatre, dansa, m\u00fasica,&#8230;<\/li>\n<li>Activitats del poble.<\/li>\n<li>Concert de Nadal.<\/li>\n<li>Cant\u00e0nia<\/li>\n<li>Sortides de descoberta de l\u2019entorn.<\/li>\n<li>I totes aquelles que motivin els aprenentatges dels i les alumnes.<br \/>\nTrobades amb les fam\u00edlies.<\/li>\n<\/ul>\n<p><a href=\"https:\/\/agora.xtec.cat\/zercepdesis\/wp-content\/uploads\/usu2412\/2020\/11\/Copia-de-Publicaci\u00f3n-de-Instagram-Sencillo-Mes-de-Grandes-Espacios-Abiertos-en-Azul.png\"><\/a><br \/>\nCOM HO FEM?<br \/>\nPartim de la idea que els infants s\u00f3n l\u2019eix&hellip;  <a href=\"https:\/\/agora.xtec.cat\/zercepdesis\/presentacio\/que-fem\/\" title=\"Read QU\u00c8 FEM?\">Llegeix m\u00e9s\u00bb<\/a><\/p>\n","protected":false},"author":1,"featured_media":0,"parent":623,"menu_order":30,"comment_status":"closed","ping_status":"closed","template":"page-templates\/side-menu.php","meta":{"_bbp_topic_count":0,"_bbp_reply_count":0,"_bbp_total_topic_count":0,"_bbp_total_reply_count":0,"_bbp_voice_count":0,"_bbp_anonymous_reply_count":0,"_bbp_topic_count_hidden":0,"_bbp_reply_count_hidden":0,"_bbp_forum_subforum_count":0,"footnotes":""},"class_list":["post-677","page","type-page","status-publish","hentry"],"post_mailing_queue_ids":[],"_links":{"self":[{"href":"https:\/\/agora.xtec.cat\/zercepdesis\/wp-json\/wp\/v2\/pages\/677","targetHints":{"allow":["GET"]}}],"collection":[{"href":"https:\/\/agora.xtec.cat\/zercepdesis\/wp-json\/wp\/v2\/pages"}],"about":[{"href":"https:\/\/agora.xtec.cat\/zercepdesis\/wp-json\/wp\/v2\/types\/page"}],"author":[{"embeddable":true,"href":"https:\/\/agora.xtec.cat\/zercepdesis\/wp-json\/wp\/v2\/users\/1"}],"replies":[{"embeddable":true,"href":"https:\/\/agora.xtec.cat\/zercepdesis\/wp-json\/wp\/v2\/comments?post=677"}],"version-history":[{"count":3,"href":"https:\/\/agora.xtec.cat\/zercepdesis\/wp-json\/wp\/v2\/pages\/677\/revisions"}],"predecessor-version":[{"id":709,"href":"https:\/\/agora.xtec.cat\/zercepdesis\/wp-json\/wp\/v2\/pages\/677\/revisions\/709"}],"up":[{"embeddable":true,"href":"https:\/\/agora.xtec.cat\/zercepdesis\/wp-json\/wp\/v2\/pages\/623"}],"wp:attachment":[{"href":"https:\/\/agora.xtec.cat\/zercepdesis\/wp-json\/wp\/v2\/media?parent=677"}],"curies":[{"name":"wp","href":"https:\/\/api.w.org\/{rel}","templated":true}]}}

QUÈ FEM?

<ul style="list-style-type: circle;">
<li>Sortides pedagògiques.</li>
<li>Colònies.</li>
<li>Curs de natació.</li>
<li>Trobades de ZER.</li>
<li>Sortides a veure teatre, dansa, música,&#8230;</li>
<li>Activitats del poble.</li>
<li>Concert de Nadal.</li>
<li>Cantània</li>
<li>Sortides de descoberta de l’entorn.</li>
<li>I totes aquelles que motivin els aprenentatges dels i les alumnes.<br />
Trobades amb les famílies.</li>
</ul>
<p><a href="https://agora.xtec.cat/zercepdesis/wp-content/uploads/usu2412/2020/11/Copia-de-Publicación-de-Instagram-Sencillo-Mes-de-Grandes-Espacios-Abiertos-en-Azul.png"><img loading="lazy" decoding="async" class="alignnone wp-image-703" src="https://agora.xtec.cat/zercepdesis/wp-content/uploads/usu2412/2020/11/Copia-de-Publicación-de-Instagram-Sencillo-Mes-de-Grandes-Espacios-Abiertos-en-Azul-1024x1024.png" alt="" width="436" height="436" srcset="https://agora.xtec.cat/zercepdesis/wp-content/uploads/usu2412/2020/11/Copia-de-Publicación-de-Instagram-Sencillo-Mes-de-Grandes-Espacios-Abiertos-en-Azul-1024x1024.png 1024w, https://agora.xtec.cat/zercepdesis/wp-content/uploads/usu2412/2020/11/Copia-de-Publicación-de-Instagram-Sencillo-Mes-de-Grandes-Espacios-Abiertos-en-Azul-150x150.png 150w, https://agora.xtec.cat/zercepdesis/wp-content/uploads/usu2412/2020/11/Copia-de-Publicación-de-Instagram-Sencillo-Mes-de-Grandes-Espacios-Abiertos-en-Azul-300x300.png 300w, https://agora.xtec.cat/zercepdesis/wp-content/uploads/usu2412/2020/11/Copia-de-Publicación-de-Instagram-Sencillo-Mes-de-Grandes-Espacios-Abiertos-en-Azul-768x768.png 768w, https://agora.xtec.cat/zercepdesis/wp-content/uploads/usu2412/2020/11/Copia-de-Publicación-de-Instagram-Sencillo-Mes-de-Grandes-Espacios-Abiertos-en-Azul.png 1080w" sizes="auto, (max-width: 436px) 100vw, 436px" /></a></p>
<p><strong>COM HO FEM?</strong><br />
Partim de la idea que els infants són l’eix vertebrador al voltant del qual giren les nostres actuacions. Per tant, per desenvolupar la nostra tasca educativa partim dels interessos dels infants motivant-los a aprendre, i acompanyant-los en la construcció dels seus propis aprenentatges.</p>
<p>Per aconseguir portar a terme aquest objectiu potenciem una línia metodològica, pedagògica i organitzativa basada en el diàleg i la coherència, que vetlla per la coeducació, el foment de la cohesió social i la inclusió.</p>
<ul style="list-style-type: circle;">
<li>Padrins lectors</li>
<li>El treball per projectes.</li>
<li>El Pla de Treball</li>
<li>L’Experimentació</li>
<li>La vida pràctica</li>
<li>La participació de les famílies a l’aula</li>
<li>Les conferències dels alumnes</li>
<li>Les assemblees d’aula</li>
<li>La Cooperativa</li>
</ul>
<p><a href="https://agora.xtec.cat/zercepdesis/wp-content/uploads/usu2412/2020/11/Copia-de-Copia-de-Publicación-de-Instagram-Sencillo-Mes-de-Grandes-Espacios-Abiertos-en-Azul.png"><img loading="lazy" decoding="async" class="wp-image-708 alignleft" src="https://agora.xtec.cat/zercepdesis/wp-content/uploads/usu2412/2020/11/Copia-de-Copia-de-Publicación-de-Instagram-Sencillo-Mes-de-Grandes-Espacios-Abiertos-en-Azul-1024x1024.png" alt="" width="546" height="546" srcset="https://agora.xtec.cat/zercepdesis/wp-content/uploads/usu2412/2020/11/Copia-de-Copia-de-Publicación-de-Instagram-Sencillo-Mes-de-Grandes-Espacios-Abiertos-en-Azul-1024x1024.png 1024w, https://agora.xtec.cat/zercepdesis/wp-content/uploads/usu2412/2020/11/Copia-de-Copia-de-Publicación-de-Instagram-Sencillo-Mes-de-Grandes-Espacios-Abiertos-en-Azul-150x150.png 150w, https://agora.xtec.cat/zercepdesis/wp-content/uploads/usu2412/2020/11/Copia-de-Copia-de-Publicación-de-Instagram-Sencillo-Mes-de-Grandes-Espacios-Abiertos-en-Azul-300x300.png 300w, https://agora.xtec.cat/zercepdesis/wp-content/uploads/usu2412/2020/11/Copia-de-Copia-de-Publicación-de-Instagram-Sencillo-Mes-de-Grandes-Espacios-Abiertos-en-Azul-768x768.png 768w, https://agora.xtec.cat/zercepdesis/wp-content/uploads/usu2412/2020/11/Copia-de-Copia-de-Publicación-de-Instagram-Sencillo-Mes-de-Grandes-Espacios-Abiertos-en-Azul.png 1080w" sizes="auto, (max-width: 546px) 100vw, 546px" /></a></p>
<p>&nbsp;</p>
<p>&nbsp;</p>
<p>&nbsp;</p>
<p>&nbsp;</p>
<p>&nbsp;</p>
<p>&nbsp;</p>
<p>&nbsp;</p>
<p>&nbsp;</p>
<p>&nbsp;</p>
<p>&nbsp;</p>
<p>&nbsp;</p>
<p>&nbsp;</p>
<p>&nbsp;</p>
<p>La mediació i resolució de conflictes, la gestió de les emocions, el respecte dels diferents ritmes aprenentatge i una bona acció tutorial seran l’eix transversal de qualsevol aprenentatge.<br />
És necessari un treball conjunt a tres bandes: la família, l’alumne i l’escola. Per tant donem molta importància a la relació d’aquests tres agents.</p>
<p><strong>DE QUINS RECURSOS DISPOSEM?</strong></p>
<ul style="list-style-type: circle;">
<li>Una biblioteca amb llibres de lectura i de consulta.</li>
<li>Aules amb pissarres interactives i de projecció.</li>
<li>Ordinadors a totes les aules.</li>
<li>Una pista poliesportiva.</li>
<li>Un hort escolar.</li>
</ul>
<p><strong>TENIR POCS ALUMNES VA BÉ?</strong><br />
El fet de tenir una ràtio més baixa a l’aula permet una millor atenció per part dels i de les mestres. Podem fer un seguiment més acurat de l’alumnat i detectar més ràpidament les seves necessitats.<br />
També ens permet adaptar els diferents ritmes d’aprenentatges dels nens i nenes, fent-los participar de la construcció de coneixement a través de l’observació , la manipulació i l’experimentació.</p>
<p><a href="https://agora.xtec.cat/zercepdesis/wp-content/uploads/usu2412/2020/11/Publicación-de-Instagram-Sencillo-Mes-de-Grandes-Espacios-Abiertos-en-Azul.png"><img loading="lazy" decoding="async" class="alignnone wp-image-702" src="https://agora.xtec.cat/zercepdesis/wp-content/uploads/usu2412/2020/11/Publicación-de-Instagram-Sencillo-Mes-de-Grandes-Espacios-Abiertos-en-Azul-1024x1024.png" alt="" width="467" height="467" srcset="https://agora.xtec.cat/zercepdesis/wp-content/uploads/usu2412/2020/11/Publicación-de-Instagram-Sencillo-Mes-de-Grandes-Espacios-Abiertos-en-Azul-1024x1024.png 1024w, https://agora.xtec.cat/zercepdesis/wp-content/uploads/usu2412/2020/11/Publicación-de-Instagram-Sencillo-Mes-de-Grandes-Espacios-Abiertos-en-Azul-150x150.png 150w, https://agora.xtec.cat/zercepdesis/wp-content/uploads/usu2412/2020/11/Publicación-de-Instagram-Sencillo-Mes-de-Grandes-Espacios-Abiertos-en-Azul-300x300.png 300w, https://agora.xtec.cat/zercepdesis/wp-content/uploads/usu2412/2020/11/Publicación-de-Instagram-Sencillo-Mes-de-Grandes-Espacios-Abiertos-en-Azul-768x768.png 768w, https://agora.xtec.cat/zercepdesis/wp-content/uploads/usu2412/2020/11/Publicación-de-Instagram-Sencillo-Mes-de-Grandes-Espacios-Abiertos-en-Azul.png 1080w" sizes="auto, (max-width: 467px) 100vw, 467px" /></a></p>

<ul style="list-style-type: circle;">
<li>Sortides pedagògiques.</li>
<li>Colònies.</li>
<li>Curs de natació.</li>
<li>Trobades de ZER.</li>
<li>Sortides a veure teatre, dansa, música,&#8230;</li>
<li>Activitats del poble.</li>
<li>Concert de Nadal.</li>
<li>Cantània</li>
<li>Sortides de descoberta de l’entorn.</li>
<li>I totes aquelles que motivin els aprenentatges dels i les alumnes.<br />
Trobades amb les famílies.</li>
</ul>
<p><a href="https://agora.xtec.cat/zercepdesis/wp-content/uploads/usu2412/2020/11/Copia-de-Publicación-de-Instagram-Sencillo-Mes-de-Grandes-Espacios-Abiertos-en-Azul.png"></a><br />
COM HO FEM?<br />
Partim de la idea que els infants són l’eix&hellip;  <a href="https://agora.xtec.cat/zercepdesis/presentacio/que-fem/" title="Read QUÈ FEM?">Llegeix més»</a></p>
