{"id":3437,"date":"2025-10-02T13:31:25","date_gmt":"2025-10-02T11:31:25","guid":{"rendered":"https:\/\/agora.xtec.cat\/zercepdesis\/?page_id=3437"},"modified":"2025-10-02T13:43:30","modified_gmt":"2025-10-02T11:43:30","slug":"informacio-dinteres-per-les-families-articles-videos","status":"publish","type":"page","link":"https:\/\/agora.xtec.cat\/zercepdesis\/informacio-dinteres-per-les-families-articles-videos\/","title":{"rendered":"INFORMACI\u00d3 D&#8217;INTER\u00c8S PER LES FAM\u00cdLIES (articles, v\u00eddeos&#8230;)"},"content":{"rendered":"<p><strong>V\u00cdDEOS<\/strong><\/p>\n<p><a href=\"https:\/\/www.youtube.com\/watch?v=VgOGcz9-F40\">Inf\u00e0ncia i pantalles: guia de bons h\u00e0bits<\/a><\/p>\n<p><a href=\"http:\/\/youtube.com\/watch?v=-o04T0IrGNg&amp;feature=youtu.be\">H\u00e0bits de vida saludables durant la inf\u00e0ncia<\/a><\/p>\n<p><a href=\"https:\/\/www.youtube.com\/watch?v=srQ6zlsuTy0\">Adolescents i pantalles: guia de bons h\u00e0bits<\/a><\/p>\n<p><a href=\"https:\/\/www.youtube.com\/watch?v=PkUwZLHOiDw&amp;feature=youtu.be\">H\u00e0bits saludables en adolescents<\/a><\/p>\n<p><strong>ARTICLES<\/strong><\/p>\n<p>&nbsp;<\/p>\n<p><strong>XERRADES<\/strong><\/p>\n","protected":false},"excerpt":{"rendered":"<p>V\u00cdDEOS<br \/>\n<a href=\"https:\/\/www.youtube.com\/watch?v=VgOGcz9-F40\">Inf\u00e0ncia i pantalles: guia de bons h\u00e0bits<\/a><br \/>\n<a href=\"http:\/\/youtube.com\/watch?v=-o04T0IrGNg&amp;feature=youtu.be\">H\u00e0bits de vida saludables durant la inf\u00e0ncia<\/a><br \/>\n<a href=\"https:\/\/www.youtube.com\/watch?v=srQ6zlsuTy0\">Adolescents i pantalles: guia de bons h\u00e0bits<\/a><br \/>\n<a href=\"https:\/\/www.youtube.com\/watch?v=PkUwZLHOiDw&amp;feature=youtu.be\">H\u00e0bits saludables en adolescents<\/a><br \/>\nARTICLES<br \/>\n&nbsp;<br \/>\nXERRADES<\/p>\n","protected":false},"author":1,"featured_media":0,"parent":0,"menu_order":0,"comment_status":"closed","ping_status":"closed","template":"","meta":{"_bbp_topic_count":0,"_bbp_reply_count":0,"_bbp_total_topic_count":0,"_bbp_total_reply_count":0,"_bbp_voice_count":0,"_bbp_anonymous_reply_count":0,"_bbp_topic_count_hidden":0,"_bbp_reply_count_hidden":0,"_bbp_forum_subforum_count":0,"footnotes":""},"class_list":["post-3437","page","type-page","status-publish","hentry"],"post_mailing_queue_ids":[],"_links":{"self":[{"href":"https:\/\/agora.xtec.cat\/zercepdesis\/wp-json\/wp\/v2\/pages\/3437","targetHints":{"allow":["GET"]}}],"collection":[{"href":"https:\/\/agora.xtec.cat\/zercepdesis\/wp-json\/wp\/v2\/pages"}],"about":[{"href":"https:\/\/agora.xtec.cat\/zercepdesis\/wp-json\/wp\/v2\/types\/page"}],"author":[{"embeddable":true,"href":"https:\/\/agora.xtec.cat\/zercepdesis\/wp-json\/wp\/v2\/users\/1"}],"replies":[{"embeddable":true,"href":"https:\/\/agora.xtec.cat\/zercepdesis\/wp-json\/wp\/v2\/comments?post=3437"}],"version-history":[{"count":5,"href":"https:\/\/agora.xtec.cat\/zercepdesis\/wp-json\/wp\/v2\/pages\/3437\/revisions"}],"predecessor-version":[{"id":3443,"href":"https:\/\/agora.xtec.cat\/zercepdesis\/wp-json\/wp\/v2\/pages\/3437\/revisions\/3443"}],"wp:attachment":[{"href":"https:\/\/agora.xtec.cat\/zercepdesis\/wp-json\/wp\/v2\/media?parent=3437"}],"curies":[{"name":"wp","href":"https:\/\/api.w.org\/{rel}","templated":true}]}}