{"id":1842,"date":"2021-03-09T10:42:38","date_gmt":"2021-03-09T09:42:38","guid":{"rendered":"https:\/\/agora.xtec.cat\/zercepdesis\/?page_id=1842"},"modified":"2021-03-21T13:04:23","modified_gmt":"2021-03-21T12:04:23","slug":"conferencies","status":"publish","type":"page","link":"https:\/\/agora.xtec.cat\/zercepdesis\/projectes-educatius\/projectes-de-la-zer-2\/conferencies\/","title":{"rendered":"Confer\u00e8ncies"},"content":{"rendered":"<p>Les confer\u00e8ncies \u00e9s un projecte que es porta a terme al llarg de tota l&#8217;escolaritzaci\u00f3 des de P3 fins a 6\u00e9. A mesura que els infants van creixent, el nivell d&#8217;exig\u00e8ncia va augmentant i se&#8217;ls encomanen diversos reptes per anar evolucionant i fent que aquest projecte sigui \u00fatil i significatiu pels infants.<\/p>\n<p><strong>EN QU\u00c8 CONSISTEIXEN LES CONFER\u00c8NCIES?<\/strong><\/p>\n<p>Consisteix en que tot l&#8217;alumnat de manera individual, es prepara un tema i l&#8217;exposa davant de la resta de l&#8217;alumnat.<\/p>\n<p>\u00c9s important escollir una tem\u00e0tica que sigui de l&#8217;inter\u00e8s de l&#8217;infant, que parteixi dels seus interessos, ja que d&#8217;aquesta manera ser\u00e0 molt m\u00e9s f\u00e0cil tot el treball que comporta la confer\u00e8ncia. Ser\u00e0 important, que des de casa, es faci una llista de temes d&#8217;inter\u00e8s i a continuaci\u00f3 fer-ne la tria, en col\u00b7laboraci\u00f3 amb la fam\u00edlia i guiant la recerca, i l&#8217;investigaci\u00f3 i la preparaci\u00f3 del suport visual, tecnol\u00f2gic o material que aporta l&#8217;infant. Finalment, l&#8217;infant exposa tot all\u00f2 apr\u00e8s i que ha descobert.<\/p>\n<ul>\n<li>L\u2019objectiu d\u2019aquesta activitat \u00e9s la millora de l\u2019expressi\u00f3 oral davant del gran grup, l\u2019estructuraci\u00f3 de continguts, la cerca i la reelaboraci\u00f3 de la informaci\u00f3.<\/li>\n<li>A principi de curs s\u2019elabora un calendari en el que consten les exposicions de tot l&#8217;alumnat. El dia corresponent l\u2019alumne\/a fa la confer\u00e8ncia del tema que ha escollit amb els suports que ha preparat a casa (powerpoint, cartolina, mural, maquetes&#8230;)<\/li>\n<\/ul>\n<p><span style=\"font-weight: 400;\">Un cop acabada la confer\u00e8ncia, el o la ponent omple la graella d\u2019autoavaluaci\u00f3 mentre la resta de companys i companyes, en petit grup, omplen, tamb\u00e9 una graella d\u2019avaluaci\u00f3. Els i les membres d\u2019aquests petits grups han de consensuar les respostes. <\/span><span style=\"font-weight: 400;\">Un cop tothom ha fet la valoraci\u00f3, es comparteix amb el gran grup. S\u2019intercanvien opinions, i es raonen, per\u00f2 sempre fomentant una actitud positiva fent aportacions constructives i ressaltant les fortaleses.<\/span><\/p>\n<p><a href=\"https:\/\/agora.xtec.cat\/zercepdesis\/wp-content\/uploads\/usu2412\/2021\/03\/Confer\u00e8ncies.jpg\"><img loading=\"lazy\" decoding=\"async\" class=\"wp-image-1944 aligncenter\" src=\"https:\/\/agora.xtec.cat\/zercepdesis\/wp-content\/uploads\/usu2412\/2021\/03\/Confer\u00e8ncies-1024x727.jpg\" alt=\"\" width=\"701\" height=\"497\" srcset=\"https:\/\/agora.xtec.cat\/zercepdesis\/wp-content\/uploads\/usu2412\/2021\/03\/Confer\u00e8ncies-1024x727.jpg 1024w, https:\/\/agora.xtec.cat\/zercepdesis\/wp-content\/uploads\/usu2412\/2021\/03\/Confer\u00e8ncies-300x213.jpg 300w, https:\/\/agora.xtec.cat\/zercepdesis\/wp-content\/uploads\/usu2412\/2021\/03\/Confer\u00e8ncies-768x545.jpg 768w, https:\/\/agora.xtec.cat\/zercepdesis\/wp-content\/uploads\/usu2412\/2021\/03\/Confer\u00e8ncies.jpg 1747w\" sizes=\"auto, (max-width: 701px) 100vw, 701px\" \/><\/a><\/p>\n","protected":false},"excerpt":{"rendered":"<p>Les confer\u00e8ncies \u00e9s un projecte que es porta a terme al llarg de tota l&#8217;escolaritzaci\u00f3 des de P3 fins a 6\u00e9. A mesura que els infants van creixent, el nivell d&#8217;exig\u00e8ncia va augmentant i se&#8217;ls encomanen diversos reptes per anar evolucionant i fent que aquest&hellip;  <a href=\"https:\/\/agora.xtec.cat\/zercepdesis\/projectes-educatius\/projectes-de-la-zer-2\/conferencies\/\" title=\"Read Confer\u00e8ncies\">Llegeix m\u00e9s\u00bb<\/a><\/p>\n","protected":false},"author":1,"featured_media":0,"parent":1818,"menu_order":0,"comment_status":"closed","ping_status":"closed","template":"","meta":{"_bbp_topic_count":0,"_bbp_reply_count":0,"_bbp_total_topic_count":0,"_bbp_total_reply_count":0,"_bbp_voice_count":0,"_bbp_anonymous_reply_count":0,"_bbp_topic_count_hidden":0,"_bbp_reply_count_hidden":0,"_bbp_forum_subforum_count":0,"footnotes":""},"class_list":["post-1842","page","type-page","status-publish","hentry"],"post_mailing_queue_ids":[],"_links":{"self":[{"href":"https:\/\/agora.xtec.cat\/zercepdesis\/wp-json\/wp\/v2\/pages\/1842","targetHints":{"allow":["GET"]}}],"collection":[{"href":"https:\/\/agora.xtec.cat\/zercepdesis\/wp-json\/wp\/v2\/pages"}],"about":[{"href":"https:\/\/agora.xtec.cat\/zercepdesis\/wp-json\/wp\/v2\/types\/page"}],"author":[{"embeddable":true,"href":"https:\/\/agora.xtec.cat\/zercepdesis\/wp-json\/wp\/v2\/users\/1"}],"replies":[{"embeddable":true,"href":"https:\/\/agora.xtec.cat\/zercepdesis\/wp-json\/wp\/v2\/comments?post=1842"}],"version-history":[{"count":3,"href":"https:\/\/agora.xtec.cat\/zercepdesis\/wp-json\/wp\/v2\/pages\/1842\/revisions"}],"predecessor-version":[{"id":1953,"href":"https:\/\/agora.xtec.cat\/zercepdesis\/wp-json\/wp\/v2\/pages\/1842\/revisions\/1953"}],"up":[{"embeddable":true,"href":"https:\/\/agora.xtec.cat\/zercepdesis\/wp-json\/wp\/v2\/pages\/1818"}],"wp:attachment":[{"href":"https:\/\/agora.xtec.cat\/zercepdesis\/wp-json\/wp\/v2\/media?parent=1842"}],"curies":[{"name":"wp","href":"https:\/\/api.w.org\/{rel}","templated":true}]}}

Conferències

<p>Les conferències és un projecte que es porta a terme al llarg de tota l&#8217;escolarització des de P3 fins a 6é. A mesura que els infants van creixent, el nivell d&#8217;exigència va augmentant i se&#8217;ls encomanen diversos reptes per anar evolucionant i fent que aquest projecte sigui útil i significatiu pels infants.</p>
<p><strong>EN QUÈ CONSISTEIXEN LES CONFERÈNCIES?</strong></p>
<p>Consisteix en que tot l&#8217;alumnat de manera individual, es prepara un tema i l&#8217;exposa davant de la resta de l&#8217;alumnat.</p>
<p>És important escollir una temàtica que sigui de l&#8217;interès de l&#8217;infant, que parteixi dels seus interessos, ja que d&#8217;aquesta manera serà molt més fàcil tot el treball que comporta la conferència. Serà important, que des de casa, es faci una llista de temes d&#8217;interès i a continuació fer-ne la tria, en col·laboració amb la família i guiant la recerca, i l&#8217;investigació i la preparació del suport visual, tecnològic o material que aporta l&#8217;infant. Finalment, l&#8217;infant exposa tot allò après i que ha descobert.</p>
<ul>
<li>L’objectiu d’aquesta activitat és la millora de l’expressió oral davant del gran grup, l’estructuració de continguts, la cerca i la reelaboració de la informació.</li>
<li>A principi de curs s’elabora un calendari en el que consten les exposicions de tot l&#8217;alumnat. El dia corresponent l’alumne/a fa la conferència del tema que ha escollit amb els suports que ha preparat a casa (powerpoint, cartolina, mural, maquetes&#8230;)</li>
</ul>
<p><span style="font-weight: 400;">Un cop acabada la conferència, el o la ponent omple la graella d’autoavaluació mentre la resta de companys i companyes, en petit grup, omplen, també una graella d’avaluació. Els i les membres d’aquests petits grups han de consensuar les respostes. </span><span style="font-weight: 400;">Un cop tothom ha fet la valoració, es comparteix amb el gran grup. S’intercanvien opinions, i es raonen, però sempre fomentant una actitud positiva fent aportacions constructives i ressaltant les fortaleses.</span></p>
<p><a href="https://agora.xtec.cat/zercepdesis/wp-content/uploads/usu2412/2021/03/Conferències.jpg"><img loading="lazy" decoding="async" class="wp-image-1944 aligncenter" src="https://agora.xtec.cat/zercepdesis/wp-content/uploads/usu2412/2021/03/Conferències-1024x727.jpg" alt="" width="701" height="497" srcset="https://agora.xtec.cat/zercepdesis/wp-content/uploads/usu2412/2021/03/Conferències-1024x727.jpg 1024w, https://agora.xtec.cat/zercepdesis/wp-content/uploads/usu2412/2021/03/Conferències-300x213.jpg 300w, https://agora.xtec.cat/zercepdesis/wp-content/uploads/usu2412/2021/03/Conferències-768x545.jpg 768w, https://agora.xtec.cat/zercepdesis/wp-content/uploads/usu2412/2021/03/Conferències.jpg 1747w" sizes="auto, (max-width: 701px) 100vw, 701px" /></a></p>

<p>Les conferències és un projecte que es porta a terme al llarg de tota l&#8217;escolarització des de P3 fins a 6é. A mesura que els infants van creixent, el nivell d&#8217;exigència va augmentant i se&#8217;ls encomanen diversos reptes per anar evolucionant i fent que aquest&hellip;  <a href="https://agora.xtec.cat/zercepdesis/projectes-educatius/projectes-de-la-zer-2/conferencies/" title="Read Conferències">Llegeix més»</a></p>
