{"id":1838,"date":"2021-03-09T10:38:30","date_gmt":"2021-03-09T09:38:30","guid":{"rendered":"https:\/\/agora.xtec.cat\/zercepdesis\/?page_id=1838"},"modified":"2021-03-23T11:19:17","modified_gmt":"2021-03-23T10:19:17","slug":"tallers","status":"publish","type":"page","link":"https:\/\/agora.xtec.cat\/zercepdesis\/projectes-educatius\/projectes-de-la-zer-2\/tallers\/","title":{"rendered":"Tallers"},"content":{"rendered":"<p>Els\u00a0<strong>tallers<\/strong> fomenten la creativitat i les habilitats dels infants. Esdevenen, sobretot, un factor clau pel seu creixement mental i evolutiu. S\u00f3n ideals per estimular les habilitats i, tamb\u00e9, les capacitats inventives dels infants de totes les edats. Tenen molts beneficis. A m\u00e9s d\u2019ajudar al desenvolupament dels infants, fomenten la seva creativitat i la seva imaginaci\u00f3.<\/p>\n<p>Per\u00f2,\u00a0<strong><em>que \u00e9s la creativitat? Qu\u00e8 \u00e9s el pensament creatiu? Per qu\u00e8 \u00e9s tan important fer aquest treball amb els infants?<\/em><\/strong><\/p>\n<p>La creativitat \u00e9s la capacitat o habilitat per inventar o crear coses. Es tracta de la possibilitat de generar all\u00f2 nou. Nous conceptes, noves idees o noves associacions entre ells. Un bon treball de creativitat conduir\u00e0 als infants a trobar noves solucions als problemes. Per tant,la creativitat fomenta el pensament creatiu. La innovaci\u00f3 i el canvi juguen un paper important.<\/p>\n<p>Als infants els agrada molt participar en aquests\u00a0<strong>tallers\u00a0<\/strong>creatius ja que hi manipulen objectes, creen noves formes i imaginen diferents escenaris. Per tant, es tracten \u00a0d\u2019espais d\u2019experimentaci\u00f3 i creaci\u00f3 on, tamb\u00e9, els infants treuen el millor d\u2019ells mateixos a trav\u00e9s de l\u2019exploraci\u00f3 i el desenvolupament de la imaginaci\u00f3.<\/p>\n<p>Els beneficis dels\u00a0<strong>tallers<\/strong>\u00a0estan relacionats amb el proc\u00e9s de creaci\u00f3. Els infants deixen volar la seva imaginaci\u00f3. Repassem, breument, els 5 principals avantatges d\u2019aquesta activitat:<\/p>\n<ul>\n<li><strong>Diversi\u00f3:\u00a0<\/strong>Crear \u00e9s divertit. Aquestes activitats ofereixen la possibilitat als infants a aprendre coses noves des d\u2019una vessant l\u00fadica. A m\u00e9s, els permet compartir temps i experi\u00e8ncies amb altres infants.<\/li>\n<li><strong>Inspiraci\u00f3:<\/strong> Els infants disposen de totes les eines que necessiten per deixar explotar tota la seva creativitat. En aquests espais, es descobreixen t\u00e8cniques necess\u00e0ries per relitzar els diferents projectes. Els infants s\u2019inspiren, tamb\u00e9, mitjan\u00e7ant la observaci\u00f3 cap als altres companys.<\/li>\n<li><strong>Llibertat creativa:<\/strong> La llibertat ajuda a crear sense l\u00edmits ni condicionants. La m\u00e0gia d\u2019aquesta llibertat recau en que el proc\u00e9s creatiu que s\u2019ha generat i els resultats, s\u00f3n el reflex de l\u2019infant que ho ha creat.<\/li>\n<li><strong>Afavoreixen les relacions:\u00a0<\/strong>Els\u00a0tallers s\u00f3n molt positius ja que permet als infants mostrar-se com s\u00f3n. Comparteixen experi\u00e8ncies, tamb\u00e9, amb altres nens i nenes, fet que els condiciona a aprendre d\u2019una manera m\u00e9s global. El fet d\u2019estar oberts, sense l\u00edmits, els permet relacionar-se amb m\u00e9s facilitat.<\/li>\n<li><strong>Treball en equip:\u00a0<\/strong>A trav\u00e9s d\u2019aquest tipus d\u2019activitats, a m\u00e9s, els infants s\u2019adonen de la import\u00e0ncia del treball en equip. Crear al costat d\u2019altres companys els fa descobrir, tamb\u00e9, que si treballen de forma conjunta poden treure, encara m\u00e9s, el seu potencial.<\/li>\n<\/ul>\n<p>En definitiva, els infants necessiten descobrir i aprendre del m\u00f3n que els envolta. Per aquelles fam\u00edlies que vulguin fomentar la creativitat dels seus fills, els tallers, representen una opci\u00f3 meravellosa.<\/p>\n<p>A la ZER cada any pensem uns tallers que poden anar relacionats amb el centre d&#8217;inter\u00e8s, aspectes relacionats amb el color, estacions o d&#8217;altres que estan fonamentats per diversos artistes d&#8217;arreu del m\u00f3n. Us deixem un recull de propostes que hem anat treballant a diversos cursos escolars.<\/p>\n<p><a href=\"https:\/\/agora.xtec.cat\/zercepdesis\/wp-content\/uploads\/usu2412\/2021\/03\/1-5.jpg\"><img loading=\"lazy\" decoding=\"async\" class=\"wp-image-1964 aligncenter\" src=\"https:\/\/agora.xtec.cat\/zercepdesis\/wp-content\/uploads\/usu2412\/2021\/03\/1-5-1024x727.jpg\" alt=\"\" width=\"702\" height=\"498\" srcset=\"https:\/\/agora.xtec.cat\/zercepdesis\/wp-content\/uploads\/usu2412\/2021\/03\/1-5-1024x727.jpg 1024w, https:\/\/agora.xtec.cat\/zercepdesis\/wp-content\/uploads\/usu2412\/2021\/03\/1-5-300x213.jpg 300w, https:\/\/agora.xtec.cat\/zercepdesis\/wp-content\/uploads\/usu2412\/2021\/03\/1-5-768x545.jpg 768w, https:\/\/agora.xtec.cat\/zercepdesis\/wp-content\/uploads\/usu2412\/2021\/03\/1-5.jpg 1747w\" sizes=\"auto, (max-width: 702px) 100vw, 702px\" \/><\/a><\/p>\n<p><a href=\"https:\/\/agora.xtec.cat\/zercepdesis\/wp-content\/uploads\/usu2412\/2021\/03\/2-5.jpg\"><img loading=\"lazy\" decoding=\"async\" class=\"alignnone wp-image-1965 aligncenter\" src=\"https:\/\/agora.xtec.cat\/zercepdesis\/wp-content\/uploads\/usu2412\/2021\/03\/2-5-1024x727.jpg\" alt=\"\" width=\"700\" height=\"497\" srcset=\"https:\/\/agora.xtec.cat\/zercepdesis\/wp-content\/uploads\/usu2412\/2021\/03\/2-5-1024x727.jpg 1024w, https:\/\/agora.xtec.cat\/zercepdesis\/wp-content\/uploads\/usu2412\/2021\/03\/2-5-300x213.jpg 300w, https:\/\/agora.xtec.cat\/zercepdesis\/wp-content\/uploads\/usu2412\/2021\/03\/2-5-768x545.jpg 768w, https:\/\/agora.xtec.cat\/zercepdesis\/wp-content\/uploads\/usu2412\/2021\/03\/2-5.jpg 1747w\" sizes=\"auto, (max-width: 700px) 100vw, 700px\" \/><\/a><\/p>\n<p><a href=\"https:\/\/agora.xtec.cat\/zercepdesis\/wp-content\/uploads\/usu2412\/2021\/03\/1-6.jpg\"><img loading=\"lazy\" decoding=\"async\" class=\"wp-image-1966 aligncenter\" src=\"https:\/\/agora.xtec.cat\/zercepdesis\/wp-content\/uploads\/usu2412\/2021\/03\/1-6-1024x724.jpg\" alt=\"\" width=\"696\" height=\"492\" srcset=\"https:\/\/agora.xtec.cat\/zercepdesis\/wp-content\/uploads\/usu2412\/2021\/03\/1-6-1024x724.jpg 1024w, https:\/\/agora.xtec.cat\/zercepdesis\/wp-content\/uploads\/usu2412\/2021\/03\/1-6-300x212.jpg 300w, https:\/\/agora.xtec.cat\/zercepdesis\/wp-content\/uploads\/usu2412\/2021\/03\/1-6-768x543.jpg 768w\" sizes=\"auto, (max-width: 696px) 100vw, 696px\" \/><\/a><\/p>\n<p><a href=\"https:\/\/agora.xtec.cat\/zercepdesis\/wp-content\/uploads\/usu2412\/2021\/03\/2-6.jpg\"><img loading=\"lazy\" decoding=\"async\" class=\"wp-image-1967 aligncenter\" src=\"https:\/\/agora.xtec.cat\/zercepdesis\/wp-content\/uploads\/usu2412\/2021\/03\/2-6-1024x724.jpg\" alt=\"\" width=\"695\" height=\"492\" srcset=\"https:\/\/agora.xtec.cat\/zercepdesis\/wp-content\/uploads\/usu2412\/2021\/03\/2-6-1024x724.jpg 1024w, https:\/\/agora.xtec.cat\/zercepdesis\/wp-content\/uploads\/usu2412\/2021\/03\/2-6-300x212.jpg 300w, https:\/\/agora.xtec.cat\/zercepdesis\/wp-content\/uploads\/usu2412\/2021\/03\/2-6-768x543.jpg 768w\" sizes=\"auto, (max-width: 695px) 100vw, 695px\" \/><\/a><\/p>\n","protected":false},"excerpt":{"rendered":"<p>Els\u00a0tallers fomenten la creativitat i les habilitats dels infants. Esdevenen, sobretot, un factor clau pel seu creixement mental i evolutiu. S\u00f3n ideals per estimular les habilitats i, tamb\u00e9, les capacitats inventives dels infants de totes les edats. Tenen molts beneficis. A m\u00e9s d\u2019ajudar al desenvolupament&hellip;  <a href=\"https:\/\/agora.xtec.cat\/zercepdesis\/projectes-educatius\/projectes-de-la-zer-2\/tallers\/\" title=\"Read Tallers\">Llegeix m\u00e9s\u00bb<\/a><\/p>\n","protected":false},"author":1,"featured_media":0,"parent":1818,"menu_order":0,"comment_status":"closed","ping_status":"closed","template":"","meta":{"_bbp_topic_count":0,"_bbp_reply_count":0,"_bbp_total_topic_count":0,"_bbp_total_reply_count":0,"_bbp_voice_count":0,"_bbp_anonymous_reply_count":0,"_bbp_topic_count_hidden":0,"_bbp_reply_count_hidden":0,"_bbp_forum_subforum_count":0,"footnotes":""},"class_list":["post-1838","page","type-page","status-publish","hentry"],"post_mailing_queue_ids":[],"_links":{"self":[{"href":"https:\/\/agora.xtec.cat\/zercepdesis\/wp-json\/wp\/v2\/pages\/1838","targetHints":{"allow":["GET"]}}],"collection":[{"href":"https:\/\/agora.xtec.cat\/zercepdesis\/wp-json\/wp\/v2\/pages"}],"about":[{"href":"https:\/\/agora.xtec.cat\/zercepdesis\/wp-json\/wp\/v2\/types\/page"}],"author":[{"embeddable":true,"href":"https:\/\/agora.xtec.cat\/zercepdesis\/wp-json\/wp\/v2\/users\/1"}],"replies":[{"embeddable":true,"href":"https:\/\/agora.xtec.cat\/zercepdesis\/wp-json\/wp\/v2\/comments?post=1838"}],"version-history":[{"count":3,"href":"https:\/\/agora.xtec.cat\/zercepdesis\/wp-json\/wp\/v2\/pages\/1838\/revisions"}],"predecessor-version":[{"id":1969,"href":"https:\/\/agora.xtec.cat\/zercepdesis\/wp-json\/wp\/v2\/pages\/1838\/revisions\/1969"}],"up":[{"embeddable":true,"href":"https:\/\/agora.xtec.cat\/zercepdesis\/wp-json\/wp\/v2\/pages\/1818"}],"wp:attachment":[{"href":"https:\/\/agora.xtec.cat\/zercepdesis\/wp-json\/wp\/v2\/media?parent=1838"}],"curies":[{"name":"wp","href":"https:\/\/api.w.org\/{rel}","templated":true}]}}

<p>Els <strong>tallers</strong> fomenten la creativitat i les habilitats dels infants. Esdevenen, sobretot, un factor clau pel seu creixement mental i evolutiu. Són ideals per estimular les habilitats i, també, les capacitats inventives dels infants de totes les edats. Tenen molts beneficis. A més d’ajudar al desenvolupament dels infants, fomenten la seva creativitat i la seva imaginació.</p>
<p>Però, <strong><em>que és la creativitat? Què és el pensament creatiu? Per què és tan important fer aquest treball amb els infants?</em></strong></p>
<p>La creativitat és la capacitat o habilitat per inventar o crear coses. Es tracta de la possibilitat de generar allò nou. Nous conceptes, noves idees o noves associacions entre ells. Un bon treball de creativitat conduirà als infants a trobar noves solucions als problemes. Per tant,la creativitat fomenta el pensament creatiu. La innovació i el canvi juguen un paper important.</p>
<p>Als infants els agrada molt participar en aquests <strong>tallers </strong>creatius ja que hi manipulen objectes, creen noves formes i imaginen diferents escenaris. Per tant, es tracten  d’espais d’experimentació i creació on, també, els infants treuen el millor d’ells mateixos a través de l’exploració i el desenvolupament de la imaginació.</p>
<p>Els beneficis dels <strong>tallers</strong> estan relacionats amb el procés de creació. Els infants deixen volar la seva imaginació. Repassem, breument, els 5 principals avantatges d’aquesta activitat:</p>
<ul>
<li><strong>Diversió: </strong>Crear és divertit. Aquestes activitats ofereixen la possibilitat als infants a aprendre coses noves des d’una vessant lúdica. A més, els permet compartir temps i experiències amb altres infants.</li>
<li><strong>Inspiració:</strong> Els infants disposen de totes les eines que necessiten per deixar explotar tota la seva creativitat. En aquests espais, es descobreixen tècniques necessàries per relitzar els diferents projectes. Els infants s’inspiren, també, mitjançant la observació cap als altres companys.</li>
<li><strong>Llibertat creativa:</strong> La llibertat ajuda a crear sense límits ni condicionants. La màgia d’aquesta llibertat recau en que el procés creatiu que s’ha generat i els resultats, són el reflex de l’infant que ho ha creat.</li>
<li><strong>Afavoreixen les relacions: </strong>Els tallers són molt positius ja que permet als infants mostrar-se com són. Comparteixen experiències, també, amb altres nens i nenes, fet que els condiciona a aprendre d’una manera més global. El fet d’estar oberts, sense límits, els permet relacionar-se amb més facilitat.</li>
<li><strong>Treball en equip: </strong>A través d’aquest tipus d’activitats, a més, els infants s’adonen de la importància del treball en equip. Crear al costat d’altres companys els fa descobrir, també, que si treballen de forma conjunta poden treure, encara més, el seu potencial.</li>
</ul>
<p>En definitiva, els infants necessiten descobrir i aprendre del món que els envolta. Per aquelles famílies que vulguin fomentar la creativitat dels seus fills, els tallers, representen una opció meravellosa.</p>
<p>A la ZER cada any pensem uns tallers que poden anar relacionats amb el centre d&#8217;interès, aspectes relacionats amb el color, estacions o d&#8217;altres que estan fonamentats per diversos artistes d&#8217;arreu del món. Us deixem un recull de propostes que hem anat treballant a diversos cursos escolars.</p>
<p><a href="https://agora.xtec.cat/zercepdesis/wp-content/uploads/usu2412/2021/03/1-5.jpg"><img loading="lazy" decoding="async" class="wp-image-1964 aligncenter" src="https://agora.xtec.cat/zercepdesis/wp-content/uploads/usu2412/2021/03/1-5-1024x727.jpg" alt="" width="702" height="498" srcset="https://agora.xtec.cat/zercepdesis/wp-content/uploads/usu2412/2021/03/1-5-1024x727.jpg 1024w, https://agora.xtec.cat/zercepdesis/wp-content/uploads/usu2412/2021/03/1-5-300x213.jpg 300w, https://agora.xtec.cat/zercepdesis/wp-content/uploads/usu2412/2021/03/1-5-768x545.jpg 768w, https://agora.xtec.cat/zercepdesis/wp-content/uploads/usu2412/2021/03/1-5.jpg 1747w" sizes="auto, (max-width: 702px) 100vw, 702px" /></a></p>
<p><a href="https://agora.xtec.cat/zercepdesis/wp-content/uploads/usu2412/2021/03/2-5.jpg"><img loading="lazy" decoding="async" class="alignnone wp-image-1965 aligncenter" src="https://agora.xtec.cat/zercepdesis/wp-content/uploads/usu2412/2021/03/2-5-1024x727.jpg" alt="" width="700" height="497" srcset="https://agora.xtec.cat/zercepdesis/wp-content/uploads/usu2412/2021/03/2-5-1024x727.jpg 1024w, https://agora.xtec.cat/zercepdesis/wp-content/uploads/usu2412/2021/03/2-5-300x213.jpg 300w, https://agora.xtec.cat/zercepdesis/wp-content/uploads/usu2412/2021/03/2-5-768x545.jpg 768w, https://agora.xtec.cat/zercepdesis/wp-content/uploads/usu2412/2021/03/2-5.jpg 1747w" sizes="auto, (max-width: 700px) 100vw, 700px" /></a></p>
<p><a href="https://agora.xtec.cat/zercepdesis/wp-content/uploads/usu2412/2021/03/1-6.jpg"><img loading="lazy" decoding="async" class="wp-image-1966 aligncenter" src="https://agora.xtec.cat/zercepdesis/wp-content/uploads/usu2412/2021/03/1-6-1024x724.jpg" alt="" width="696" height="492" srcset="https://agora.xtec.cat/zercepdesis/wp-content/uploads/usu2412/2021/03/1-6-1024x724.jpg 1024w, https://agora.xtec.cat/zercepdesis/wp-content/uploads/usu2412/2021/03/1-6-300x212.jpg 300w, https://agora.xtec.cat/zercepdesis/wp-content/uploads/usu2412/2021/03/1-6-768x543.jpg 768w" sizes="auto, (max-width: 696px) 100vw, 696px" /></a></p>
<p><a href="https://agora.xtec.cat/zercepdesis/wp-content/uploads/usu2412/2021/03/2-6.jpg"><img loading="lazy" decoding="async" class="wp-image-1967 aligncenter" src="https://agora.xtec.cat/zercepdesis/wp-content/uploads/usu2412/2021/03/2-6-1024x724.jpg" alt="" width="695" height="492" srcset="https://agora.xtec.cat/zercepdesis/wp-content/uploads/usu2412/2021/03/2-6-1024x724.jpg 1024w, https://agora.xtec.cat/zercepdesis/wp-content/uploads/usu2412/2021/03/2-6-300x212.jpg 300w, https://agora.xtec.cat/zercepdesis/wp-content/uploads/usu2412/2021/03/2-6-768x543.jpg 768w" sizes="auto, (max-width: 695px) 100vw, 695px" /></a></p>

<p>Els tallers fomenten la creativitat i les habilitats dels infants. Esdevenen, sobretot, un factor clau pel seu creixement mental i evolutiu. Són ideals per estimular les habilitats i, també, les capacitats inventives dels infants de totes les edats. Tenen molts beneficis. A més d’ajudar al desenvolupament&hellip;  <a href="https://agora.xtec.cat/zercepdesis/projectes-educatius/projectes-de-la-zer-2/tallers/" title="Read Tallers">Llegeix més»</a></p>
