{"id":1798,"date":"2021-03-07T11:16:31","date_gmt":"2021-03-07T10:16:31","guid":{"rendered":"https:\/\/agora.xtec.cat\/zercepdesis\/?page_id=1798"},"modified":"2021-03-22T14:18:46","modified_gmt":"2021-03-22T13:18:46","slug":"cooperativa","status":"publish","type":"page","link":"https:\/\/agora.xtec.cat\/zercepdesis\/projectes-educatius\/cooperativa\/","title":{"rendered":"Cooperativa i Hora verda"},"content":{"rendered":"<p><strong><a href=\"https:\/\/agora.xtec.cat\/zercepdesis\/wp-content\/uploads\/usu2412\/2021\/03\/hortgall.png\"><img loading=\"lazy\" decoding=\"async\" class=\"alignnone wp-image-1917 size-full\" src=\"https:\/\/agora.xtec.cat\/zercepdesis\/wp-content\/uploads\/usu2412\/2021\/03\/hortgall.png\" alt=\"\" width=\"158\" height=\"130\" \/><\/a><\/strong><\/p>\n<p><span class=\"JsGRdQ\">La <strong>Cooperativa HortGall<\/strong> \u00e9s un projecte que fa diversos anys que funciona i h<\/span><span class=\"JsGRdQ\">a anat evolucionant al llarg dels cursos escolars. <\/span><span class=\"JsGRdQ\">\u00c9s un projecte creat i gestionat per l&#8217;alumnat i els mestres de la ZER. <\/span><\/p>\n<p><span class=\"JsGRdQ\"><span style=\"font-weight: 400;\">En cursos anteriors, l&#8217;Escola Virolai de Puigd\u00e0lber, tenia un galliner i per tant venien ous tamb\u00e9, per\u00f2 es va dedicir per mesures d&#8217;higiene desmuntar el galliner. Actualment, a<\/span><span style=\"font-weight: 400;\">questa societat es dedica a produir hortalisses i verdures per vendre-les. Els diners recollits al llarg dels cursos es destinen a una causa ben\u00e8fica que la decideixen els mateixos infants.<\/span><\/span><\/p>\n<p><a href=\"https:\/\/agora.xtec.cat\/zercepdesis\/wp-content\/uploads\/usu2412\/2021\/03\/La-Cooperativa.jpg\"><img loading=\"lazy\" decoding=\"async\" class=\"wp-image-1925 aligncenter\" src=\"https:\/\/agora.xtec.cat\/zercepdesis\/wp-content\/uploads\/usu2412\/2021\/03\/La-Cooperativa-1024x727.jpg\" alt=\"\" width=\"701\" height=\"498\" srcset=\"https:\/\/agora.xtec.cat\/zercepdesis\/wp-content\/uploads\/usu2412\/2021\/03\/La-Cooperativa-1024x727.jpg 1024w, https:\/\/agora.xtec.cat\/zercepdesis\/wp-content\/uploads\/usu2412\/2021\/03\/La-Cooperativa-300x213.jpg 300w, https:\/\/agora.xtec.cat\/zercepdesis\/wp-content\/uploads\/usu2412\/2021\/03\/La-Cooperativa-768x545.jpg 768w, https:\/\/agora.xtec.cat\/zercepdesis\/wp-content\/uploads\/usu2412\/2021\/03\/La-Cooperativa.jpg 1747w\" sizes=\"auto, (max-width: 701px) 100vw, 701px\" \/><\/a><\/p>\n<p><span class=\"JsGRdQ\">Dins l&#8217;horari escolar hi ha una franja que es destina a dur a terme un conjunt de tasques globals i competents que es treballen a partir de diferents <strong>equips de treball (tresoreria, comunicaci\u00f3 i botiga).<\/strong><\/span><\/p>\n<p><b>DE QU\u00c8 S&#8217;ENCARREGA CADA EQUIP?<\/b><\/p>\n<ul>\n<li style=\"text-align: left;\"><strong>L&#8217;equip de tresoreria<\/strong> s&#8217;encarrega de marcar els preus dels productes. Treballen el coneixement de les monedes i compten quants diners s\u2019han recollit quan obrim botiga (que han de quadrar amb el n\u00ba de comandes) i ho anota al<strong>\u00a0TANCAMENT DE CAIXA<\/strong>. Tamb\u00e9 es queda amb els\u00a0<strong>RESGUARDS DE COMPRA<\/strong> i anota el tancament de caixa al pressupost indicant el total de diners dels que disposa la cooperativa. L\u2019equip de tresoraria omple l&#8217;Excel<strong>.\u00a0<\/strong>Totes aquestes funcions les fan l&#8217;equip dels m\u00e9s grans. I a infantil, dediquem les estones de tresoreria a treballar la numeraci\u00f3, resoluci\u00f3 de problemes senzills, treballar operacions matem\u00e0tiques com ara la suma a trav\u00e9s de la pr\u00f2pia experin\u00e8ncia.<\/li>\n<\/ul>\n<p><a href=\"https:\/\/agora.xtec.cat\/zercepdesis\/wp-content\/uploads\/usu2412\/2021\/03\/La-Cooperativa-2.jpg\"><img loading=\"lazy\" decoding=\"async\" class=\"wp-image-1950 aligncenter\" src=\"https:\/\/agora.xtec.cat\/zercepdesis\/wp-content\/uploads\/usu2412\/2021\/03\/La-Cooperativa-2-1024x727.jpg\" alt=\"\" width=\"706\" height=\"501\" srcset=\"https:\/\/agora.xtec.cat\/zercepdesis\/wp-content\/uploads\/usu2412\/2021\/03\/La-Cooperativa-2-1024x727.jpg 1024w, https:\/\/agora.xtec.cat\/zercepdesis\/wp-content\/uploads\/usu2412\/2021\/03\/La-Cooperativa-2-300x213.jpg 300w, https:\/\/agora.xtec.cat\/zercepdesis\/wp-content\/uploads\/usu2412\/2021\/03\/La-Cooperativa-2-768x545.jpg 768w, https:\/\/agora.xtec.cat\/zercepdesis\/wp-content\/uploads\/usu2412\/2021\/03\/La-Cooperativa-2.jpg 1747w\" sizes=\"auto, (max-width: 706px) 100vw, 706px\" \/><\/a><\/p>\n<p>&nbsp;<\/p>\n<p>&nbsp;<\/p>\n<ul>\n<li>Durant l&#8217;<strong>HORA VERDA <\/strong>es fa la previsi\u00f3 de la comanda per vendre. Els mateixos infants passen la llista de la previsi\u00f3, a l\u2019equip de<strong>\u00a0COMUNICACI\u00d3.\u00a0<\/strong><\/li>\n<li>L\u2019equip de comunicaci\u00f3\u00a0<strong style=\"font-family: inherit; font-size: 1em;\">\u00a0<\/strong><span style=\"font-family: inherit; font-size: 1em;\">enviar\u00e0 un correu a totes les fam\u00edlies des de l\u2019adre\u00e7a <\/span><a style=\"font-family: inherit; font-size: 1em;\" href=\"mailto:cooperativahortgall@gmail.com\">cooperativahortgall@gmail.com<\/a><span style=\"font-family: inherit; font-size: 1em;\">\u00a0informant dels productes que surten a la venda. <\/span>L\u2019equip de comunicaci\u00f3<strong>\u00a0<\/strong>consulta el correu i respon a les fam\u00edlies que han fet la comanda per confirmar-la incloent-hi la seg\u00fcent informaci\u00f3:\n<ul>\n<li>Que s\u2019han registrat correctament.<\/li>\n<li>Quin dia poden venir a recollir la comanda.<\/li>\n<li>El preu de la comanda.<\/li>\n<\/ul>\n<\/li>\n<\/ul>\n<p>Tamb\u00e9 dediquem sessions a fer promoci\u00f3 dels nostres productes a trav\u00e9s d&#8217;anuncis, r\u00e8tols per penjar pel poble, com redacar un correu electr\u00f2nic&#8230;<\/p>\n<p><a href=\"https:\/\/agora.xtec.cat\/zercepdesis\/wp-content\/uploads\/usu2412\/2021\/03\/4-1.jpg\"><img loading=\"lazy\" decoding=\"async\" class=\"wp-image-1934 aligncenter\" src=\"https:\/\/agora.xtec.cat\/zercepdesis\/wp-content\/uploads\/usu2412\/2021\/03\/4-1-1024x727.jpg\" alt=\"\" width=\"696\" height=\"494\" srcset=\"https:\/\/agora.xtec.cat\/zercepdesis\/wp-content\/uploads\/usu2412\/2021\/03\/4-1-1024x727.jpg 1024w, https:\/\/agora.xtec.cat\/zercepdesis\/wp-content\/uploads\/usu2412\/2021\/03\/4-1-300x213.jpg 300w, https:\/\/agora.xtec.cat\/zercepdesis\/wp-content\/uploads\/usu2412\/2021\/03\/4-1-768x545.jpg 768w, https:\/\/agora.xtec.cat\/zercepdesis\/wp-content\/uploads\/usu2412\/2021\/03\/4-1.jpg 1747w\" sizes=\"auto, (max-width: 696px) 100vw, 696px\" \/><\/a><\/p>\n<p>&nbsp;<\/p>\n<ul>\n<li>L\u2019equip de\u00a0<strong>BOTIGA<\/strong>\u00a0donar\u00e0 les comandes a les fam\u00edlies i entregar\u00e0 una de les c\u00f2pies del RESGUARD a la fam\u00edlia. Si aquesta paga la comanda segellar\u00e0 el\u00a0<strong>RESGUARD DE LA COOPERATIVA<\/strong> amb el segell del centre. En aquest espai treballem el rol de comprador i el venador, el di\u00e0leg a nivell oral que haurien de tenir tant el comprador com el venedor&#8230; Elaborar els tiquets, l&#8217;acci\u00f3 de retornar canvi&#8230;<\/li>\n<\/ul>\n<p><a href=\"https:\/\/agora.xtec.cat\/zercepdesis\/wp-content\/uploads\/usu2412\/2021\/03\/La-Cooperativa-1.jpg\"><img loading=\"lazy\" decoding=\"async\" class=\"wp-image-1926 aligncenter\" src=\"https:\/\/agora.xtec.cat\/zercepdesis\/wp-content\/uploads\/usu2412\/2021\/03\/La-Cooperativa-1-1024x727.jpg\" alt=\"\" width=\"702\" height=\"499\" srcset=\"https:\/\/agora.xtec.cat\/zercepdesis\/wp-content\/uploads\/usu2412\/2021\/03\/La-Cooperativa-1-1024x727.jpg 1024w, https:\/\/agora.xtec.cat\/zercepdesis\/wp-content\/uploads\/usu2412\/2021\/03\/La-Cooperativa-1-300x213.jpg 300w, https:\/\/agora.xtec.cat\/zercepdesis\/wp-content\/uploads\/usu2412\/2021\/03\/La-Cooperativa-1-768x545.jpg 768w, https:\/\/agora.xtec.cat\/zercepdesis\/wp-content\/uploads\/usu2412\/2021\/03\/La-Cooperativa-1.jpg 1747w\" sizes=\"auto, (max-width: 702px) 100vw, 702px\" \/><\/a><\/p>\n<p class=\"_04xlpA direction-ltr align-justify para-style-body\"><span class=\"JsGRdQ\"><span style=\"font-weight: 400;\">Per poder vendre els nostres productes, destinem una altra franja hor\u00e0ria en la qual realitzem la cura de l&#8217;hort, l&#8217;anomenem <\/span><strong>HORA VERDA. <\/strong>Treballem les hortalisses que hem plantat, les parts, quines condicions necessiten per cr\u00e9ixer.<\/span><span style=\"font-family: inherit; font-size: 1em;\"> Ens fixem en el proc\u00e9s de creixement del producte, per finalment poder-ho vendre a la nostra botiga de la cooperativa. A m\u00e9s a m\u00e9s, ens beneficiem del nostre entorn natural per poder descobrir de forma vivencial els diferents canvis que succeixen a la natura.\u00a0<\/span><\/p>\n<p><a href=\"https:\/\/agora.xtec.cat\/zercepdesis\/wp-content\/uploads\/usu2412\/2021\/03\/6-1.jpg\"><img loading=\"lazy\" decoding=\"async\" class=\"wp-image-1923 aligncenter\" src=\"https:\/\/agora.xtec.cat\/zercepdesis\/wp-content\/uploads\/usu2412\/2021\/03\/6-1-1024x727.jpg\" alt=\"\" width=\"700\" height=\"497\" srcset=\"https:\/\/agora.xtec.cat\/zercepdesis\/wp-content\/uploads\/usu2412\/2021\/03\/6-1-1024x727.jpg 1024w, https:\/\/agora.xtec.cat\/zercepdesis\/wp-content\/uploads\/usu2412\/2021\/03\/6-1-300x213.jpg 300w, https:\/\/agora.xtec.cat\/zercepdesis\/wp-content\/uploads\/usu2412\/2021\/03\/6-1-768x545.jpg 768w, https:\/\/agora.xtec.cat\/zercepdesis\/wp-content\/uploads\/usu2412\/2021\/03\/6-1.jpg 1747w\" sizes=\"auto, (max-width: 700px) 100vw, 700px\" \/><\/a><\/p>\n<p class=\"_04xlpA direction-ltr align-justify para-style-body\"><span class=\"JsGRdQ\">\u00c9s un eix motivador que afavoreix el treball cooperatiu i al mateix temps permet treballar continguts i desenvolupar compet\u00e8ncies de totes les \u00e0rees i \u00e0mbits de coneixement de manera globalitzada i vivencial pels infants.\u00a0<\/span><\/p>\n<p>&nbsp;<\/p>\n","protected":false},"excerpt":{"rendered":"<p><a href=\"https:\/\/agora.xtec.cat\/zercepdesis\/wp-content\/uploads\/usu2412\/2021\/03\/hortgall.png\"><\/a><br \/>\nLa Cooperativa HortGall \u00e9s un projecte que fa diversos anys que funciona i ha anat evolucionant al llarg dels cursos escolars. \u00c9s un projecte creat i gestionat per l&#8217;alumnat i els mestres de la ZER.<br \/>\nEn cursos anteriors, l&#8217;Escola Virolai de Puigd\u00e0lber, tenia un&hellip;  <a href=\"https:\/\/agora.xtec.cat\/zercepdesis\/projectes-educatius\/cooperativa\/\" title=\"Read Cooperativa i Hora verda\">Llegeix m\u00e9s\u00bb<\/a><\/p>\n","protected":false},"author":1,"featured_media":0,"parent":1758,"menu_order":25,"comment_status":"closed","ping_status":"closed","template":"","meta":{"_bbp_topic_count":0,"_bbp_reply_count":0,"_bbp_total_topic_count":0,"_bbp_total_reply_count":0,"_bbp_voice_count":0,"_bbp_anonymous_reply_count":0,"_bbp_topic_count_hidden":0,"_bbp_reply_count_hidden":0,"_bbp_forum_subforum_count":0,"footnotes":""},"class_list":["post-1798","page","type-page","status-publish","hentry"],"post_mailing_queue_ids":[],"_links":{"self":[{"href":"https:\/\/agora.xtec.cat\/zercepdesis\/wp-json\/wp\/v2\/pages\/1798","targetHints":{"allow":["GET"]}}],"collection":[{"href":"https:\/\/agora.xtec.cat\/zercepdesis\/wp-json\/wp\/v2\/pages"}],"about":[{"href":"https:\/\/agora.xtec.cat\/zercepdesis\/wp-json\/wp\/v2\/types\/page"}],"author":[{"embeddable":true,"href":"https:\/\/agora.xtec.cat\/zercepdesis\/wp-json\/wp\/v2\/users\/1"}],"replies":[{"embeddable":true,"href":"https:\/\/agora.xtec.cat\/zercepdesis\/wp-json\/wp\/v2\/comments?post=1798"}],"version-history":[{"count":4,"href":"https:\/\/agora.xtec.cat\/zercepdesis\/wp-json\/wp\/v2\/pages\/1798\/revisions"}],"predecessor-version":[{"id":1957,"href":"https:\/\/agora.xtec.cat\/zercepdesis\/wp-json\/wp\/v2\/pages\/1798\/revisions\/1957"}],"up":[{"embeddable":true,"href":"https:\/\/agora.xtec.cat\/zercepdesis\/wp-json\/wp\/v2\/pages\/1758"}],"wp:attachment":[{"href":"https:\/\/agora.xtec.cat\/zercepdesis\/wp-json\/wp\/v2\/media?parent=1798"}],"curies":[{"name":"wp","href":"https:\/\/api.w.org\/{rel}","templated":true}]}}

<p><strong><a href="https://agora.xtec.cat/zercepdesis/wp-content/uploads/usu2412/2021/03/hortgall.png"><img loading="lazy" decoding="async" class="alignnone wp-image-1917 size-full" src="https://agora.xtec.cat/zercepdesis/wp-content/uploads/usu2412/2021/03/hortgall.png" alt="" width="158" height="130" /></a></strong></p>
<p><span class="JsGRdQ">La <strong>Cooperativa HortGall</strong> és un projecte que fa diversos anys que funciona i h</span><span class="JsGRdQ">a anat evolucionant al llarg dels cursos escolars. </span><span class="JsGRdQ">És un projecte creat i gestionat per l&#8217;alumnat i els mestres de la ZER. </span></p>
<p><span class="JsGRdQ"><span style="font-weight: 400;">En cursos anteriors, l&#8217;Escola Virolai de Puigdàlber, tenia un galliner i per tant venien ous també, però es va dedicir per mesures d&#8217;higiene desmuntar el galliner. Actualment, a</span><span style="font-weight: 400;">questa societat es dedica a produir hortalisses i verdures per vendre-les. Els diners recollits al llarg dels cursos es destinen a una causa benèfica que la decideixen els mateixos infants.</span></span></p>
<p><a href="https://agora.xtec.cat/zercepdesis/wp-content/uploads/usu2412/2021/03/La-Cooperativa.jpg"><img loading="lazy" decoding="async" class="wp-image-1925 aligncenter" src="https://agora.xtec.cat/zercepdesis/wp-content/uploads/usu2412/2021/03/La-Cooperativa-1024x727.jpg" alt="" width="701" height="498" srcset="https://agora.xtec.cat/zercepdesis/wp-content/uploads/usu2412/2021/03/La-Cooperativa-1024x727.jpg 1024w, https://agora.xtec.cat/zercepdesis/wp-content/uploads/usu2412/2021/03/La-Cooperativa-300x213.jpg 300w, https://agora.xtec.cat/zercepdesis/wp-content/uploads/usu2412/2021/03/La-Cooperativa-768x545.jpg 768w, https://agora.xtec.cat/zercepdesis/wp-content/uploads/usu2412/2021/03/La-Cooperativa.jpg 1747w" sizes="auto, (max-width: 701px) 100vw, 701px" /></a></p>
<p><span class="JsGRdQ">Dins l&#8217;horari escolar hi ha una franja que es destina a dur a terme un conjunt de tasques globals i competents que es treballen a partir de diferents <strong>equips de treball (tresoreria, comunicació i botiga).</strong></span></p>
<p><b>DE QUÈ S&#8217;ENCARREGA CADA EQUIP?</b></p>
<ul>
<li style="text-align: left;"><strong>L&#8217;equip de tresoreria</strong> s&#8217;encarrega de marcar els preus dels productes. Treballen el coneixement de les monedes i compten quants diners s’han recollit quan obrim botiga (que han de quadrar amb el nº de comandes) i ho anota al<strong> TANCAMENT DE CAIXA</strong>. També es queda amb els <strong>RESGUARDS DE COMPRA</strong> i anota el tancament de caixa al pressupost indicant el total de diners dels que disposa la cooperativa. L’equip de tresoraria omple l&#8217;Excel<strong>. </strong>Totes aquestes funcions les fan l&#8217;equip dels més grans. I a infantil, dediquem les estones de tresoreria a treballar la numeració, resolució de problemes senzills, treballar operacions matemàtiques com ara la suma a través de la pròpia experinència.</li>
</ul>
<p><a href="https://agora.xtec.cat/zercepdesis/wp-content/uploads/usu2412/2021/03/La-Cooperativa-2.jpg"><img loading="lazy" decoding="async" class="wp-image-1950 aligncenter" src="https://agora.xtec.cat/zercepdesis/wp-content/uploads/usu2412/2021/03/La-Cooperativa-2-1024x727.jpg" alt="" width="706" height="501" srcset="https://agora.xtec.cat/zercepdesis/wp-content/uploads/usu2412/2021/03/La-Cooperativa-2-1024x727.jpg 1024w, https://agora.xtec.cat/zercepdesis/wp-content/uploads/usu2412/2021/03/La-Cooperativa-2-300x213.jpg 300w, https://agora.xtec.cat/zercepdesis/wp-content/uploads/usu2412/2021/03/La-Cooperativa-2-768x545.jpg 768w, https://agora.xtec.cat/zercepdesis/wp-content/uploads/usu2412/2021/03/La-Cooperativa-2.jpg 1747w" sizes="auto, (max-width: 706px) 100vw, 706px" /></a></p>
<p>&nbsp;</p>
<p>&nbsp;</p>
<ul>
<li>Durant l&#8217;<strong>HORA VERDA </strong>es fa la previsió de la comanda per vendre. Els mateixos infants passen la llista de la previsió, a l’equip de<strong> COMUNICACIÓ. </strong></li>
<li>L’equip de comunicació <strong style="font-family: inherit; font-size: 1em;"> </strong><span style="font-family: inherit; font-size: 1em;">enviarà un correu a totes les famílies des de l’adreça </span><a style="font-family: inherit; font-size: 1em;" href="mailto:cooperativahortgall@gmail.com">cooperativahortgall@gmail.com</a><span style="font-family: inherit; font-size: 1em;"> informant dels productes que surten a la venda. </span>L’equip de comunicació<strong> </strong>consulta el correu i respon a les famílies que han fet la comanda per confirmar-la incloent-hi la següent informació:
<ul>
<li>Que s’han registrat correctament.</li>
<li>Quin dia poden venir a recollir la comanda.</li>
<li>El preu de la comanda.</li>
</ul>
</li>
</ul>
<p>També dediquem sessions a fer promoció dels nostres productes a través d&#8217;anuncis, rètols per penjar pel poble, com redacar un correu electrònic&#8230;</p>
<p><a href="https://agora.xtec.cat/zercepdesis/wp-content/uploads/usu2412/2021/03/4-1.jpg"><img loading="lazy" decoding="async" class="wp-image-1934 aligncenter" src="https://agora.xtec.cat/zercepdesis/wp-content/uploads/usu2412/2021/03/4-1-1024x727.jpg" alt="" width="696" height="494" srcset="https://agora.xtec.cat/zercepdesis/wp-content/uploads/usu2412/2021/03/4-1-1024x727.jpg 1024w, https://agora.xtec.cat/zercepdesis/wp-content/uploads/usu2412/2021/03/4-1-300x213.jpg 300w, https://agora.xtec.cat/zercepdesis/wp-content/uploads/usu2412/2021/03/4-1-768x545.jpg 768w, https://agora.xtec.cat/zercepdesis/wp-content/uploads/usu2412/2021/03/4-1.jpg 1747w" sizes="auto, (max-width: 696px) 100vw, 696px" /></a></p>
<p>&nbsp;</p>
<ul>
<li>L’equip de <strong>BOTIGA</strong> donarà les comandes a les famílies i entregarà una de les còpies del RESGUARD a la família. Si aquesta paga la comanda segellarà el <strong>RESGUARD DE LA COOPERATIVA</strong> amb el segell del centre. En aquest espai treballem el rol de comprador i el venador, el diàleg a nivell oral que haurien de tenir tant el comprador com el venedor&#8230; Elaborar els tiquets, l&#8217;acció de retornar canvi&#8230;</li>
</ul>
<p><a href="https://agora.xtec.cat/zercepdesis/wp-content/uploads/usu2412/2021/03/La-Cooperativa-1.jpg"><img loading="lazy" decoding="async" class="wp-image-1926 aligncenter" src="https://agora.xtec.cat/zercepdesis/wp-content/uploads/usu2412/2021/03/La-Cooperativa-1-1024x727.jpg" alt="" width="702" height="499" srcset="https://agora.xtec.cat/zercepdesis/wp-content/uploads/usu2412/2021/03/La-Cooperativa-1-1024x727.jpg 1024w, https://agora.xtec.cat/zercepdesis/wp-content/uploads/usu2412/2021/03/La-Cooperativa-1-300x213.jpg 300w, https://agora.xtec.cat/zercepdesis/wp-content/uploads/usu2412/2021/03/La-Cooperativa-1-768x545.jpg 768w, https://agora.xtec.cat/zercepdesis/wp-content/uploads/usu2412/2021/03/La-Cooperativa-1.jpg 1747w" sizes="auto, (max-width: 702px) 100vw, 702px" /></a></p>
<p class="_04xlpA direction-ltr align-justify para-style-body"><span class="JsGRdQ"><span style="font-weight: 400;">Per poder vendre els nostres productes, destinem una altra franja horària en la qual realitzem la cura de l&#8217;hort, l&#8217;anomenem </span><strong>HORA VERDA. </strong>Treballem les hortalisses que hem plantat, les parts, quines condicions necessiten per créixer.</span><span style="font-family: inherit; font-size: 1em;"> Ens fixem en el procés de creixement del producte, per finalment poder-ho vendre a la nostra botiga de la cooperativa. A més a més, ens beneficiem del nostre entorn natural per poder descobrir de forma vivencial els diferents canvis que succeixen a la natura. </span></p>
<p><a href="https://agora.xtec.cat/zercepdesis/wp-content/uploads/usu2412/2021/03/6-1.jpg"><img loading="lazy" decoding="async" class="wp-image-1923 aligncenter" src="https://agora.xtec.cat/zercepdesis/wp-content/uploads/usu2412/2021/03/6-1-1024x727.jpg" alt="" width="700" height="497" srcset="https://agora.xtec.cat/zercepdesis/wp-content/uploads/usu2412/2021/03/6-1-1024x727.jpg 1024w, https://agora.xtec.cat/zercepdesis/wp-content/uploads/usu2412/2021/03/6-1-300x213.jpg 300w, https://agora.xtec.cat/zercepdesis/wp-content/uploads/usu2412/2021/03/6-1-768x545.jpg 768w, https://agora.xtec.cat/zercepdesis/wp-content/uploads/usu2412/2021/03/6-1.jpg 1747w" sizes="auto, (max-width: 700px) 100vw, 700px" /></a></p>
<p class="_04xlpA direction-ltr align-justify para-style-body"><span class="JsGRdQ">És un eix motivador que afavoreix el treball cooperatiu i al mateix temps permet treballar continguts i desenvolupar competències de totes les àrees i àmbits de coneixement de manera globalitzada i vivencial pels infants. </span></p>
<p>&nbsp;</p>

<p><a href="https://agora.xtec.cat/zercepdesis/wp-content/uploads/usu2412/2021/03/hortgall.png"></a><br />
La Cooperativa HortGall és un projecte que fa diversos anys que funciona i ha anat evolucionant al llarg dels cursos escolars. És un projecte creat i gestionat per l&#8217;alumnat i els mestres de la ZER.<br />
En cursos anteriors, l&#8217;Escola Virolai de Puigdàlber, tenia un&hellip;  <a href="https://agora.xtec.cat/zercepdesis/projectes-educatius/cooperativa/" title="Read Cooperativa i Hora verda">Llegeix més»</a></p>
