{"id":621,"date":"2017-02-27T22:49:18","date_gmt":"2017-02-27T21:49:18","guid":{"rendered":"http:\/\/agora.xtec.cat\/zerbarida-batllia\/?page_id=621"},"modified":"2023-05-03T15:14:55","modified_gmt":"2023-05-03T13:14:55","slug":"escola-sant-serni","status":"publish","type":"page","link":"https:\/\/agora.xtec.cat\/zerbarida-batllia\/escola-sant-serni\/","title":{"rendered":"Escola SANT SERNI"},"content":{"rendered":"<p><strong>EL POBLE:<\/strong><br \/>\nSituat al peu del vessant septentrional de la plataforma terci\u00e0ria de Ur\u00fas. Est\u00e0 dividit en dos nuclis, Capdevila i el Barri, a l&#8217;Oest. \u00c9s el municipi m\u00e9s petit de la comarca i es troba als l\u00edmits hist\u00f2rics i geogr\u00e0fics (pel coll de Saig) entre la Petita (la Batllia) i la Gran Cerdanya.<\/p>\n<p><strong>L&#8217;ESCOLA:<\/strong><br \/>\nAquest curs a l&#8217;escola Sant Serni hi ha 38 infants.<br \/>\nDisposem de servei de menjador.<\/p>\n<p><strong>CONTACTAR:<\/strong><br \/>\nTelf.: 972 14 41 09<br \/>\nMail: <a href=\"mailto:c5005983@xtec.cat\">c5005983@xtec.cat\u00a0<\/a><\/p>\n<p>Blog: http:\/\/escolasantserniprats.blogspot.com\/<\/p>\n<p><iframe loading=\"lazy\" style=\"border: 0;\" src=\"https:\/\/www.google.com\/maps\/embed?pb=!1m18!1m12!1m3!1d2947.9508819221405!2d1.8347439147629598!3d42.36488604279064!2m3!1f0!2f0!3f0!3m2!1i1024!2i768!4f13.1!3m3!1m2!1s0x12a577e4065f8e87%3A0x2e4aaccc46b3c1e2!2s25721+Prats%2C+L%C3%A9rida!5e0!3m2!1ses!2ses!4v1489096931009\" width=\"600\" height=\"450\" frameborder=\"0\" allowfullscreen=\"allowfullscreen\"><\/iframe><\/p>\n","protected":false},"excerpt":{"rendered":"<p>EL POBLE:<br \/>\nSituat al peu del vessant septentrional de la plataforma terci\u00e0ria de Ur\u00fas. Est\u00e0 dividit en dos nuclis, Capdevila i el Barri, a l&#8217;Oest. \u00c9s el municipi m\u00e9s petit de la comarca i es troba als l\u00edmits hist\u00f2rics i geogr\u00e0fics (pel coll de Saig) entre&hellip;  <a href=\"https:\/\/agora.xtec.cat\/zerbarida-batllia\/escola-sant-serni\/\" title=\"Read Escola SANT SERNI\">Llegeix m\u00e9s\u00bb<\/a><\/p>\n","protected":false},"author":1,"featured_media":0,"parent":0,"menu_order":0,"comment_status":"closed","ping_status":"closed","template":"","meta":{"_bbp_topic_count":0,"_bbp_reply_count":0,"_bbp_total_topic_count":0,"_bbp_total_reply_count":0,"_bbp_voice_count":0,"_bbp_anonymous_reply_count":0,"_bbp_topic_count_hidden":0,"_bbp_reply_count_hidden":0,"_bbp_forum_subforum_count":0,"footnotes":""},"class_list":["post-621","page","type-page","status-publish","hentry"],"post_mailing_queue_ids":[],"_links":{"self":[{"href":"https:\/\/agora.xtec.cat\/zerbarida-batllia\/wp-json\/wp\/v2\/pages\/621","targetHints":{"allow":["GET"]}}],"collection":[{"href":"https:\/\/agora.xtec.cat\/zerbarida-batllia\/wp-json\/wp\/v2\/pages"}],"about":[{"href":"https:\/\/agora.xtec.cat\/zerbarida-batllia\/wp-json\/wp\/v2\/types\/page"}],"author":[{"embeddable":true,"href":"https:\/\/agora.xtec.cat\/zerbarida-batllia\/wp-json\/wp\/v2\/users\/1"}],"replies":[{"embeddable":true,"href":"https:\/\/agora.xtec.cat\/zerbarida-batllia\/wp-json\/wp\/v2\/comments?post=621"}],"version-history":[{"count":4,"href":"https:\/\/agora.xtec.cat\/zerbarida-batllia\/wp-json\/wp\/v2\/pages\/621\/revisions"}],"predecessor-version":[{"id":1866,"href":"https:\/\/agora.xtec.cat\/zerbarida-batllia\/wp-json\/wp\/v2\/pages\/621\/revisions\/1866"}],"wp:attachment":[{"href":"https:\/\/agora.xtec.cat\/zerbarida-batllia\/wp-json\/wp\/v2\/media?parent=621"}],"curies":[{"name":"wp","href":"https:\/\/api.w.org\/{rel}","templated":true}]}}