{"id":440,"date":"2015-07-24T15:31:14","date_gmt":"2015-07-24T14:31:14","guid":{"rendered":"http:\/\/agora.xtec.cat\/zerbarida-batllia\/?page_id=440"},"modified":"2024-01-23T10:44:32","modified_gmt":"2024-01-23T09:44:32","slug":"ampa","status":"publish","type":"page","link":"https:\/\/agora.xtec.cat\/zerbarida-batllia\/zer\/ampa\/","title":{"rendered":"AFA. Cada escola t\u00e9 la seva AFA."},"content":{"rendered":"<p>L\u2019AFA \u00e9s l\u2019entitat que agrupa les fam\u00edlies d\u2019alumnes de l\u2019escola per a la defensa dels seus interessos en tot all\u00f2 que fa refer\u00e8ncia a l\u2019educaci\u00f3 dels nens i nenes i col\u00b7labora en el funcionament del centre.<br \/>\n\u00c9s una entitat constitu\u00efda com associaci\u00f3 sense \u00e0nim de lucre. Est\u00e0 regulada per uns estatuts i s\u2019organitza a trav\u00e9s de la Junta Directiva i l\u2019Assamblea General.<br \/>\nL&#8217;objectiu fonamental de l&#8217;AFA \u00e9s contribuir a la millora de la qualitat de l&#8217;ensenyament que reben els nostres fills i filles.<\/p>\n<p><a href=\"http:\/\/agora.xtec.cat\/zerbarida-batllia\/wp-content\/uploads\/usu726\/2014\/09\/ampa.png\"><img loading=\"lazy\" decoding=\"async\" class=\" size-medium wp-image-185 aligncenter\" src=\"http:\/\/agora.xtec.cat\/zerbarida-batllia\/wp-content\/uploads\/usu726\/2014\/09\/ampa-300x120.png\" alt=\"ampa\" width=\"300\" height=\"120\" srcset=\"https:\/\/agora.xtec.cat\/zerbarida-batllia\/wp-content\/uploads\/usu726\/2014\/09\/ampa-300x120.png 300w, https:\/\/agora.xtec.cat\/zerbarida-batllia\/wp-content\/uploads\/usu726\/2014\/09\/ampa.png 315w\" sizes=\"auto, (max-width: 300px) 100vw, 300px\" \/><\/a><\/p>\n<p>Algunes de les tasques que es fan s\u00f3n:<\/p>\n<ul>\n<li>Promoure la participaci\u00f3 de fam\u00edlies dels alumnes:<\/li>\n<li>Promoure la representaci\u00f3 i la participaci\u00f3 dels pares i mares dels alumnes en el Consell Escolar.<\/li>\n<li>Col\u00b7laborar en les activitats educatives, organitzar i gestionar les activitats extraescolars i en alguns casos el menjador de l\u2019escola.<\/li>\n<li>Col\u00b7laborar en algun dels projectes d&#8217;escola.<\/li>\n<li>Ajudar al finan\u00e7ament d\u2019aquelles activitats o equipaments que el centre necessita<\/li>\n<\/ul>\n<h6>Qui \u00e9s de l\u2019AFA?<\/h6>\n<p>Hi havia hagut AFA de ZER, per\u00f2 actualment es troba en &#8220;stand-by&#8221;.<\/p>\n<p>Cada escola t\u00e9 la seva pr\u00f2pia AFA formada per la totalitat de les fam\u00edlies amb els seus representants. (Ho podeu demanar a les direccions de les mateixes escoles)<\/p>\n<h6><\/h6>\n<h6>Horari d\u2019atenci\u00f3 de l\u2019AFA<\/h6>\n<ul>\n<li>L&#8217;AFA de ZER no duu a terme cap activitat a dia d&#8217;avui. Es mant\u00e9 la documentaci\u00f3 de la mateixa a la seu de la ZER (Martinet).<\/li>\n<li>L&#8217;atenci\u00f3 en les altres AFAs es deriva de les possibilitats dels seus i seves representants.<\/li>\n<\/ul>\n","protected":false},"excerpt":{"rendered":"<p>L\u2019AFA \u00e9s l\u2019entitat que agrupa les fam\u00edlies d\u2019alumnes de l\u2019escola per a la defensa dels seus interessos en tot all\u00f2 que fa refer\u00e8ncia a l\u2019educaci\u00f3 dels nens i nenes i col\u00b7labora en el funcionament del centre.<br \/>\n\u00c9s una entitat constitu\u00efda com associaci\u00f3 sense \u00e0nim de lucre.&hellip;  <a href=\"https:\/\/agora.xtec.cat\/zerbarida-batllia\/zer\/ampa\/\" title=\"Read AFA. Cada escola t\u00e9 la seva AFA.\">Llegeix m\u00e9s\u00bb<\/a><\/p>\n","protected":false},"author":1,"featured_media":0,"parent":19,"menu_order":90,"comment_status":"closed","ping_status":"closed","template":"page-templates\/side-menu.php","meta":{"_bbp_topic_count":0,"_bbp_reply_count":0,"_bbp_total_topic_count":0,"_bbp_total_reply_count":0,"_bbp_voice_count":0,"_bbp_anonymous_reply_count":0,"_bbp_topic_count_hidden":0,"_bbp_reply_count_hidden":0,"_bbp_forum_subforum_count":0,"footnotes":""},"class_list":["post-440","page","type-page","status-publish","hentry"],"post_mailing_queue_ids":[],"_links":{"self":[{"href":"https:\/\/agora.xtec.cat\/zerbarida-batllia\/wp-json\/wp\/v2\/pages\/440","targetHints":{"allow":["GET"]}}],"collection":[{"href":"https:\/\/agora.xtec.cat\/zerbarida-batllia\/wp-json\/wp\/v2\/pages"}],"about":[{"href":"https:\/\/agora.xtec.cat\/zerbarida-batllia\/wp-json\/wp\/v2\/types\/page"}],"author":[{"embeddable":true,"href":"https:\/\/agora.xtec.cat\/zerbarida-batllia\/wp-json\/wp\/v2\/users\/1"}],"replies":[{"embeddable":true,"href":"https:\/\/agora.xtec.cat\/zerbarida-batllia\/wp-json\/wp\/v2\/comments?post=440"}],"version-history":[{"count":4,"href":"https:\/\/agora.xtec.cat\/zerbarida-batllia\/wp-json\/wp\/v2\/pages\/440\/revisions"}],"predecessor-version":[{"id":2097,"href":"https:\/\/agora.xtec.cat\/zerbarida-batllia\/wp-json\/wp\/v2\/pages\/440\/revisions\/2097"}],"up":[{"embeddable":true,"href":"https:\/\/agora.xtec.cat\/zerbarida-batllia\/wp-json\/wp\/v2\/pages\/19"}],"wp:attachment":[{"href":"https:\/\/agora.xtec.cat\/zerbarida-batllia\/wp-json\/wp\/v2\/media?parent=440"}],"curies":[{"name":"wp","href":"https:\/\/api.w.org\/{rel}","templated":true}]}}