{"id":264,"date":"2015-07-20T13:06:26","date_gmt":"2015-07-20T12:06:26","guid":{"rendered":"http:\/\/agora.xtec.cat\/zerbarida-batllia\/?page_id=264"},"modified":"2024-02-26T15:01:02","modified_gmt":"2024-02-26T14:01:02","slug":"escola-alfa","status":"publish","type":"page","link":"https:\/\/agora.xtec.cat\/zerbarida-batllia\/escola-alfa\/","title":{"rendered":"Escola EL PUIG"},"content":{"rendered":"<p><a href=\"http:\/\/agora.xtec.cat\/zerbarida-batllia\/wp-content\/uploads\/usu726\/2015\/07\/PRULLANSPORTADA.png\"><img loading=\"lazy\" decoding=\"async\" class=\"alignnone size-full wp-image-597\" src=\"http:\/\/agora.xtec.cat\/zerbarida-batllia\/wp-content\/uploads\/usu726\/2015\/07\/PRULLANSPORTADA.png\" alt=\"prullansportada\" width=\"930\" height=\"300\" srcset=\"https:\/\/agora.xtec.cat\/zerbarida-batllia\/wp-content\/uploads\/usu726\/2015\/07\/PRULLANSPORTADA.png 930w, https:\/\/agora.xtec.cat\/zerbarida-batllia\/wp-content\/uploads\/usu726\/2015\/07\/PRULLANSPORTADA-300x97.png 300w, https:\/\/agora.xtec.cat\/zerbarida-batllia\/wp-content\/uploads\/usu726\/2015\/07\/PRULLANSPORTADA-768x248.png 768w\" sizes=\"auto, (max-width: 930px) 100vw, 930px\" \/><\/a><\/p>\n<p><strong>EL POBLE:<\/strong><\/p>\n<p>Prullans \u00e9s un poble situat a 1.098 metres a la Cerdanya. T\u00e9 una superf\u00edcie de 21 Km2 i hi viuen 224 persones. La gent viu del turisme, de la construcci\u00f3 i la pagesia. T\u00e9 unes vistes precioses al Cad\u00ed-Moixer\u00f3.<\/p>\n<p><strong>L&#8217;ESCOLA:<\/strong><br \/>\nTenim dos grups i treballem en dos espais diferenciats de l&#8217;escola. Recentment hem renovat el mobiliari.<br \/>\nTenim servei de menjador.<\/p>\n<p><strong>CONTACTE:<\/strong><br \/>\n973 510671<br \/>\n<a href=\"mailto:c5003846@xtec.cat\">c5003846@xtec.cat<\/a><\/p>\n<p>Blog: <a href=\"https:\/\/sites.google.com\/xtec.cat\/escolaelpuig\/p%C3%A0gina-principal?authuser=0&amp;pli=1\">https:\/\/sites.google.com\/xtec.cat\/escolaelpuig\/p%C3%A0gina-principal?authuser=0&amp;pli=1<\/a><\/p>\n<p>&nbsp;<\/p>\n","protected":false},"excerpt":{"rendered":"<p><a href=\"http:\/\/agora.xtec.cat\/zerbarida-batllia\/wp-content\/uploads\/usu726\/2015\/07\/PRULLANSPORTADA.png\"><\/a><br \/>\nEL POBLE:<br \/>\nPrullans \u00e9s un poble situat a 1.098 metres a la Cerdanya. T\u00e9 una superf\u00edcie de 21 Km2 i hi viuen 224 persones. La gent viu del turisme, de la construcci\u00f3 i la pagesia. T\u00e9 unes vistes precioses al Cad\u00ed-Moixer\u00f3.<br \/>\nL&#8217;ESCOLA:<br \/>\nTenim dos grups i treballem&hellip;  <a href=\"https:\/\/agora.xtec.cat\/zerbarida-batllia\/escola-alfa\/\" title=\"Read Escola EL PUIG\">Llegeix m\u00e9s\u00bb<\/a><\/p>\n","protected":false},"author":1,"featured_media":0,"parent":0,"menu_order":0,"comment_status":"closed","ping_status":"closed","template":"page-templates\/side-menu.php","meta":{"_bbp_topic_count":0,"_bbp_reply_count":0,"_bbp_total_topic_count":0,"_bbp_total_reply_count":0,"_bbp_voice_count":0,"_bbp_anonymous_reply_count":0,"_bbp_topic_count_hidden":0,"_bbp_reply_count_hidden":0,"_bbp_forum_subforum_count":0,"footnotes":""},"class_list":["post-264","page","type-page","status-publish","hentry"],"post_mailing_queue_ids":[],"_links":{"self":[{"href":"https:\/\/agora.xtec.cat\/zerbarida-batllia\/wp-json\/wp\/v2\/pages\/264","targetHints":{"allow":["GET"]}}],"collection":[{"href":"https:\/\/agora.xtec.cat\/zerbarida-batllia\/wp-json\/wp\/v2\/pages"}],"about":[{"href":"https:\/\/agora.xtec.cat\/zerbarida-batllia\/wp-json\/wp\/v2\/types\/page"}],"author":[{"embeddable":true,"href":"https:\/\/agora.xtec.cat\/zerbarida-batllia\/wp-json\/wp\/v2\/users\/1"}],"replies":[{"embeddable":true,"href":"https:\/\/agora.xtec.cat\/zerbarida-batllia\/wp-json\/wp\/v2\/comments?post=264"}],"version-history":[{"count":4,"href":"https:\/\/agora.xtec.cat\/zerbarida-batllia\/wp-json\/wp\/v2\/pages\/264\/revisions"}],"predecessor-version":[{"id":2147,"href":"https:\/\/agora.xtec.cat\/zerbarida-batllia\/wp-json\/wp\/v2\/pages\/264\/revisions\/2147"}],"wp:attachment":[{"href":"https:\/\/agora.xtec.cat\/zerbarida-batllia\/wp-json\/wp\/v2\/media?parent=264"}],"curies":[{"name":"wp","href":"https:\/\/api.w.org\/{rel}","templated":true}]}}