{"id":258,"date":"2015-07-20T12:40:06","date_gmt":"2015-07-20T11:40:06","guid":{"rendered":"http:\/\/agora.xtec.cat\/zerbaixpriorat\/?page_id=258"},"modified":"2026-04-13T16:22:44","modified_gmt":"2026-04-13T14:22:44","slug":"qui-som","status":"publish","type":"page","link":"https:\/\/agora.xtec.cat\/zerbaixpriorat\/zer\/qui-som\/","title":{"rendered":"Qui som?"},"content":{"rendered":"<p style=\"text-align: justify;\">La ZER Baix Priorat est\u00e0 formada per les escoles de Bellmunt del Priorat, El Masroig i Porrera des de l\u20191 de setembre de 2005.<\/p>\n<p style=\"text-align: justify;\">Abans d\u2019aquesta data la ZER Baix Priorat estava formada per 7 escoles, per\u00f2 l\u2019augment de l\u2019alumnat\u00a0 i de la plantilla docent va portar a plantejar la possibilitat de dividir la ZER en dues zones.\u00a0 La l\u00ednia divis\u00f2ria de les dues va ser la carretera N-420.<\/p>\n<p style=\"text-align: justify;\">D\u2019aquesta manera la ZER Baix Priorat va quedar formada pels tres pobles anomenats m\u00e9s amunt i els pobles de Cap\u00e7anes, Els Guiamets, La Serra d\u2019Almos i Mar\u00e7\u00e0 van constituir-se en la ZER Les Vinyes.<\/p>\n<p style=\"text-align: justify;\">Els tres centres de la ZER de manera conjunta desenvolupem i concretem el curr\u00edculum i els criteris metodol\u00f2gics, organitzatius i d&#8217;avaluaci\u00f3 i fixem les mesures necess\u00e0ries per atendre la diversitat de l&#8217;alumnat en un mateix projecte educatiu.<\/p>\n<p style=\"text-align: justify;\">Aquesta cohesi\u00f3 fomenta l\u2019intercanvi, comunicaci\u00f3 i coordinaci\u00f3 entre els mestres tutors i els mestres especialistes de la ZER, per tal de millorar el treball pedag\u00f2gic.<\/p>\n<p style=\"text-align: justify;\"><strong>TRETS D\u2019IDENTITAT<\/strong><\/p>\n<ul>\n<li style=\"text-align: justify;\">L\u2019\u00fas de la <strong>llengua catalana <\/strong>com a llengua d\u2019aprenentatge i de comunicaci\u00f3 en les nostres actuacions docents i administratives.<\/li>\n<li style=\"text-align: justify;\">L\u2019<strong>escolaritzaci\u00f3 inclusiva <\/strong>de l&#8217;alumnat atenent, des d&#8217;un plantejament global de la ZER, les seves necessitats educatives, prioritzant la m\u00e0xima participaci\u00f3 en l&#8217;entorn escolar ordinari.<\/li>\n<li style=\"text-align: justify;\">El treball <strong>globalitzat interdisciplinari i intercicles:<\/strong><\/li>\n<li style=\"text-align: justify;\">Fer el <strong>tractament transversal<\/strong> des de les diferents \u00e0rees de curr\u00edculum.<\/li>\n<li style=\"text-align: justify;\">Realitzar <strong>treballs interdisciplinars<\/strong> en els diferents<\/li>\n<li style=\"text-align: justify;\">Fer el desplegament necessari en quant a <strong>l\u2019organitzaci\u00f3,<\/strong> els <strong>objectius<\/strong> i els <strong>continguts<\/strong> de les \u00e0rees tal com indica la LOE i la LOMCE, amb la finalitat de desenvolupar les compet\u00e8ncies b\u00e0siques.<\/li>\n<\/ul>\n<p><strong>EQUIP DOCENT<\/strong><\/p>\n<div>\n<table style=\"width: 81.8029%; height: 1378px;\">\n<tbody>\n<tr style=\"height: 40px;\">\n<td style=\"width: 37.6877%; height: 40px;\">\n<div>\n<p><span style=\"color: #333399;\">ESCOLA EL SARRA\u00cd<\/span><\/p>\n<\/div>\n<\/td>\n<td style=\"width: 53.7795%; height: 40px;\">\n<div>\n<p><span style=\"color: #333399;\">BELLMUNT DEL PRIORAT<\/span><\/p>\n<\/div>\n<\/td>\n<\/tr>\n<tr style=\"height: 79px;\">\n<td style=\"width: 37.6877%; height: 79px;\">\n<div>\n<p>Alba Roda Dom\u00e8nech<\/p>\n<\/div>\n<\/td>\n<td style=\"width: 53.7795%; height: 79px;\">\n<div>\n<p>Directora de l\u2019escola El Sarra\u00ed<\/p>\n<\/div>\n<div>\n<p>Tutora de Prim\u00e0ria<\/p>\n<\/div>\n<\/td>\n<\/tr>\n<tr style=\"height: 72px;\">\n<td style=\"width: 37.6877%; height: 72px;\">\n<div>\n<p>Noelia Vidal Bell\u00e9s<\/p>\n<\/div>\n<\/td>\n<td style=\"width: 53.7795%; height: 72px;\">\n<div>\n<p>Tutora d\u2019Educaci\u00f3 Infantil<\/p>\n<\/div>\n<div>\n<p>Coordinadora COCOBE<\/p>\n<\/div>\n<\/td>\n<\/tr>\n<tr style=\"height: 56px;\">\n<td style=\"width: 37.6877%; height: 56px;\">\n<div>\n<p>Marta Llaveria Font (substituta)<\/p>\n<\/div>\n<\/td>\n<td style=\"width: 53.7795%; height: 56px;\">\n<div>\n<p>TEEI<\/p>\n<\/div>\n<\/td>\n<\/tr>\n<tr style=\"height: 43px;\">\n<td style=\"width: 37.6877%; height: 43px;\">\n<div>\n<p><span style=\"color: #333399;\">ESCOLA ONZE DE SETEMBRE<\/span><\/p>\n<\/div>\n<\/td>\n<td style=\"width: 53.7795%; height: 43px;\">\n<div>\n<p><span style=\"color: #333399;\">EL MASROIG<\/span><\/p>\n<\/div>\n<\/td>\n<\/tr>\n<tr style=\"height: 124px;\">\n<td style=\"width: 37.6877%; height: 124px;\">\n<div>\n<p>Eva Perpi\u00f1\u00e1 Perpi\u00f1\u00e1<\/p>\n<\/div>\n<\/td>\n<td style=\"width: 53.7795%; height: 124px;\">\n<div>\n<p>Directora de l\u2019escola Onze de Setembre<\/p>\n<\/div>\n<div>\n<p>Cap d\u2019estudis de la ZER<\/p>\n<\/div>\n<div>\n<p>Tutora d\u2019Educaci\u00f3 Infantil<\/p>\n<\/div>\n<\/td>\n<\/tr>\n<tr style=\"height: 96px;\">\n<td style=\"width: 37.6877%; height: 96px;\">\n<div>\n<p>Eloi Masip Vilalta (substitut)<\/p>\n<\/div>\n<\/td>\n<td style=\"width: 53.7795%; height: 96px;\">\n<div>\n<p>Tutor de CI i CM<\/p>\n<\/div>\n<\/td>\n<\/tr>\n<tr style=\"height: 38px;\">\n<td style=\"width: 37.6877%; height: 38px;\">\n<div>\n<p>Enric Masip Ser\u00f3<\/p>\n<\/div>\n<\/td>\n<td style=\"width: 53.7795%; height: 38px;\">\n<div>\n<p>Tutor de CS<\/p>\n<p>Coordinadora de llengua, interculturalitat i cohesi\u00f3 social<\/p>\n<\/div>\n<\/td>\n<\/tr>\n<tr style=\"height: 56px;\">\n<td style=\"width: 37.6877%; height: 56px;\">\n<div>\n<p>Rosa Tere Rodr\u00edguez Pepiol<\/p>\n<\/div>\n<\/td>\n<td style=\"width: 53.7795%; height: 56px;\">\n<div>\n<p>TEEI<\/p>\n<\/div>\n<\/td>\n<\/tr>\n<tr style=\"height: 56px;\">\n<td style=\"width: 37.6877%; height: 56px;\">\n<div>\n<p><span style=\"color: #333399;\">ESCOLA ROSSEND GIOL<\/span><\/p>\n<\/div>\n<\/td>\n<td style=\"width: 53.7795%; height: 56px;\">\n<div>\n<p><span style=\"color: #333399;\">PORRERA<\/span><\/p>\n<\/div>\n<\/td>\n<\/tr>\n<tr style=\"height: 136px;\">\n<td style=\"width: 37.6877%; height: 136px;\">\n<div>\n<p>Dolors Ripoll Toledo<\/p>\n<\/div>\n<\/td>\n<td style=\"width: 53.7795%; height: 136px;\">\n<div>\n<p>Directora de l\u2019escola Rossend Giol<\/p>\n<\/div>\n<div>\n<p>Tutora d\u2019Educaci\u00f3 Infantil<\/p>\n<\/div>\n<div>\n<p>Coordinadora d\u2019Educaci\u00f3 Infantil<\/p>\n<\/div>\n<\/td>\n<\/tr>\n<tr style=\"height: 119px;\">\n<td style=\"width: 37.6877%; height: 119px;\">\n<div>\n<p>Marina Ballar\u00e0 Espuga<\/p>\n<\/div>\n<\/td>\n<td style=\"width: 53.7795%; height: 119px;\">Mestra de Prim\u00e0ria<\/p>\n<p>Coordinadora d\u2019Educaci\u00f3 Prim\u00e0ria<\/td>\n<\/tr>\n<tr style=\"height: 56px;\">\n<td style=\"width: 37.6877%; height: 56px;\">\n<div>\n<p>Jos\u00e9 Juan Gonz\u00e1lez Nieto<\/p>\n<\/div>\n<\/td>\n<td style=\"width: 53.7795%; height: 56px;\">\n<div>\n<p>Tutor de Prim\u00e0ria<\/p>\n<\/div>\n<\/td>\n<\/tr>\n<tr style=\"height: 56px;\">\n<td style=\"width: 37.6877%; height: 56px;\">\n<div>\n<p>Carmen Grandes Tassier<\/p>\n<\/div>\n<\/td>\n<td style=\"width: 53.7795%; height: 56px;\">\n<div>\n<p>TEEI<\/p>\n<\/div>\n<\/td>\n<\/tr>\n<tr style=\"height: 42px;\">\n<td style=\"width: 37.6877%; height: 42px;\">\n<div>\n<p><span style=\"color: #333399;\">ESPECIALISTES<\/span><\/p>\n<\/div>\n<\/td>\n<td style=\"width: 53.7795%; height: 42px;\"><\/td>\n<\/tr>\n<tr style=\"height: 77px;\">\n<td style=\"width: 37.6877%; height: 77px;\">\n<div>\n<p>Maria Pi Ventura<\/p>\n<\/div>\n<\/td>\n<td style=\"width: 53.7795%; height: 77px;\">\n<div>\n<p>Directora de la ZER<\/p>\n<\/div>\n<div>\n<p>Mestra de m\u00fasica<\/p>\n<\/div>\n<\/td>\n<\/tr>\n<tr style=\"height: 96px;\">\n<td style=\"width: 37.6877%; height: 96px;\">\n<div>\n<p>Joan Ban\u00fas Masdeu<\/p>\n<\/div>\n<\/td>\n<td style=\"width: 53.7795%; height: 96px;\">\n<div>\n<p>Mestre d\u2019EF<\/p>\n<\/div>\n<div>\n<p>Coordinador de Riscos Laborals<\/p>\n<\/div>\n<\/td>\n<\/tr>\n<tr style=\"height: 136px;\">\n<td style=\"width: 37.6877%; height: 136px;\">\n<div>\n<p>N\u00faria Ferrat\u00e9 Oll\u00e9<\/p>\n<\/div>\n<\/td>\n<td style=\"width: 53.7795%; height: 136px;\">\n<div>\n<p>Mestra d\u2019angl\u00e8s<\/p>\n<\/div>\n<div>\n<p>Secret\u00e0ria de la ZER<\/p>\n<\/div>\n<div>\n<p>Coordinadora digital<\/p>\n<\/div>\n<\/td>\n<\/tr>\n<\/tbody>\n<\/table>\n<\/div>\n<p>&nbsp;<\/p>\n","protected":false},"excerpt":{"rendered":"<p>La ZER Baix Priorat est\u00e0 formada per les escoles de Bellmunt del Priorat, El Masroig i Porrera des de l\u20191 de setembre de 2005. Abans d\u2019aquesta data la ZER Baix Priorat estava formada per 7 escoles, per\u00f2 l\u2019augment de l\u2019alumnat\u00a0 i de la plantilla docent va portar a plantejar la possibilitat de dividir la ZER [&hellip;]<\/p>\n","protected":false},"author":1,"featured_media":0,"parent":19,"menu_order":0,"comment_status":"closed","ping_status":"closed","template":"","meta":{"_bbp_topic_count":0,"_bbp_reply_count":0,"_bbp_total_topic_count":0,"_bbp_total_reply_count":0,"_bbp_voice_count":0,"_bbp_anonymous_reply_count":0,"_bbp_topic_count_hidden":0,"_bbp_reply_count_hidden":0,"_bbp_forum_subforum_count":0,"site-sidebar-layout":"default","site-content-layout":"","ast-site-content-layout":"default","site-content-style":"default","site-sidebar-style":"default","ast-global-header-display":"","ast-banner-title-visibility":"","ast-main-header-display":"","ast-hfb-above-header-display":"","ast-hfb-below-header-display":"","ast-hfb-mobile-header-display":"","site-post-title":"","ast-breadcrumbs-content":"","ast-featured-img":"","footer-sml-layout":"","theme-transparent-header-meta":"default","adv-header-id-meta":"","stick-header-meta":"","header-above-stick-meta":"","header-main-stick-meta":"","header-below-stick-meta":"","astra-migrate-meta-layouts":"set","ast-page-background-enabled":"default","ast-page-background-meta":{"desktop":{"background-color":"var(--ast-global-color-5)","background-image":"","background-repeat":"repeat","background-position":"center center","background-size":"auto","background-attachment":"scroll","background-type":"","background-media":"","overlay-type":"","overlay-color":"","overlay-opacity":"","overlay-gradient":""},"tablet":{"background-color":"","background-image":"","background-repeat":"repeat","background-position":"center center","background-size":"auto","background-attachment":"scroll","background-type":"","background-media":"","overlay-type":"","overlay-color":"","overlay-opacity":"","overlay-gradient":""},"mobile":{"background-color":"","background-image":"","background-repeat":"repeat","background-position":"center center","background-size":"auto","background-attachment":"scroll","background-type":"","background-media":"","overlay-type":"","overlay-color":"","overlay-opacity":"","overlay-gradient":""}},"ast-content-background-meta":{"desktop":{"background-color":"var(--ast-global-color-4)","background-image":"","background-repeat":"repeat","background-position":"center center","background-size":"auto","background-attachment":"scroll","background-type":"","background-media":"","overlay-type":"","overlay-color":"","overlay-opacity":"","overlay-gradient":""},"tablet":{"background-color":"var(--ast-global-color-4)","background-image":"","background-repeat":"repeat","background-position":"center center","background-size":"auto","background-attachment":"scroll","background-type":"","background-media":"","overlay-type":"","overlay-color":"","overlay-opacity":"","overlay-gradient":""},"mobile":{"background-color":"var(--ast-global-color-4)","background-image":"","background-repeat":"repeat","background-position":"center center","background-size":"auto","background-attachment":"scroll","background-type":"","background-media":"","overlay-type":"","overlay-color":"","overlay-opacity":"","overlay-gradient":""}},"footnotes":""},"class_list":["post-258","page","type-page","status-publish","hentry"],"post_mailing_queue_ids":[],"_links":{"self":[{"href":"https:\/\/agora.xtec.cat\/zerbaixpriorat\/wp-json\/wp\/v2\/pages\/258","targetHints":{"allow":["GET"]}}],"collection":[{"href":"https:\/\/agora.xtec.cat\/zerbaixpriorat\/wp-json\/wp\/v2\/pages"}],"about":[{"href":"https:\/\/agora.xtec.cat\/zerbaixpriorat\/wp-json\/wp\/v2\/types\/page"}],"author":[{"embeddable":true,"href":"https:\/\/agora.xtec.cat\/zerbaixpriorat\/wp-json\/wp\/v2\/users\/1"}],"replies":[{"embeddable":true,"href":"https:\/\/agora.xtec.cat\/zerbaixpriorat\/wp-json\/wp\/v2\/comments?post=258"}],"version-history":[{"count":6,"href":"https:\/\/agora.xtec.cat\/zerbaixpriorat\/wp-json\/wp\/v2\/pages\/258\/revisions"}],"predecessor-version":[{"id":5666,"href":"https:\/\/agora.xtec.cat\/zerbaixpriorat\/wp-json\/wp\/v2\/pages\/258\/revisions\/5666"}],"up":[{"embeddable":true,"href":"https:\/\/agora.xtec.cat\/zerbaixpriorat\/wp-json\/wp\/v2\/pages\/19"}],"wp:attachment":[{"href":"https:\/\/agora.xtec.cat\/zerbaixpriorat\/wp-json\/wp\/v2\/media?parent=258"}],"curies":[{"name":"wp","href":"https:\/\/api.w.org\/{rel}","templated":true}]}}