{"id":7223,"date":"2021-12-01T16:09:09","date_gmt":"2021-12-01T15:09:09","guid":{"rendered":"https:\/\/agora.xtec.cat\/zerbaixcampsud\/?page_id=7223"},"modified":"2025-10-08T10:00:26","modified_gmt":"2025-10-08T08:00:26","slug":"etwinning-project-new-magazine-science-in-stories-for-kids","status":"publish","type":"page","link":"https:\/\/agora.xtec.cat\/zerbaixcampsud\/etwinning-project-new-magazine-science-in-stories-for-kids\/","title":{"rendered":"PROJECTES INTERNACIONALS"},"content":{"rendered":"<p style=\"text-align: left;\">El 2017 vam comen\u00e7ar el treball amb altres <span style=\"font-size: 18pt; color: #ff9900;\">escoles d&#8217;Europa<\/span> per tal d&#8217;intercanviar experi\u00e8ncies entre alumnat i professorat de diferents pa\u00efsos, per obrir la mirada del nostre alumnat vers altres comunitats i maneres de fer, per ampliar les capacitats i compet\u00e8ncies necess\u00e0ries a la nostra societat, aix\u00ed com ampliar el ventall de metodologies de treball que utilitzem a l&#8217;escola. Des de llavors que estem participant en <span style=\"font-size: 18pt; color: #0000ff;\">projectes eTwinning<\/span>. En un principi ens afegiem a projectes que ja funcionaven i des del curs 2020\/21 que ens atrevit a proposar-ne nosaltres i ser els coordinadors. L&#8217;experi\u00e8ncia \u00e9s molt positiva i interessant i permet al nostre alumnat preparar-se per una societat cada cop m\u00e9s canviant, globalitzada, multicultural i digital. El curs 2021\/22 hem ampliat la nostra implicaci\u00f3 en la internalitzaci\u00f3 i ens han concedit una <span style=\"font-size: 18pt; color: #00ff00;\">beca Erasmus+<\/span> pel projecte &#8221; New magazine: &#8220;Science in stories for kids&#8221; &#8220;.<\/p>\n<p>Projectes en els que hem participat i estem participan<a href=\"https:\/\/agora.xtec.cat\/zerbaixcampsud\/categoria\/programes\/etwinning-project\/\" target=\"_blank\" rel=\"noopener\"><img loading=\"lazy\" decoding=\"async\" class=\"alignright wp-image-7520\" src=\"https:\/\/agora.xtec.cat\/zerbaixcampsud\/wp-content\/uploads\/usu513\/2022\/02\/articles-eTwinning.png\" alt=\"articles eTwinning\" width=\"354\" height=\"90\" srcset=\"https:\/\/agora.xtec.cat\/zerbaixcampsud\/wp-content\/uploads\/usu513\/2022\/02\/articles-eTwinning.png 759w, https:\/\/agora.xtec.cat\/zerbaixcampsud\/wp-content\/uploads\/usu513\/2022\/02\/articles-eTwinning-300x76.png 300w\" sizes=\"auto, (max-width: 354px) 100vw, 354px\" \/><\/a>t:<\/p>\n<h4>CURS 2017\/18<\/h4>\n<p>&#8211; Write, Post and Learn &#8211; projecte eTwinning<\/p>\n<h4>CURS 2018\/19<\/h4>\n<p>&#8211; Creativity in the classroom &#8211; projecte eTwinning<\/p>\n<p>&#8211; Litterature, Art and Emotions &#8211; projecte eTwinning<\/p>\n<h4>CURS 2019\/20<\/h4>\n<p>&#8211; Four Seasons in Europe &#8211; projecte eTwinning<\/p>\n<p>&#8211; Discovering traditional games &#8211; projecte eTwinning<\/p>\n<h4>CURS 2020\/21<\/h4>\n<p>&#8211; My lovely pet! &#8211; projecte eTwinning<\/p>\n<p>&#8211; Science and fairy tales &#8211; projecte eTwinning (coordinadors)<\/p>\n<p>&#8211; Detecting European values in books for children &#8211; projecte eTwinning<\/p>\n<h4>CURS 2021\/22<\/h4>\n<p>&#8211; New magazine: &#8220;Science in stories for kids&#8221; &#8211; projecte Erasmus+ K210 SCH (coordinadors)<\/p>\n<p>&#8211; Detecting European values in books for children &#8211; projecte eTwinning<\/p>\n<h4>CURS 2022\/23<\/h4>\n<p>&#8211; New magazine: &#8220;Science in stories for kids&#8221; &#8211; projecte Erasmus+ K210 SCH (coordinadors)<\/p>\n","protected":false},"excerpt":{"rendered":"<p>El 2017 vam comen\u00e7ar el treball amb altres escoles d&#8217;Europa per tal d&#8217;intercanviar experi\u00e8ncies entre alumnat i professorat de diferents pa\u00efsos, per obrir la mirada del nostre alumnat vers altres comunitats i maneres de fer, per ampliar les capacitats i compet\u00e8ncies necess\u00e0ries a la nostra societat, aix\u00ed com ampliar el ventall de metodologies de treball [&hellip;]<\/p>\n","protected":false},"author":6,"featured_media":0,"parent":0,"menu_order":0,"comment_status":"closed","ping_status":"closed","template":"","meta":{"_bbp_topic_count":0,"_bbp_reply_count":0,"_bbp_total_topic_count":0,"_bbp_total_reply_count":0,"_bbp_voice_count":0,"_bbp_anonymous_reply_count":0,"_bbp_topic_count_hidden":0,"_bbp_reply_count_hidden":0,"_bbp_forum_subforum_count":0,"site-sidebar-layout":"default","site-content-layout":"","ast-site-content-layout":"default","site-content-style":"default","site-sidebar-style":"default","ast-global-header-display":"","ast-banner-title-visibility":"","ast-main-header-display":"","ast-hfb-above-header-display":"","ast-hfb-below-header-display":"","ast-hfb-mobile-header-display":"","site-post-title":"","ast-breadcrumbs-content":"","ast-featured-img":"","footer-sml-layout":"","theme-transparent-header-meta":"","adv-header-id-meta":"","stick-header-meta":"","header-above-stick-meta":"","header-main-stick-meta":"","header-below-stick-meta":"","astra-migrate-meta-layouts":"set","ast-page-background-enabled":"default","ast-page-background-meta":{"desktop":{"background-color":"var(--ast-global-color-4)","background-image":"","background-repeat":"repeat","background-position":"center center","background-size":"auto","background-attachment":"scroll","background-type":"","background-media":"","overlay-type":"","overlay-color":"","overlay-opacity":"","overlay-gradient":""},"tablet":{"background-color":"","background-image":"","background-repeat":"repeat","background-position":"center center","background-size":"auto","background-attachment":"scroll","background-type":"","background-media":"","overlay-type":"","overlay-color":"","overlay-opacity":"","overlay-gradient":""},"mobile":{"background-color":"","background-image":"","background-repeat":"repeat","background-position":"center center","background-size":"auto","background-attachment":"scroll","background-type":"","background-media":"","overlay-type":"","overlay-color":"","overlay-opacity":"","overlay-gradient":""}},"ast-content-background-meta":{"desktop":{"background-color":"var(--ast-global-color-5)","background-image":"","background-repeat":"repeat","background-position":"center center","background-size":"auto","background-attachment":"scroll","background-type":"","background-media":"","overlay-type":"","overlay-color":"","overlay-opacity":"","overlay-gradient":""},"tablet":{"background-color":"var(--ast-global-color-5)","background-image":"","background-repeat":"repeat","background-position":"center center","background-size":"auto","background-attachment":"scroll","background-type":"","background-media":"","overlay-type":"","overlay-color":"","overlay-opacity":"","overlay-gradient":""},"mobile":{"background-color":"var(--ast-global-color-5)","background-image":"","background-repeat":"repeat","background-position":"center center","background-size":"auto","background-attachment":"scroll","background-type":"","background-media":"","overlay-type":"","overlay-color":"","overlay-opacity":"","overlay-gradient":""}},"footnotes":""},"class_list":["post-7223","page","type-page","status-publish","hentry"],"post_mailing_queue_ids":[],"_links":{"self":[{"href":"https:\/\/agora.xtec.cat\/zerbaixcampsud\/wp-json\/wp\/v2\/pages\/7223","targetHints":{"allow":["GET"]}}],"collection":[{"href":"https:\/\/agora.xtec.cat\/zerbaixcampsud\/wp-json\/wp\/v2\/pages"}],"about":[{"href":"https:\/\/agora.xtec.cat\/zerbaixcampsud\/wp-json\/wp\/v2\/types\/page"}],"author":[{"embeddable":true,"href":"https:\/\/agora.xtec.cat\/zerbaixcampsud\/wp-json\/wp\/v2\/users\/6"}],"replies":[{"embeddable":true,"href":"https:\/\/agora.xtec.cat\/zerbaixcampsud\/wp-json\/wp\/v2\/comments?post=7223"}],"version-history":[{"count":5,"href":"https:\/\/agora.xtec.cat\/zerbaixcampsud\/wp-json\/wp\/v2\/pages\/7223\/revisions"}],"predecessor-version":[{"id":9619,"href":"https:\/\/agora.xtec.cat\/zerbaixcampsud\/wp-json\/wp\/v2\/pages\/7223\/revisions\/9619"}],"wp:attachment":[{"href":"https:\/\/agora.xtec.cat\/zerbaixcampsud\/wp-json\/wp\/v2\/media?parent=7223"}],"curies":[{"name":"wp","href":"https:\/\/api.w.org\/{rel}","templated":true}]}}