{"id":426,"date":"2015-07-24T14:45:35","date_gmt":"2015-07-24T13:45:35","guid":{"rendered":"http:\/\/agora.xtec.cat\/zerbaixcampsud\/?page_id=426"},"modified":"2022-02-20T12:54:24","modified_gmt":"2022-02-20T11:54:24","slug":"tastet","status":"publish","type":"page","link":"https:\/\/agora.xtec.cat\/zerbaixcampsud\/tastet\/","title":{"rendered":"Fira Tastet de ci\u00e8ncia"},"content":{"rendered":"<p>La Fira \u00e9s un espai de divulgaci\u00f3 cient\u00edfica escolar on els centres educatius dels Serveis Territorials de Tarragona exposen a la ciutadania els seus treballs cient\u00edfics per tal de fomentar la curiositat i la inquietud per la investigaci\u00f3\u00a0<strong>cient\u00edfica<\/strong>,\u00a0<strong>matem\u00e0tica<\/strong>\u00a0i\u00a0<strong>tecnol\u00f2gica<\/strong>.<\/p>\n<p>La Fira \u00e9s oberta a tota la ciutadania.<\/p>\n<h4>Des de fa uns anys que l&#8217;escola participa a la fira &#8220;Tastet de ci\u00e8ncia&#8221;, el curs 2020-21 degut a la pand\u00e8mia ha estat virtual.<\/h4>\n<p>Podeu accedir a <a href=\"https:\/\/view.genial.ly\/60a60e3db6176d0d4bd1f8f0\/presentation-presentacio-tastet-2021\" target=\"_blank\" rel=\"noopener noreferrer\" data-saferedirecturl=\"https:\/\/www.google.com\/url?q=https:\/\/view.genial.ly\/60a60e3db6176d0d4bd1f8f0\/presentation-presentacio-tastet-2021&amp;source=gmail&amp;ust=1622015523137000&amp;usg=AFQjCNFEVvQ7nMrna0nlRNq_HgN7Pzq8yg\">aquestes instruccions<\/a> que\u00a0ja us enllacen al<img decoding=\"async\" class=\"CToWUd\" src=\"https:\/\/mail.google.com\/mail\/e\/1f4f1\" alt=\"\ud83d\udcf1\" data-goomoji=\"1f4f1\" data-image-whitelisted=\"\" \/>joc interactiu. El joc est\u00e0 bastit sobre la plataforma Thinglink que us permet visualitzar-lo en pantalla gran, o amb ulleres de realitat virtual (VR).<\/p>\n<div>\n<p>A la fira hi han participat<b> 16 centres, els m\u00e9s de 70 v\u00eddeos d&#8217;experi\u00e8ncies cient\u00edfiques i tecnol\u00f2giques que s&#8217;han presentat (entre ells dos de l&#8217;escola)<\/b>, els podreu descobrir al complet quan finalitzeu el joc virtual. Tamb\u00e9 els podeu revisar a la <a href=\"https:\/\/www.youtube.com\/playlist?list=PLxDyz1lzKmBZU_n6Hw9tYyZ8g-zJjcfr8\" target=\"_blank\" rel=\"noopener noreferrer\" data-saferedirecturl=\"https:\/\/www.google.com\/url?q=https:\/\/www.youtube.com\/playlist?list%3DPLxDyz1lzKmBZU_n6Hw9tYyZ8g-zJjcfr8&amp;source=gmail&amp;ust=1622015523137000&amp;usg=AFQjCNFOhhURcnummsulYWE8tQAJ-ExA2w\">llista de reproducci\u00f3 de Youtube<\/a> de la Fira Tastet 2021.<\/p>\n<p>&nbsp;<\/p>\n<\/div>\n","protected":false},"excerpt":{"rendered":"<p>La Fira \u00e9s un espai de divulgaci\u00f3 cient\u00edfica escolar on els centres educatius dels Serveis Territorials de Tarragona exposen a la ciutadania els seus treballs cient\u00edfics per tal de fomentar la curiositat i la inquietud per la investigaci\u00f3\u00a0cient\u00edfica,\u00a0matem\u00e0tica\u00a0i\u00a0tecnol\u00f2gica. La Fira \u00e9s oberta a tota la ciutadania. Des de fa uns anys que l&#8217;escola participa a [&hellip;]<\/p>\n","protected":false},"author":2,"featured_media":0,"parent":0,"menu_order":0,"comment_status":"closed","ping_status":"closed","template":"","meta":{"_bbp_topic_count":0,"_bbp_reply_count":0,"_bbp_total_topic_count":0,"_bbp_total_reply_count":0,"_bbp_voice_count":0,"_bbp_anonymous_reply_count":0,"_bbp_topic_count_hidden":0,"_bbp_reply_count_hidden":0,"_bbp_forum_subforum_count":0,"site-sidebar-layout":"default","site-content-layout":"","ast-site-content-layout":"","site-content-style":"default","site-sidebar-style":"default","ast-global-header-display":"","ast-banner-title-visibility":"","ast-main-header-display":"","ast-hfb-above-header-display":"","ast-hfb-below-header-display":"","ast-hfb-mobile-header-display":"","site-post-title":"","ast-breadcrumbs-content":"","ast-featured-img":"","footer-sml-layout":"","theme-transparent-header-meta":"","adv-header-id-meta":"","stick-header-meta":"","header-above-stick-meta":"","header-main-stick-meta":"","header-below-stick-meta":"","astra-migrate-meta-layouts":"default","ast-page-background-enabled":"default","ast-page-background-meta":{"desktop":{"background-color":"var(--ast-global-color-4)","background-image":"","background-repeat":"repeat","background-position":"center center","background-size":"auto","background-attachment":"scroll","background-type":"","background-media":"","overlay-type":"","overlay-color":"","overlay-opacity":"","overlay-gradient":""},"tablet":{"background-color":"","background-image":"","background-repeat":"repeat","background-position":"center center","background-size":"auto","background-attachment":"scroll","background-type":"","background-media":"","overlay-type":"","overlay-color":"","overlay-opacity":"","overlay-gradient":""},"mobile":{"background-color":"","background-image":"","background-repeat":"repeat","background-position":"center center","background-size":"auto","background-attachment":"scroll","background-type":"","background-media":"","overlay-type":"","overlay-color":"","overlay-opacity":"","overlay-gradient":""}},"ast-content-background-meta":{"desktop":{"background-color":"var(--ast-global-color-5)","background-image":"","background-repeat":"repeat","background-position":"center center","background-size":"auto","background-attachment":"scroll","background-type":"","background-media":"","overlay-type":"","overlay-color":"","overlay-opacity":"","overlay-gradient":""},"tablet":{"background-color":"var(--ast-global-color-5)","background-image":"","background-repeat":"repeat","background-position":"center center","background-size":"auto","background-attachment":"scroll","background-type":"","background-media":"","overlay-type":"","overlay-color":"","overlay-opacity":"","overlay-gradient":""},"mobile":{"background-color":"var(--ast-global-color-5)","background-image":"","background-repeat":"repeat","background-position":"center center","background-size":"auto","background-attachment":"scroll","background-type":"","background-media":"","overlay-type":"","overlay-color":"","overlay-opacity":"","overlay-gradient":""}},"footnotes":""},"class_list":["post-426","page","type-page","status-publish","hentry"],"post_mailing_queue_ids":[],"_links":{"self":[{"href":"https:\/\/agora.xtec.cat\/zerbaixcampsud\/wp-json\/wp\/v2\/pages\/426","targetHints":{"allow":["GET"]}}],"collection":[{"href":"https:\/\/agora.xtec.cat\/zerbaixcampsud\/wp-json\/wp\/v2\/pages"}],"about":[{"href":"https:\/\/agora.xtec.cat\/zerbaixcampsud\/wp-json\/wp\/v2\/types\/page"}],"author":[{"embeddable":true,"href":"https:\/\/agora.xtec.cat\/zerbaixcampsud\/wp-json\/wp\/v2\/users\/2"}],"replies":[{"embeddable":true,"href":"https:\/\/agora.xtec.cat\/zerbaixcampsud\/wp-json\/wp\/v2\/comments?post=426"}],"version-history":[{"count":3,"href":"https:\/\/agora.xtec.cat\/zerbaixcampsud\/wp-json\/wp\/v2\/pages\/426\/revisions"}],"predecessor-version":[{"id":7621,"href":"https:\/\/agora.xtec.cat\/zerbaixcampsud\/wp-json\/wp\/v2\/pages\/426\/revisions\/7621"}],"wp:attachment":[{"href":"https:\/\/agora.xtec.cat\/zerbaixcampsud\/wp-json\/wp\/v2\/media?parent=426"}],"curies":[{"name":"wp","href":"https:\/\/api.w.org\/{rel}","templated":true}]}}