{"id":781,"date":"2022-05-10T11:55:31","date_gmt":"2022-05-10T09:55:31","guid":{"rendered":"https:\/\/agora.xtec.cat\/zerargelaga\/?page_id=781"},"modified":"2023-04-14T10:39:59","modified_gmt":"2023-04-14T08:39:59","slug":"documentacio-basica","status":"publish","type":"page","link":"https:\/\/agora.xtec.cat\/zerargelaga\/estrategia-digital-de-centre\/cultura-digital\/documentacio-basica\/","title":{"rendered":"Documentaci\u00f3 b\u00e0sica"},"content":{"rendered":"<p style=\"text-align: justify;\"><span style=\"text-decoration: underline;\"><em><strong>Refer\u00e8ncies DIGITALS als documents PEC I NOFC<\/strong><\/em><\/span><\/p>\n<p style=\"text-align: justify;\"><strong>PEC:<\/strong><\/p>\n<p style=\"text-align: justify;\"><em>2.2 CONTEXT<\/em><\/p>\n<p style=\"text-align: justify;\">&#8220;La seu de la ZER \u00e9s\u00a0 l&#8217;Escola Mestral de Vilanova de la Barca, a nivell de tecnologia hi ha&#8230;<\/p>\n<p style=\"text-align: justify;\">&#8220;Una aula de dimensions m\u00e9s redu\u00efdes dotada amb ordinador i connexi\u00f3 a internet.&#8221; (p\u00e0g. 7)<\/p>\n<p style=\"text-align: justify;\">&#8220;Una aula polivalent, que acull les funcions d\u2019aula de desdoblaments, d\u2019aula d\u2019angl\u00e8s i sala de professors, dotada amb ordinador, projector, connexi\u00f3 a internet i pissarra digital interactiva. Tamb\u00e9 disposa d\u2019aparells electrodom\u00e8stics propis d\u2019una cuina (nevera, microones i forn) i de taulell i pica.&#8221; (p\u00e0g. 8)<\/p>\n<p style=\"text-align: justify;\"><em>4.3 CONCRECIONS METODOL\u00d2GIQUES<\/em><\/p>\n<p style=\"text-align: justify;\">&#8220;L\u2019escola vol garantir una coher\u00e8ncia metodol\u00f2gica i una actuaci\u00f3 homog\u00e8nia en totes les \u00e0rees de coneixement que integren els curr\u00edculums d\u2019educaci\u00f3 infantil i d\u2019educaci\u00f3 prim\u00e0ria. Amb aquesta finalitat, una de les l\u00ednies que es vol impulsar \u00e9s potenciar l&#8217;\u00fas de les tecnologies.&#8221; (p\u00e0g. 18)<\/p>\n<p style=\"text-align: justify;\"><em>4.11 DEFINICI\u00d3 DE PLANTILLA<\/em><\/p>\n<p style=\"text-align: justify;\">&#8220;El decret 39\/2014, de 25 de mar\u00e7, regula els procediments per definir el perfil i la provisi\u00f3 dels llocs de treball docents. L\u2019esmentat decret preestableix diferents perfils de llocs de treball, d\u2019acord amb les necessitats m\u00e9s habituals dels centres educatius p\u00fablics i amb l\u2019estrat\u00e8gia marc del Departament, que fan refer\u00e8ncia a diferents perfils espec\u00edfics. Un dels perfils professionals que es poden acreditar \u00e9s el de Compet\u00e8ncia digital docent.&#8221; (p\u00e0g. 26)<\/p>\n<p style=\"text-align: justify;\"><strong>NOFC:<\/strong><\/p>\n<p style=\"text-align: justify;\">&#8220;Comissi\u00f3 TIC TAC La comissi\u00f3 promour\u00e0 l\u201f\u00fas de les TIC per tal d\u201fassegurar la compet\u00e8ncia digital de l\u201falumnat, la inclusi\u00f3 digital i la innovaci\u00f3 metodol\u00f2gica. Estar\u00e0 composada pel coordinador TAC de la Zer i almenys un altre mestre de cadascuna de les escoles. Haur\u00e0 de procurar tamb\u00e9 la implementaci\u00f3 del Pla TAC. El coordinador TAC convocar\u00e0 reunions de l&#8217;esmentada comissi\u00f3 per tal de fer trasp\u00e0s d&#8217;informaci\u00f3 de les novetats i s&#8217;hi plantejar\u00e0 la distribuci\u00f3 de tasques pertinents entre els seus membres.&#8221; (p\u00e0g. 33-34)<\/p>\n<p style=\"text-align: justify;\"><strong><em>*Documents pendents d&#8217;actualitzar en el marc normatiu vigent de l&#8217;EDC.<\/em><\/strong><\/p>\n","protected":false},"excerpt":{"rendered":"<p>Refer\u00e8ncies DIGITALS als documents PEC I NOFC<br \/>\nPEC:<br \/>\n2.2 CONTEXT<br \/>\n&#8220;La seu de la ZER \u00e9s\u00a0 l&#8217;Escola Mestral de Vilanova de la Barca, a nivell de tecnologia hi ha&#8230;<br \/>\n&#8220;Una aula de dimensions m\u00e9s redu\u00efdes dotada amb ordinador i connexi\u00f3 a internet.&#8221; (p\u00e0g. 7)<br \/>\n&#8220;Una aula polivalent, que acull les&hellip;  <a href=\"https:\/\/agora.xtec.cat\/zerargelaga\/estrategia-digital-de-centre\/cultura-digital\/documentacio-basica\/\" title=\"Read Documentaci\u00f3 b\u00e0sica\">Llegeix m\u00e9s\u00bb<\/a><\/p>\n","protected":false},"author":1,"featured_media":0,"parent":753,"menu_order":0,"comment_status":"closed","ping_status":"closed","template":"page-templates\/side-menu.php","meta":{"_bbp_topic_count":0,"_bbp_reply_count":0,"_bbp_total_topic_count":0,"_bbp_total_reply_count":0,"_bbp_voice_count":0,"_bbp_anonymous_reply_count":0,"_bbp_topic_count_hidden":0,"_bbp_reply_count_hidden":0,"_bbp_forum_subforum_count":0,"footnotes":""},"class_list":["post-781","page","type-page","status-publish","hentry"],"post_mailing_queue_ids":[],"_links":{"self":[{"href":"https:\/\/agora.xtec.cat\/zerargelaga\/wp-json\/wp\/v2\/pages\/781","targetHints":{"allow":["GET"]}}],"collection":[{"href":"https:\/\/agora.xtec.cat\/zerargelaga\/wp-json\/wp\/v2\/pages"}],"about":[{"href":"https:\/\/agora.xtec.cat\/zerargelaga\/wp-json\/wp\/v2\/types\/page"}],"author":[{"embeddable":true,"href":"https:\/\/agora.xtec.cat\/zerargelaga\/wp-json\/wp\/v2\/users\/1"}],"replies":[{"embeddable":true,"href":"https:\/\/agora.xtec.cat\/zerargelaga\/wp-json\/wp\/v2\/comments?post=781"}],"version-history":[{"count":3,"href":"https:\/\/agora.xtec.cat\/zerargelaga\/wp-json\/wp\/v2\/pages\/781\/revisions"}],"predecessor-version":[{"id":858,"href":"https:\/\/agora.xtec.cat\/zerargelaga\/wp-json\/wp\/v2\/pages\/781\/revisions\/858"}],"up":[{"embeddable":true,"href":"https:\/\/agora.xtec.cat\/zerargelaga\/wp-json\/wp\/v2\/pages\/753"}],"wp:attachment":[{"href":"https:\/\/agora.xtec.cat\/zerargelaga\/wp-json\/wp\/v2\/media?parent=781"}],"curies":[{"name":"wp","href":"https:\/\/api.w.org\/{rel}","templated":true}]}}

Documentació bàsica

<p style="text-align: justify;"><span style="text-decoration: underline;"><em><strong>Referències DIGITALS als documents PEC I NOFC</strong></em></span></p>
<p style="text-align: justify;"><strong>PEC:</strong></p>
<p style="text-align: justify;"><em>2.2 CONTEXT</em></p>
<p style="text-align: justify;">&#8220;La seu de la ZER és  l&#8217;Escola Mestral de Vilanova de la Barca, a nivell de tecnologia hi ha&#8230;</p>
<p style="text-align: justify;">&#8220;Una aula de dimensions més reduïdes dotada amb ordinador i connexió a internet.&#8221; (pàg. 7)</p>
<p style="text-align: justify;">&#8220;Una aula polivalent, que acull les funcions d’aula de desdoblaments, d’aula d’anglès i sala de professors, dotada amb ordinador, projector, connexió a internet i pissarra digital interactiva. També disposa d’aparells electrodomèstics propis d’una cuina (nevera, microones i forn) i de taulell i pica.&#8221; (pàg. 8)</p>
<p style="text-align: justify;"><em>4.3 CONCRECIONS METODOLÒGIQUES</em></p>
<p style="text-align: justify;">&#8220;L’escola vol garantir una coherència metodològica i una actuació homogènia en totes les àrees de coneixement que integren els currículums d’educació infantil i d’educació primària. Amb aquesta finalitat, una de les línies que es vol impulsar és potenciar l&#8217;ús de les tecnologies.&#8221; (pàg. 18)</p>
<p style="text-align: justify;"><em>4.11 DEFINICIÓ DE PLANTILLA</em></p>
<p style="text-align: justify;">&#8220;El decret 39/2014, de 25 de març, regula els procediments per definir el perfil i la provisió dels llocs de treball docents. L’esmentat decret preestableix diferents perfils de llocs de treball, d’acord amb les necessitats més habituals dels centres educatius públics i amb l’estratègia marc del Departament, que fan referència a diferents perfils específics. Un dels perfils professionals que es poden acreditar és el de Competència digital docent.&#8221; (pàg. 26)</p>
<p style="text-align: justify;"><strong>NOFC:</strong></p>
<p style="text-align: justify;">&#8220;Comissió TIC TAC La comissió promourà l‟ús de les TIC per tal d‟assegurar la competència digital de l‟alumnat, la inclusió digital i la innovació metodològica. Estarà composada pel coordinador TAC de la Zer i almenys un altre mestre de cadascuna de les escoles. Haurà de procurar també la implementació del Pla TAC. El coordinador TAC convocarà reunions de l&#8217;esmentada comissió per tal de fer traspàs d&#8217;informació de les novetats i s&#8217;hi plantejarà la distribució de tasques pertinents entre els seus membres.&#8221; (pàg. 33-34)</p>
<p style="text-align: justify;"><strong><em>*Documents pendents d&#8217;actualitzar en el marc normatiu vigent de l&#8217;EDC.</em></strong></p>

<p>Referències DIGITALS als documents PEC I NOFC<br />
PEC:<br />
2.2 CONTEXT<br />
&#8220;La seu de la ZER és  l&#8217;Escola Mestral de Vilanova de la Barca, a nivell de tecnologia hi ha&#8230;<br />
&#8220;Una aula de dimensions més reduïdes dotada amb ordinador i connexió a internet.&#8221; (pàg. 7)<br />
&#8220;Una aula polivalent, que acull les&hellip;  <a href="https://agora.xtec.cat/zerargelaga/estrategia-digital-de-centre/cultura-digital/documentacio-basica/" title="Read Documentació bàsica">Llegeix més»</a></p>
