{"id":759,"date":"2022-04-26T15:44:08","date_gmt":"2022-04-26T13:44:08","guid":{"rendered":"https:\/\/agora.xtec.cat\/zerargelaga\/?page_id=759"},"modified":"2023-04-14T10:44:05","modified_gmt":"2023-04-14T08:44:05","slug":"diagnosi","status":"publish","type":"page","link":"https:\/\/agora.xtec.cat\/zerargelaga\/estrategia-digital-de-centre\/part-estrategica\/diagnosi\/","title":{"rendered":"Diagnosi"},"content":{"rendered":"<div class=\"mYVXT\">\n<div class=\"LS81yb VICjCf\" tabindex=\"-1\">\n<div class=\"hJDwNd-AhqUyc-uQSCkd purZT-AhqUyc-II5mzb pSzOP-AhqUyc-qWD73c JNdkSc\">\n<div class=\"JNdkSc-SmKAyb\">\n<div class=\"\">\n<div class=\"oKdM2c Kzv0Me\">\n<div id=\"h.47c8ac760ad84c5d_9\" class=\"hJDwNd-AhqUyc-uQSCkd jXK9ad D2fZ2 OjCsFc wHaque GNzUNc\">\n<div class=\"jXK9ad-SmKAyb\">\n<div class=\"tyJCtd mGzaTb baZpAe\">\n<p class=\"CDt4Ke zfr3Q\" dir=\"ltr\">Amb l&#8217;objectiu de realitzar la diagnosi, s&#8217;ha realitzat una enquesta als\/les docents, alumnes, fam\u00edlies i personal PAS.<\/p>\n<\/div>\n<div class=\"tyJCtd mGzaTb baZpAe\">\n<p class=\"CDt4Ke zfr3Q\" dir=\"ltr\">D&#8217;aquesta manera, a partir de la reflexi\u00f3 d&#8217;aquest an\u00e0lisi, s&#8217;han obtingut els seg\u00fcents resultats:<\/p>\n<\/div>\n<\/div>\n<\/div>\n<p dir=\"ltr\">\n<\/div>\n<\/div>\n<\/div>\n<\/div>\n<\/div>\n<\/div>\n<table style=\"width: 78.7974%; height: 309px;\">\n<tbody>\n<tr>\n<td><strong>ASPECTES A MILLORAR<\/strong><\/td>\n<\/tr>\n<tr>\n<td><em>Compartir experi\u00e8ncies de tecnologia entre docents.<\/em><\/td>\n<\/tr>\n<tr>\n<td><em>Verificar la qualitat de la informaci\u00f3 d&#8217;internet per part de l&#8217;alumnat i drets autoria.<\/em><\/td>\n<\/tr>\n<tr>\n<td><em>Formaci\u00f3 permanent del claustre.<\/em><\/td>\n<\/tr>\n<tr>\n<td><em>Potenciar la comunicaci\u00f3 de l&#8217;alumnat a trav\u00e9s de la tecnologia.<\/em><\/td>\n<\/tr>\n<tr>\n<td><em>Creaci\u00f3 de recursos digitals.<\/em><\/td>\n<\/tr>\n<tr>\n<td><em>Seq\u00fcenciar \u00fas tecnologia per cursos.<\/em><\/td>\n<\/tr>\n<tr>\n<td><em>Temps per compartir experi\u00e8ncies de tecnologies.<\/em><\/td>\n<\/tr>\n<tr>\n<td><em>Repositori de recursos tecnol\u00f2gics en l\u00ednia.<\/em><\/td>\n<\/tr>\n<tr>\n<td><em>Empoderar les fam\u00edlies per \u00fas i comentar el web.<\/em><\/td>\n<\/tr>\n<\/tbody>\n<\/table>\n<p>&nbsp;<\/p>\n<table style=\"width: 78.9141%; height: 213px;\">\n<tbody>\n<tr style=\"height: 33px;\">\n<td style=\"width: 100%; height: 33px;\"><strong>ASPECTES A MANTENIR I REFOR\u00c7AR<br \/>\n<\/strong><\/td>\n<\/tr>\n<tr style=\"height: 33px;\">\n<td style=\"width: 100%; height: 33px;\"><em>Infraestructura i equips.<\/em><\/td>\n<\/tr>\n<tr style=\"height: 33px;\">\n<td style=\"width: 100%; height: 33px;\"><em>Seguiment tasques a l&#8217;EVA (cicle superior).<\/em><\/td>\n<\/tr>\n<tr style=\"height: 33px;\">\n<td style=\"width: 100%; height: 33px;\"><em>Les fam\u00edlies saben com acompanyar l&#8217;alumnat en tasques digitals.<\/em><\/td>\n<\/tr>\n<tr style=\"height: 33px;\">\n<td style=\"width: 100%; height: 33px;\"><em>Col\u00b7laboraci\u00f3 entre alumnat a nivell digital (els grans).<\/em><\/td>\n<\/tr>\n<tr style=\"height: 33px;\">\n<td style=\"width: 100%; height: 33px;\"><em>Comportament responsable i segur de l&#8217;alumnat envers les tecnologies.<\/em><\/td>\n<\/tr>\n<\/tbody>\n<\/table>\n<p>&nbsp;<\/p>\n<table style=\"width: 78.9524%; height: 101px;\">\n<tbody>\n<tr style=\"height: 35px;\">\n<td style=\"width: 100%; height: 35px;\"><strong>ASPECTES EN DUBTES<br \/>\n<\/strong><\/td>\n<\/tr>\n<tr style=\"height: 33px;\">\n<td style=\"width: 100%; height: 33px;\"><em>Comunicaci\u00f3 amb la comunitat educativa.<\/em><\/td>\n<\/tr>\n<tr style=\"height: 33px;\">\n<td style=\"width: 100%; height: 33px;\"><em>Seguiment tasques a l&#8217;EVA (cicle superior).<\/em><\/td>\n<\/tr>\n<\/tbody>\n<\/table>\n<p>&nbsp;<\/p>\n","protected":false},"excerpt":{"rendered":"<p>Amb l&#8217;objectiu de realitzar la diagnosi, s&#8217;ha realitzat una enquesta als\/les docents, alumnes, fam\u00edlies i personal PAS.<\/p>\n<p>D&#8217;aquesta manera, a partir de la reflexi\u00f3 d&#8217;aquest an\u00e0lisi, s&#8217;han obtingut els seg\u00fcents resultats:<\/p>\n<p>ASPECTES A MILLORAR<\/p>\n<p>Compartir experi\u00e8ncies de tecnologia entre docents.<\/p>\n<p>Verificar la qualitat de la informaci\u00f3 d&#8217;internet per part&hellip;  <a href=\"https:\/\/agora.xtec.cat\/zerargelaga\/estrategia-digital-de-centre\/part-estrategica\/diagnosi\/\" title=\"Read Diagnosi\">Llegeix m\u00e9s\u00bb<\/a><\/p>\n","protected":false},"author":1,"featured_media":0,"parent":744,"menu_order":0,"comment_status":"closed","ping_status":"closed","template":"page-templates\/side-menu.php","meta":{"_bbp_topic_count":0,"_bbp_reply_count":0,"_bbp_total_topic_count":0,"_bbp_total_reply_count":0,"_bbp_voice_count":0,"_bbp_anonymous_reply_count":0,"_bbp_topic_count_hidden":0,"_bbp_reply_count_hidden":0,"_bbp_forum_subforum_count":0,"footnotes":""},"class_list":["post-759","page","type-page","status-publish","hentry"],"post_mailing_queue_ids":[],"_links":{"self":[{"href":"https:\/\/agora.xtec.cat\/zerargelaga\/wp-json\/wp\/v2\/pages\/759","targetHints":{"allow":["GET"]}}],"collection":[{"href":"https:\/\/agora.xtec.cat\/zerargelaga\/wp-json\/wp\/v2\/pages"}],"about":[{"href":"https:\/\/agora.xtec.cat\/zerargelaga\/wp-json\/wp\/v2\/types\/page"}],"author":[{"embeddable":true,"href":"https:\/\/agora.xtec.cat\/zerargelaga\/wp-json\/wp\/v2\/users\/1"}],"replies":[{"embeddable":true,"href":"https:\/\/agora.xtec.cat\/zerargelaga\/wp-json\/wp\/v2\/comments?post=759"}],"version-history":[{"count":3,"href":"https:\/\/agora.xtec.cat\/zerargelaga\/wp-json\/wp\/v2\/pages\/759\/revisions"}],"predecessor-version":[{"id":859,"href":"https:\/\/agora.xtec.cat\/zerargelaga\/wp-json\/wp\/v2\/pages\/759\/revisions\/859"}],"up":[{"embeddable":true,"href":"https:\/\/agora.xtec.cat\/zerargelaga\/wp-json\/wp\/v2\/pages\/744"}],"wp:attachment":[{"href":"https:\/\/agora.xtec.cat\/zerargelaga\/wp-json\/wp\/v2\/media?parent=759"}],"curies":[{"name":"wp","href":"https:\/\/api.w.org\/{rel}","templated":true}]}}

<div class="mYVXT">
<div class="LS81yb VICjCf" tabindex="-1">
<div class="hJDwNd-AhqUyc-uQSCkd purZT-AhqUyc-II5mzb pSzOP-AhqUyc-qWD73c JNdkSc">
<div class="JNdkSc-SmKAyb">
<div class="">
<div class="oKdM2c Kzv0Me">
<div id="h.47c8ac760ad84c5d_9" class="hJDwNd-AhqUyc-uQSCkd jXK9ad D2fZ2 OjCsFc wHaque GNzUNc">
<div class="jXK9ad-SmKAyb">
<div class="tyJCtd mGzaTb baZpAe">
<p class="CDt4Ke zfr3Q" dir="ltr">Amb l&#8217;objectiu de realitzar la diagnosi, s&#8217;ha realitzat una enquesta als/les docents, alumnes, famílies i personal PAS.</p>
</div>
<div class="tyJCtd mGzaTb baZpAe">
<p class="CDt4Ke zfr3Q" dir="ltr">D&#8217;aquesta manera, a partir de la reflexió d&#8217;aquest anàlisi, s&#8217;han obtingut els següents resultats:</p>
</div>
</div>
</div>
<p dir="ltr">
</div>
</div>
</div>
</div>
</div>
</div>
<table style="width: 78.7974%; height: 309px;">
<tbody>
<tr>
<td><strong>ASPECTES A MILLORAR</strong></td>
</tr>
<tr>
<td><em>Compartir experiències de tecnologia entre docents.</em></td>
</tr>
<tr>
<td><em>Verificar la qualitat de la informació d&#8217;internet per part de l&#8217;alumnat i drets autoria.</em></td>
</tr>
<tr>
<td><em>Formació permanent del claustre.</em></td>
</tr>
<tr>
<td><em>Potenciar la comunicació de l&#8217;alumnat a través de la tecnologia.</em></td>
</tr>
<tr>
<td><em>Creació de recursos digitals.</em></td>
</tr>
<tr>
<td><em>Seqüenciar ús tecnologia per cursos.</em></td>
</tr>
<tr>
<td><em>Temps per compartir experiències de tecnologies.</em></td>
</tr>
<tr>
<td><em>Repositori de recursos tecnològics en línia.</em></td>
</tr>
<tr>
<td><em>Empoderar les famílies per ús i comentar el web.</em></td>
</tr>
</tbody>
</table>
<p>&nbsp;</p>
<table style="width: 78.9141%; height: 213px;">
<tbody>
<tr style="height: 33px;">
<td style="width: 100%; height: 33px;"><strong>ASPECTES A MANTENIR I REFORÇAR<br />
</strong></td>
</tr>
<tr style="height: 33px;">
<td style="width: 100%; height: 33px;"><em>Infraestructura i equips.</em></td>
</tr>
<tr style="height: 33px;">
<td style="width: 100%; height: 33px;"><em>Seguiment tasques a l&#8217;EVA (cicle superior).</em></td>
</tr>
<tr style="height: 33px;">
<td style="width: 100%; height: 33px;"><em>Les famílies saben com acompanyar l&#8217;alumnat en tasques digitals.</em></td>
</tr>
<tr style="height: 33px;">
<td style="width: 100%; height: 33px;"><em>Col·laboració entre alumnat a nivell digital (els grans).</em></td>
</tr>
<tr style="height: 33px;">
<td style="width: 100%; height: 33px;"><em>Comportament responsable i segur de l&#8217;alumnat envers les tecnologies.</em></td>
</tr>
</tbody>
</table>
<p>&nbsp;</p>
<table style="width: 78.9524%; height: 101px;">
<tbody>
<tr style="height: 35px;">
<td style="width: 100%; height: 35px;"><strong>ASPECTES EN DUBTES<br />
</strong></td>
</tr>
<tr style="height: 33px;">
<td style="width: 100%; height: 33px;"><em>Comunicació amb la comunitat educativa.</em></td>
</tr>
<tr style="height: 33px;">
<td style="width: 100%; height: 33px;"><em>Seguiment tasques a l&#8217;EVA (cicle superior).</em></td>
</tr>
</tbody>
</table>
<p>&nbsp;</p>

<p>Amb l&#8217;objectiu de realitzar la diagnosi, s&#8217;ha realitzat una enquesta als/les docents, alumnes, famílies i personal PAS.</p>
<p>D&#8217;aquesta manera, a partir de la reflexió d&#8217;aquest anàlisi, s&#8217;han obtingut els següents resultats:</p>
<p>ASPECTES A MILLORAR</p>
<p>Compartir experiències de tecnologia entre docents.</p>
<p>Verificar la qualitat de la informació d&#8217;internet per part&hellip;  <a href="https://agora.xtec.cat/zerargelaga/estrategia-digital-de-centre/part-estrategica/diagnosi/" title="Read Diagnosi">Llegeix més»</a></p>
