{"id":749,"date":"2022-04-26T15:40:02","date_gmt":"2022-04-26T13:40:02","guid":{"rendered":"https:\/\/agora.xtec.cat\/zerargelaga\/?page_id=749"},"modified":"2022-04-26T15:42:46","modified_gmt":"2022-04-26T13:42:46","slug":"estrategia-digital-de-centre","status":"publish","type":"page","link":"https:\/\/agora.xtec.cat\/zerargelaga\/estrategia-digital-de-centre\/","title":{"rendered":"ESTRAT\u00c8GIA DIGITAL DE CENTRE"},"content":{"rendered":"<p>El Departament d&#8217;Educaci\u00f3 demana a tots els centres, l&#8217;elaboraci\u00f3 de l&#8217;Estrat\u00e8gia Digital de Centre (EDC) abans de finalitzar l&#8217;any 2023. En el nostre cas, aquesta es realitzar\u00e0 a nivell de ZER.<\/p>\n<p>L&#8217;estrat\u00e8gia digital de centre (EDC) defineix i concreta les l\u00ednies d&#8217;actuaci\u00f3 d&#8217;un centre que fan possible que docents, alumnat i centre assoleixin la compet\u00e8ncia digital. Per aconseguir aquesta compet\u00e8ncia digital, l&#8217;EDC compr\u00e8n tots els \u00e0mbits del centre: organitzatius, metodol\u00f2gics, curriculars i comunicatius, els quals s&#8217;han de veure necess\u00e0riament implicats i, si escau, transformats, des d\u2019una perspectiva d&#8217;innovaci\u00f3 i de millora cont\u00ednua.<\/p>\n<p>Els objectius de l&#8217;EDC es poden agrupar en cinc \u00e0mbits, que tenen com a fita el m\u00e0xim assoliment de la compet\u00e8ncia digital de l\u2019alumnat, del professorat i del centre:<\/p>\n<ul>\n<li>Assoliment de la compet\u00e8ncia digital<\/li>\n<li>Planificaci\u00f3 estrat\u00e8gica i organitzaci\u00f3<\/li>\n<li>Metodologies did\u00e0ctiques i innovaci\u00f3<\/li>\n<li>Inclusi\u00f3 digital i de g\u00e8nere<\/li>\n<li>Seguretat i protecci\u00f3 de dades<\/li>\n<\/ul>\n","protected":false},"excerpt":{"rendered":"<p>El Departament d&#8217;Educaci\u00f3 demana a tots els centres, l&#8217;elaboraci\u00f3 de l&#8217;Estrat\u00e8gia Digital de Centre (EDC) abans de finalitzar l&#8217;any 2023. En el nostre cas, aquesta es realitzar\u00e0 a nivell de ZER.<br \/>\nL&#8217;estrat\u00e8gia digital de centre (EDC) defineix i concreta les l\u00ednies d&#8217;actuaci\u00f3 d&#8217;un centre que fan&hellip;  <a href=\"https:\/\/agora.xtec.cat\/zerargelaga\/estrategia-digital-de-centre\/\" title=\"Read ESTRAT\u00c8GIA DIGITAL DE CENTRE\">Llegeix m\u00e9s\u00bb<\/a><\/p>\n","protected":false},"author":1,"featured_media":0,"parent":0,"menu_order":0,"comment_status":"closed","ping_status":"closed","template":"page-templates\/side-menu.php","meta":{"_bbp_topic_count":0,"_bbp_reply_count":0,"_bbp_total_topic_count":0,"_bbp_total_reply_count":0,"_bbp_voice_count":0,"_bbp_anonymous_reply_count":0,"_bbp_topic_count_hidden":0,"_bbp_reply_count_hidden":0,"_bbp_forum_subforum_count":0,"footnotes":""},"class_list":["post-749","page","type-page","status-publish","hentry"],"post_mailing_queue_ids":[],"_links":{"self":[{"href":"https:\/\/agora.xtec.cat\/zerargelaga\/wp-json\/wp\/v2\/pages\/749","targetHints":{"allow":["GET"]}}],"collection":[{"href":"https:\/\/agora.xtec.cat\/zerargelaga\/wp-json\/wp\/v2\/pages"}],"about":[{"href":"https:\/\/agora.xtec.cat\/zerargelaga\/wp-json\/wp\/v2\/types\/page"}],"author":[{"embeddable":true,"href":"https:\/\/agora.xtec.cat\/zerargelaga\/wp-json\/wp\/v2\/users\/1"}],"replies":[{"embeddable":true,"href":"https:\/\/agora.xtec.cat\/zerargelaga\/wp-json\/wp\/v2\/comments?post=749"}],"version-history":[{"count":2,"href":"https:\/\/agora.xtec.cat\/zerargelaga\/wp-json\/wp\/v2\/pages\/749\/revisions"}],"predecessor-version":[{"id":758,"href":"https:\/\/agora.xtec.cat\/zerargelaga\/wp-json\/wp\/v2\/pages\/749\/revisions\/758"}],"wp:attachment":[{"href":"https:\/\/agora.xtec.cat\/zerargelaga\/wp-json\/wp\/v2\/media?parent=749"}],"curies":[{"name":"wp","href":"https:\/\/api.w.org\/{rel}","templated":true}]}}

ESTRATÈGIA DIGITAL DE CENTRE

<p>El Departament d&#8217;Educació demana a tots els centres, l&#8217;elaboració de l&#8217;Estratègia Digital de Centre (EDC) abans de finalitzar l&#8217;any 2023. En el nostre cas, aquesta es realitzarà a nivell de ZER.</p>
<p>L&#8217;estratègia digital de centre (EDC) defineix i concreta les línies d&#8217;actuació d&#8217;un centre que fan possible que docents, alumnat i centre assoleixin la competència digital. Per aconseguir aquesta competència digital, l&#8217;EDC comprèn tots els àmbits del centre: organitzatius, metodològics, curriculars i comunicatius, els quals s&#8217;han de veure necessàriament implicats i, si escau, transformats, des d’una perspectiva d&#8217;innovació i de millora contínua.</p>
<p>Els objectius de l&#8217;EDC es poden agrupar en cinc àmbits, que tenen com a fita el màxim assoliment de la competència digital de l’alumnat, del professorat i del centre:</p>
<ul>
<li>Assoliment de la competència digital</li>
<li>Planificació estratègica i organització</li>
<li>Metodologies didàctiques i innovació</li>
<li>Inclusió digital i de gènere</li>
<li>Seguretat i protecció de dades</li>
</ul>

<p>El Departament d&#8217;Educació demana a tots els centres, l&#8217;elaboració de l&#8217;Estratègia Digital de Centre (EDC) abans de finalitzar l&#8217;any 2023. En el nostre cas, aquesta es realitzarà a nivell de ZER.<br />
L&#8217;estratègia digital de centre (EDC) defineix i concreta les línies d&#8217;actuació d&#8217;un centre que fan&hellip;  <a href="https://agora.xtec.cat/zerargelaga/estrategia-digital-de-centre/" title="Read ESTRATÈGIA DIGITAL DE CENTRE">Llegeix més»</a></p>
