{"id":448,"date":"2015-07-24T15:50:21","date_gmt":"2015-07-24T14:50:21","guid":{"rendered":"http:\/\/agora.xtec.cat\/zerargelaga\/?page_id=448"},"modified":"2023-01-19T10:01:41","modified_gmt":"2023-01-19T09:01:41","slug":"documents","status":"publish","type":"page","link":"https:\/\/agora.xtec.cat\/zerargelaga\/zer\/documents\/","title":{"rendered":"Documents"},"content":{"rendered":"<p>En aquesta secci\u00f3 s&#8217;enllacen els documents organitzatius i de gesti\u00f3 de la ZER:<\/p>\n<ul>\n<li><a href=\"https:\/\/drive.google.com\/a\/xtec.cat\/file\/d\/1tiVBQA6KcGj04o84I2mtcXc1ZVPeStdi\/view?usp=sharing\">Carta de comprom\u00eds<\/a>,\u00a0document que t\u00e9 com a finalitat potenciar la comunicaci\u00f3, la participaci\u00f3, la implicaci\u00f3, el comprom\u00eds i la corresponsabilitat entre els centres i les fam\u00edlies.<\/li>\n<li><a href=\"https:\/\/drive.google.com\/a\/xtec.cat\/file\/d\/1g859RGnJnNO7iPEa2WJr4OzLFjtPWcu1\/view?usp=sharing\">Projecte Educatiu de Centre (PEC)<\/a>, document vertebrador de la ZER. Document que marca la nostra l\u00ednia pedag\u00f2gica, qui som, a qu\u00e8 donem valor, etc.<\/li>\n<li><a href=\"https:\/\/drive.google.com\/a\/xtec.cat\/file\/d\/1I7_9VHB2n5UeWMo9y13d8I8u8foNLRoD\/view?usp=sharing\">Normes d&#8217;Organitzaci\u00f3 i Funcionament de Centre (NOFC)<\/a>,\u00a0Normes d\u2019Organitzaci\u00f3 i Funcionament del Centre. Document que recull aquestes normes del centre.<\/li>\n<li><a href=\"https:\/\/agora.xtec.cat\/zerargelaga\/wp-content\/uploads\/usu1086\/2023\/01\/PLC-ZER-Argelaga-22-23-1.pdf\">Projecte Ling\u00fcistic (PLC)<\/a>, projecte ling\u00fc\u00edstic de centre, document que parteix d\u2019una reflexi\u00f3 interna del centre, que recull les decisions preses a partir d\u2019aquesta an\u00e0lisi en relaci\u00f3 a l\u2019ensenyament i l\u2019aprenentatge de les lleng\u00fces i que t\u00e9 com a objectiu donar coher\u00e8ncia a la manera d\u2019adquirir-les. \u00c9s un document de reflexi\u00f3 i de presa de decisions que incideix en tots els contextos comunicatius dels centres: aula, centre i entorn.<\/li>\n<li><a href=\"https:\/\/agora.xtec.cat\/zerargelaga\/wp-content\/uploads\/usu1086\/2020\/04\/PROJECTE-DE-CONVIV\u00c8NCIA-definitiu.pdf\">Projecte de Conviv\u00e8ncia<\/a>, el\u00a0Projecte de conviv\u00e8ncia reflecteix les accions que la ZER desenvolupa per capacitar tots els alumnes i la resta de la comunitat escolar per a la conviv\u00e8ncia i la gesti\u00f3 positiva dels conflictes.<\/li>\n<li><a href=\"https:\/\/agora.xtec.cat\/zerargelaga\/estrategia-digital-de-centre\/\">Estrat\u00e8gia Digital de Centre (EDC)<\/a>, l\u2019estrat\u00e8gia digital de centre (EDC) defineix i concreta les l\u00ednies d\u2019actuaci\u00f3 d\u2019un centre que fan possible que docents, alumnat i centre assoleixin la compet\u00e8ncia digital.<\/li>\n<\/ul>\n","protected":false},"excerpt":{"rendered":"<p>En aquesta secci\u00f3 s&#8217;enllacen els documents organitzatius i de gesti\u00f3 de la ZER:<\/p>\n<ul>\n<li><a href=\"https:\/\/drive.google.com\/a\/xtec.cat\/file\/d\/1tiVBQA6KcGj04o84I2mtcXc1ZVPeStdi\/view?usp=sharing\">Carta de comprom\u00eds<\/a>,\u00a0document que t\u00e9 com a finalitat potenciar la comunicaci\u00f3, la participaci\u00f3, la implicaci\u00f3, el comprom\u00eds i la corresponsabilitat entre els centres i les fam\u00edlies.<\/li>\n<li><a href=\"https:\/\/drive.google.com\/a\/xtec.cat\/file\/d\/1g859RGnJnNO7iPEa2WJr4OzLFjtPWcu1\/view?usp=sharing\">Projecte Educatiu de Centre (PEC)<\/a>, document&hellip;  <a href=\"https:\/\/agora.xtec.cat\/zerargelaga\/zer\/documents\/\" title=\"Read Documents\">Llegeix m\u00e9s\u00bb<\/a><br \/>\n","protected":false},"author":1,"featured_media":0,"parent":19,"menu_order":5,"comment_status":"closed","ping_status":"closed","template":"page-templates\/side-menu.php","meta":{"_bbp_topic_count":0,"_bbp_reply_count":0,"_bbp_total_topic_count":0,"_bbp_total_reply_count":0,"_bbp_voice_count":0,"_bbp_anonymous_reply_count":0,"_bbp_topic_count_hidden":0,"_bbp_reply_count_hidden":0,"_bbp_forum_subforum_count":0,"footnotes":""},"class_list":["post-448","page","type-page","status-publish","hentry"],"post_mailing_queue_ids":[],"_links":{"self":[{"href":"https:\/\/agora.xtec.cat\/zerargelaga\/wp-json\/wp\/v2\/pages\/448","targetHints":{"allow":["GET"]}}],"collection":[{"href":"https:\/\/agora.xtec.cat\/zerargelaga\/wp-json\/wp\/v2\/pages"}],"about":[{"href":"https:\/\/agora.xtec.cat\/zerargelaga\/wp-json\/wp\/v2\/types\/page"}],"author":[{"embeddable":true,"href":"https:\/\/agora.xtec.cat\/zerargelaga\/wp-json\/wp\/v2\/users\/1"}],"replies":[{"embeddable":true,"href":"https:\/\/agora.xtec.cat\/zerargelaga\/wp-json\/wp\/v2\/comments?post=448"}],"version-history":[{"count":4,"href":"https:\/\/agora.xtec.cat\/zerargelaga\/wp-json\/wp\/v2\/pages\/448\/revisions"}],"predecessor-version":[{"id":835,"href":"https:\/\/agora.xtec.cat\/zerargelaga\/wp-json\/wp\/v2\/pages\/448\/revisions\/835"}],"up":[{"embeddable":true,"href":"https:\/\/agora.xtec.cat\/zerargelaga\/wp-json\/wp\/v2\/pages\/19"}],"wp:attachment":[{"href":"https:\/\/agora.xtec.cat\/zerargelaga\/wp-json\/wp\/v2\/media?parent=448"}],"curies":[{"name":"wp","href":"https:\/\/api.w.org\/{rel}","templated":true}]}}

<p>En aquesta secció s&#8217;enllacen els documents organitzatius i de gestió de la ZER:</p>
<ul>
<li><a href="https://drive.google.com/a/xtec.cat/file/d/1tiVBQA6KcGj04o84I2mtcXc1ZVPeStdi/view?usp=sharing">Carta de compromís</a>, document que té com a finalitat potenciar la comunicació, la participació, la implicació, el compromís i la corresponsabilitat entre els centres i les famílies.</li>
<li><a href="https://drive.google.com/a/xtec.cat/file/d/1g859RGnJnNO7iPEa2WJr4OzLFjtPWcu1/view?usp=sharing">Projecte Educatiu de Centre (PEC)</a>, document vertebrador de la ZER. Document que marca la nostra línia pedagògica, qui som, a què donem valor, etc.</li>
<li><a href="https://drive.google.com/a/xtec.cat/file/d/1I7_9VHB2n5UeWMo9y13d8I8u8foNLRoD/view?usp=sharing">Normes d&#8217;Organització i Funcionament de Centre (NOFC)</a>, Normes d’Organització i Funcionament del Centre. Document que recull aquestes normes del centre.</li>
<li><a href="https://agora.xtec.cat/zerargelaga/wp-content/uploads/usu1086/2023/01/PLC-ZER-Argelaga-22-23-1.pdf">Projecte Lingüistic (PLC)</a>, projecte lingüístic de centre, document que parteix d’una reflexió interna del centre, que recull les decisions preses a partir d’aquesta anàlisi en relació a l’ensenyament i l’aprenentatge de les llengües i que té com a objectiu donar coherència a la manera d’adquirir-les. És un document de reflexió i de presa de decisions que incideix en tots els contextos comunicatius dels centres: aula, centre i entorn.</li>
<li><a href="https://agora.xtec.cat/zerargelaga/wp-content/uploads/usu1086/2020/04/PROJECTE-DE-CONVIVÈNCIA-definitiu.pdf">Projecte de Convivència</a>, el Projecte de convivència reflecteix les accions que la ZER desenvolupa per capacitar tots els alumnes i la resta de la comunitat escolar per a la convivència i la gestió positiva dels conflictes.</li>
<li><a href="https://agora.xtec.cat/zerargelaga/estrategia-digital-de-centre/">Estratègia Digital de Centre (EDC)</a>, l’estratègia digital de centre (EDC) defineix i concreta les línies d’actuació d’un centre que fan possible que docents, alumnat i centre assoleixin la competència digital.</li>
</ul>

<p>En aquesta secció s&#8217;enllacen els documents organitzatius i de gestió de la ZER:</p>
<ul>
<li><a href="https://drive.google.com/a/xtec.cat/file/d/1tiVBQA6KcGj04o84I2mtcXc1ZVPeStdi/view?usp=sharing">Carta de compromís</a>, document que té com a finalitat potenciar la comunicació, la participació, la implicació, el compromís i la corresponsabilitat entre els centres i les famílies.</li>
<li><a href="https://drive.google.com/a/xtec.cat/file/d/1g859RGnJnNO7iPEa2WJr4OzLFjtPWcu1/view?usp=sharing">Projecte Educatiu de Centre (PEC)</a>, document&hellip;  <a href="https://agora.xtec.cat/zerargelaga/zer/documents/" title="Read Documents">Llegeix més»</a><br />
