{"id":264,"date":"2015-07-20T13:06:26","date_gmt":"2015-07-20T12:06:26","guid":{"rendered":"http:\/\/agora.xtec.cat\/zerargelaga\/?page_id=264"},"modified":"2025-04-01T18:29:00","modified_gmt":"2025-04-01T16:29:00","slug":"escola-alfa","status":"publish","type":"page","link":"https:\/\/agora.xtec.cat\/zerargelaga\/","title":{"rendered":"Benvinguts\/des a la ZER ARGELAGA"},"content":{"rendered":"<p>En aquesta p\u00e0gina web hi trobar\u00e0s la informaci\u00f3 m\u00e9s rellevant sobre la ZER ARGELAGA<\/p>\n<p><a href=\"https:\/\/agora.xtec.cat\/zerargelaga\/wp-content\/uploads\/usu1086\/2025\/04\/Valors-ZER-Argelaga.png\"><img loading=\"lazy\" decoding=\"async\" class=\"alignnone wp-image-887 size-full\" src=\"https:\/\/agora.xtec.cat\/zerargelaga\/wp-content\/uploads\/usu1086\/2025\/04\/Valors-ZER-Argelaga.png\" alt=\"\" width=\"1414\" height=\"2000\" srcset=\"https:\/\/agora.xtec.cat\/zerargelaga\/wp-content\/uploads\/usu1086\/2025\/04\/Valors-ZER-Argelaga.png 1414w, https:\/\/agora.xtec.cat\/zerargelaga\/wp-content\/uploads\/usu1086\/2025\/04\/Valors-ZER-Argelaga-212x300.png 212w, https:\/\/agora.xtec.cat\/zerargelaga\/wp-content\/uploads\/usu1086\/2025\/04\/Valors-ZER-Argelaga-724x1024.png 724w, https:\/\/agora.xtec.cat\/zerargelaga\/wp-content\/uploads\/usu1086\/2025\/04\/Valors-ZER-Argelaga-768x1086.png 768w, https:\/\/agora.xtec.cat\/zerargelaga\/wp-content\/uploads\/usu1086\/2025\/04\/Valors-ZER-Argelaga-1086x1536.png 1086w\" sizes=\"auto, (max-width: 1414px) 100vw, 1414px\" \/><\/a><\/p>\n","protected":false},"excerpt":{"rendered":"<p>En aquesta p\u00e0gina web hi trobar\u00e0s la informaci\u00f3 m\u00e9s rellevant sobre la ZER ARGELAGA<br \/>\n<a href=\"https:\/\/agora.xtec.cat\/zerargelaga\/wp-content\/uploads\/usu1086\/2025\/04\/Valors-ZER-Argelaga.png\"><\/a><\/p>\n","protected":false},"author":1,"featured_media":0,"parent":0,"menu_order":0,"comment_status":"closed","ping_status":"closed","template":"","meta":{"_bbp_topic_count":0,"_bbp_reply_count":0,"_bbp_total_topic_count":0,"_bbp_total_reply_count":0,"_bbp_voice_count":0,"_bbp_anonymous_reply_count":0,"_bbp_topic_count_hidden":0,"_bbp_reply_count_hidden":0,"_bbp_forum_subforum_count":0,"footnotes":""},"class_list":["post-264","page","type-page","status-publish","hentry"],"post_mailing_queue_ids":[],"_links":{"self":[{"href":"https:\/\/agora.xtec.cat\/zerargelaga\/wp-json\/wp\/v2\/pages\/264","targetHints":{"allow":["GET"]}}],"collection":[{"href":"https:\/\/agora.xtec.cat\/zerargelaga\/wp-json\/wp\/v2\/pages"}],"about":[{"href":"https:\/\/agora.xtec.cat\/zerargelaga\/wp-json\/wp\/v2\/types\/page"}],"author":[{"embeddable":true,"href":"https:\/\/agora.xtec.cat\/zerargelaga\/wp-json\/wp\/v2\/users\/1"}],"replies":[{"embeddable":true,"href":"https:\/\/agora.xtec.cat\/zerargelaga\/wp-json\/wp\/v2\/comments?post=264"}],"version-history":[{"count":5,"href":"https:\/\/agora.xtec.cat\/zerargelaga\/wp-json\/wp\/v2\/pages\/264\/revisions"}],"predecessor-version":[{"id":889,"href":"https:\/\/agora.xtec.cat\/zerargelaga\/wp-json\/wp\/v2\/pages\/264\/revisions\/889"}],"wp:attachment":[{"href":"https:\/\/agora.xtec.cat\/zerargelaga\/wp-json\/wp\/v2\/media?parent=264"}],"curies":[{"name":"wp","href":"https:\/\/api.w.org\/{rel}","templated":true}]}}