{"id":321,"date":"2015-07-21T08:44:10","date_gmt":"2015-07-21T07:44:10","guid":{"rendered":"http:\/\/agora.xtec.cat\/zeraltsegria\/?page_id=321"},"modified":"2017-02-01T09:47:04","modified_gmt":"2017-02-01T08:47:04","slug":"projecte-educatiu","status":"publish","type":"page","link":"https:\/\/agora.xtec.cat\/zeraltsegria\/escola-vilanova-2\/projecte-educatiu\/","title":{"rendered":"Projecte educatiu"},"content":{"rendered":"<p>La nostra <strong>ZER<\/strong> la formem tres escoles amb una llarga tradici\u00f3 de cooperaci\u00f3.<\/p>\n<p>Som escoles petites, de poble i p\u00fabliques arrelades al territori <strong>que compartim un mateix Projecte Educatiu i una mateixa Programaci\u00f3 General.\u00a0 <\/strong><\/p>\n<p>Treballem en un espai de llibertat per als infants on la interacci\u00f3 d\u2019alumnes de diferents nivells enriqueix el seu proc\u00e9s d\u2019aprenentatge. Potenciem la cooperaci\u00f3, la toler\u00e0ncia i la conviv\u00e8ncia en la nostra comunitat educativa.<\/p>\n<p>&nbsp;<\/p>\n<p><strong>L\u00cdNIA EDUCATIVA<\/strong><\/p>\n<p><strong>Atenci\u00f3 individualitzada<\/strong>, on els grups redu\u00efts i la major proximitat amb el professorat permet un aprenentatge m\u00e9s actiu.<\/p>\n<p><strong>Atenci\u00f3 a la diversitat<\/strong>, respectant ritmes de treball, de maduraci\u00f3 i d\u2019aprenentatge de cada alumne\/a.<\/p>\n<p><strong>Metodologia<\/strong> que potencia l\u2019autonomia, la responsabilitat i els h\u00e0bits de treball. Utilitzaci\u00f3 de les <strong>noves tecnologies.<\/strong><\/p>\n<p><strong>Educaci\u00f3 competencial<\/strong>, que implica utilitzar de manera efectiva coneixements, habilitats i actituds per interactuar en una societat canviant. \u00a0<strong>Ampliaci\u00f3 hor\u00e0ria<\/strong> amb la sisena hora.<\/p>\n<p>&nbsp;<\/p>\n<p><strong>PROJECTES<\/strong><\/p>\n<ul>\n<li>Avan\u00e7ament de la<strong> llengua anglesa a Educaci\u00f3 Infantil<\/strong>. \u201cWorkshop in english\u201d, tallers i racons en llengua anglesa.<\/li>\n<li><strong>\u201cYes, we speack\u201d<\/strong>, projecte d\u2019expressi\u00f3 oral en <strong>angl\u00e8s<\/strong>.<\/li>\n<li><strong>Projecte interdisciplinari<\/strong>: treball d\u2019investigaci\u00f3 que parteix de la curiositat i les inquietuds dels infants i on intervenen diverses \u00e0rees.<\/li>\n<li>Participaci\u00f3 en projectes convocats pel ME per a la millora de l\u2019aprenentatge entre centres de diverses comunitats aut\u00f2nomes.<\/li>\n<li><strong>Teatre<\/strong>: treball competencial a partir de l\u2019expressi\u00f3 art\u00edstica.<\/li>\n<li><strong>H\u00e0bits saludables<\/strong>: Pla de consum de fruita a les escoles i esmorzars saludables.<\/li>\n<li><strong>Pla lector: <\/strong>Apadrinament lector, el gust per la lectura, &#8230;<\/li>\n<li><strong>Formaci\u00f3 interna<\/strong> en centre per al professorat.<\/li>\n<li><strong>Projecte \u201cPatis educadors\u201d.<\/strong><\/li>\n<\/ul>\n<p><strong>\u00a0<\/strong><\/p>\n<p><strong>ACTIVITATS<\/strong><\/p>\n<ul>\n<li><strong>Col\u00f2nies i camps d\u2019aprenentatge.<\/strong><\/li>\n<li><strong>Sortides<\/strong> relacionades amb els projectes treballats<\/li>\n<li><strong>Trobades de ZER.<\/strong><\/li>\n<li><strong>Festes tradicionals<\/strong>.<\/li>\n<li><strong>Jornades liter\u00e0ries.<\/strong><\/li>\n<li><strong>Activitats amb diverses entitats<\/strong>.<\/li>\n<\/ul>\n<p>&nbsp;<\/p>\n<p><strong>SERVEIS I ACTIVITATS COMPLEMENT\u00c0RIES<\/strong><\/p>\n<ul>\n<li><strong>Menjador.<\/strong><\/li>\n<li><strong>Acollida matinal.<\/strong><\/li>\n<li><strong>Activitats extraescolars<\/strong> a c\u00e0rrec de l\u2019AMPA.<\/li>\n<\/ul>\n<p>&nbsp;<\/p>\n<p><strong>RELACIONS AMB LA COMUNITAT<\/strong><\/p>\n<ul>\n<li>Centre col\u00b7laborador Facultat Ci\u00e8ncies de l\u2019Educaci\u00f3 (pr\u00e0ctiques).<\/li>\n<li>Coordinaci\u00f3 amb l\u2019 Escola Bressol i l\u2019 Institut de refer\u00e8ncia.<\/li>\n<li>Col\u00b7laboraci\u00f3 amb Ajuntament i AMPA<strong>.<\/strong><\/li>\n<\/ul>\n<p>&nbsp;<\/p>\n","protected":false},"excerpt":{"rendered":"<p>La nostra ZER la formem tres escoles amb una llarga tradici\u00f3 de cooperaci\u00f3. Som escoles petites, de poble i p\u00fabliques arrelades al territori que compartim un mateix Projecte Educatiu i una mateixa Programaci\u00f3 General.\u00a0 Treballem en un espai de llibertat per als infants on la interacci\u00f3 d\u2019alumnes de diferents nivells enriqueix el seu proc\u00e9s d\u2019aprenentatge. [&hellip;]<\/p>\n","protected":false},"author":2,"featured_media":0,"parent":268,"menu_order":30,"comment_status":"closed","ping_status":"closed","template":"page-templates\/side-menu.php","meta":{"_bbp_topic_count":0,"_bbp_reply_count":0,"_bbp_total_topic_count":0,"_bbp_total_reply_count":0,"_bbp_voice_count":0,"_bbp_anonymous_reply_count":0,"_bbp_topic_count_hidden":0,"_bbp_reply_count_hidden":0,"_bbp_forum_subforum_count":0,"site-sidebar-layout":"default","site-content-layout":"","ast-site-content-layout":"","site-content-style":"default","site-sidebar-style":"default","ast-global-header-display":"","ast-banner-title-visibility":"","ast-main-header-display":"","ast-hfb-above-header-display":"","ast-hfb-below-header-display":"","ast-hfb-mobile-header-display":"","site-post-title":"","ast-breadcrumbs-content":"","ast-featured-img":"","footer-sml-layout":"","theme-transparent-header-meta":"","adv-header-id-meta":"","stick-header-meta":"","header-above-stick-meta":"","header-main-stick-meta":"","header-below-stick-meta":"","astra-migrate-meta-layouts":"default","ast-page-background-enabled":"default","ast-page-background-meta":{"desktop":{"background-color":"var(--ast-global-color-4)","background-image":"","background-repeat":"repeat","background-position":"center center","background-size":"auto","background-attachment":"scroll","background-type":"","background-media":"","overlay-type":"","overlay-color":"","overlay-opacity":"","overlay-gradient":""},"tablet":{"background-color":"","background-image":"","background-repeat":"repeat","background-position":"center center","background-size":"auto","background-attachment":"scroll","background-type":"","background-media":"","overlay-type":"","overlay-color":"","overlay-opacity":"","overlay-gradient":""},"mobile":{"background-color":"","background-image":"","background-repeat":"repeat","background-position":"center center","background-size":"auto","background-attachment":"scroll","background-type":"","background-media":"","overlay-type":"","overlay-color":"","overlay-opacity":"","overlay-gradient":""}},"ast-content-background-meta":{"desktop":{"background-color":"var(--ast-global-color-5)","background-image":"","background-repeat":"repeat","background-position":"center center","background-size":"auto","background-attachment":"scroll","background-type":"","background-media":"","overlay-type":"","overlay-color":"","overlay-opacity":"","overlay-gradient":""},"tablet":{"background-color":"var(--ast-global-color-5)","background-image":"","background-repeat":"repeat","background-position":"center center","background-size":"auto","background-attachment":"scroll","background-type":"","background-media":"","overlay-type":"","overlay-color":"","overlay-opacity":"","overlay-gradient":""},"mobile":{"background-color":"var(--ast-global-color-5)","background-image":"","background-repeat":"repeat","background-position":"center center","background-size":"auto","background-attachment":"scroll","background-type":"","background-media":"","overlay-type":"","overlay-color":"","overlay-opacity":"","overlay-gradient":""}},"footnotes":""},"class_list":["post-321","page","type-page","status-publish","hentry"],"post_mailing_queue_ids":[],"_links":{"self":[{"href":"https:\/\/agora.xtec.cat\/zeraltsegria\/wp-json\/wp\/v2\/pages\/321","targetHints":{"allow":["GET"]}}],"collection":[{"href":"https:\/\/agora.xtec.cat\/zeraltsegria\/wp-json\/wp\/v2\/pages"}],"about":[{"href":"https:\/\/agora.xtec.cat\/zeraltsegria\/wp-json\/wp\/v2\/types\/page"}],"author":[{"embeddable":true,"href":"https:\/\/agora.xtec.cat\/zeraltsegria\/wp-json\/wp\/v2\/users\/2"}],"replies":[{"embeddable":true,"href":"https:\/\/agora.xtec.cat\/zeraltsegria\/wp-json\/wp\/v2\/comments?post=321"}],"version-history":[{"count":3,"href":"https:\/\/agora.xtec.cat\/zeraltsegria\/wp-json\/wp\/v2\/pages\/321\/revisions"}],"predecessor-version":[{"id":5055,"href":"https:\/\/agora.xtec.cat\/zeraltsegria\/wp-json\/wp\/v2\/pages\/321\/revisions\/5055"}],"up":[{"embeddable":true,"href":"https:\/\/agora.xtec.cat\/zeraltsegria\/wp-json\/wp\/v2\/pages\/268"}],"wp:attachment":[{"href":"https:\/\/agora.xtec.cat\/zeraltsegria\/wp-json\/wp\/v2\/media?parent=321"}],"curies":[{"name":"wp","href":"https:\/\/api.w.org\/{rel}","templated":true}]}}