{"id":21094,"date":"2025-09-29T16:55:48","date_gmt":"2025-09-29T14:55:48","guid":{"rendered":"https:\/\/agora.xtec.cat\/zeraltsegria\/?page_id=21094"},"modified":"2026-01-15T16:27:18","modified_gmt":"2026-01-15T15:27:18","slug":"espai-families","status":"publish","type":"page","link":"https:\/\/agora.xtec.cat\/zeraltsegria\/espai-families\/","title":{"rendered":"ESPAI FAM\u00cdLIES!"},"content":{"rendered":"\n<figure class=\"wp-block-image alignright size-full is-resized\"><img loading=\"lazy\" decoding=\"async\" width=\"1024\" height=\"1024\" src=\"https:\/\/agora.xtec.cat\/zeraltsegria\/wp-content\/uploads\/usu461\/2025\/09\/Emblem-Logo-Family-and-School-Connection.png\" alt=\"\" class=\"wp-image-21095\" style=\"width:172px;height:auto\" srcset=\"https:\/\/agora.xtec.cat\/zeraltsegria\/wp-content\/uploads\/usu461\/2025\/09\/Emblem-Logo-Family-and-School-Connection.png 1024w, https:\/\/agora.xtec.cat\/zeraltsegria\/wp-content\/uploads\/usu461\/2025\/09\/Emblem-Logo-Family-and-School-Connection-300x300.png 300w, https:\/\/agora.xtec.cat\/zeraltsegria\/wp-content\/uploads\/usu461\/2025\/09\/Emblem-Logo-Family-and-School-Connection-150x150.png 150w, https:\/\/agora.xtec.cat\/zeraltsegria\/wp-content\/uploads\/usu461\/2025\/09\/Emblem-Logo-Family-and-School-Connection-768x768.png 768w\" sizes=\"auto, (max-width: 1024px) 100vw, 1024px\" \/><\/figure>\n\n\n\n<p><strong>Benvingudes fam\u00edlies de la ZER Alt Segri\u00e0<\/strong><\/p>\n\n\n\n<p>Aquest \u00e9s un espai pensat especialment per a vosaltres, on hi trobareu articles i recursos d\u2019inter\u00e8s per acompanyar els vostres fills i filles en les diferents etapes de l\u2019escolaritat.<\/p>\n\n\n\n<p>Volem que sigui un rac\u00f3 de suport i inspiraci\u00f3, amb continguts que us ajudin en el dia a dia i que reforcin la connexi\u00f3 entre fam\u00edlia i escola. No \u00e9s un espai de comentaris, sin\u00f3 un recull d\u2019informaci\u00f3 pr\u00e0ctica i \u00fatil sempre a l\u2019abast.<\/p>\n\n\n\n<p><strong>Perqu\u00e8 educar \u00e9s cr\u00e9ixer junts, pas a pas i de la m\u00e0.<\/strong><\/p>\n\n\n\n<p><\/p>\n\n\n\n<p><\/p>\n\n\n\n<p><\/p>\n\n\n\n<p><strong><mark style=\"background-color:rgba(0, 0, 0, 0)\" class=\"has-inline-color has-ast-global-color-1-color\">SOBREPROTECCI\u00d3 EN ELS INFANTS<\/mark><\/strong><\/p>\n\n\n\n<p>Aqu\u00ed us compartim un v\u00eddeo de Cristina Guti\u00e9rrez amb col\u00b7laboraci\u00f3 amb Make Mothers Matter on explica 7 idees per punxar la bombolla de la sobreprotecci\u00f3, ideal per a les fam\u00edlies i perqu\u00e8 els infants es converteixin en els seus dignes protectors!!!<\/p>\n\n\n\n<p><\/p>\n\n\n\n<figure class=\"wp-block-image aligncenter size-full is-resized\"><a href=\"https:\/\/www.instagram.com\/p\/CxvSwzeo2PW\"><img loading=\"lazy\" decoding=\"async\" width=\"400\" height=\"225\" src=\"https:\/\/agora.xtec.cat\/zeraltsegria\/wp-content\/uploads\/usu461\/2025\/09\/bombolla.jpg\" alt=\"\" class=\"wp-image-21100\" style=\"width:324px;height:auto\" srcset=\"https:\/\/agora.xtec.cat\/zeraltsegria\/wp-content\/uploads\/usu461\/2025\/09\/bombolla.jpg 400w, https:\/\/agora.xtec.cat\/zeraltsegria\/wp-content\/uploads\/usu461\/2025\/09\/bombolla-300x169.jpg 300w\" sizes=\"auto, (max-width: 400px) 100vw, 400px\" \/><\/a><\/figure>\n\n\n\n<p><\/p>\n\n\n\n<p><strong><mark style=\"background-color:rgba(0, 0, 0, 0)\" class=\"has-inline-color has-ast-global-color-1-color\">PLA DE DIGITALITZACI\u00d3 RESPONSABLE:<\/mark><\/strong><\/p>\n\n\n\n<p>Us adjuntem un document elaborat pel Departament d\u2019Educaci\u00f3 i Formaci\u00f3 Professional en el marc del&nbsp;<em>Pla de digitalitzaci\u00f3 responsable<\/em>, una iniciativa que t\u00e9 com a objectiu garantir que l\u2019alumnat adquireixi la compet\u00e8ncia digital i faci un \u00fas adequat, \u00e8tic, saludable i responsable dels dispositius digitals, posant-los al servei de l\u2019aprenentatge.<\/p>\n\n\n\n<p>Aquest Pla apel\u00b7la a tota la comunitat educativa, i molt especialment a les fam\u00edlies. Per aquest motiu, s\u2019ha elaborat una guia pensada per acompanyar-les en el proc\u00e9s de digitalitzaci\u00f3 responsable dels seus fills i filles.<\/p>\n\n\n\n<p><\/p>\n\n\n\n<figure class=\"wp-block-image aligncenter size-full is-resized\"><a href=\"https:\/\/educacio.gencat.cat\/ca\/departament\/linies-estrategiques\/pla-digitalitzacio-responsable\/\"><img loading=\"lazy\" decoding=\"async\" width=\"300\" height=\"168\" src=\"https:\/\/agora.xtec.cat\/zeraltsegria\/wp-content\/uploads\/usu461\/2025\/09\/digitalitzacio.jpg\" alt=\"\" class=\"wp-image-21101\" style=\"width:286px;height:auto\"\/><\/a><\/figure>\n\n\n\n<p>TAMB\u00c9 PODEU VEURE AQUEST ARTICLE RELACIONAT AMB EL TEMA DE LES PANTALLES.<\/p>\n\n\n\n<p><strong>Consum obsessiu infantil de pantalles: m\u00e9s addicci\u00f3, menys capacitat de control?<\/strong><\/p>\n\n\n\n<figure class=\"wp-block-image aligncenter size-full is-resized\"><a href=\"https:\/\/projectes.xtec.cat\/alumnat\/consum-obsessiu-infantil-de-pantalles-mes-addiccio-menys-capacitat-de-control\/\"><img loading=\"lazy\" decoding=\"async\" width=\"750\" height=\"416\" src=\"https:\/\/agora.xtec.cat\/zeraltsegria\/wp-content\/uploads\/usu461\/2026\/01\/6662.jpg\" alt=\"\" class=\"wp-image-21168\" style=\"width:371px;height:auto\" srcset=\"https:\/\/agora.xtec.cat\/zeraltsegria\/wp-content\/uploads\/usu461\/2026\/01\/6662.jpg 750w, https:\/\/agora.xtec.cat\/zeraltsegria\/wp-content\/uploads\/usu461\/2026\/01\/6662-300x166.jpg 300w\" sizes=\"auto, (max-width: 750px) 100vw, 750px\" \/><\/a><\/figure>\n\n\n\n<p><\/p>\n\n\n\n<p><\/p>\n\n\n\n<p class=\"has-ast-global-color-1-color has-text-color has-link-color wp-elements-1036adfb8d36e4121796051ed2df9d4c\"><strong>ACOMPANYAR ELS \u00c0PATS DELS INFANTS<\/strong><\/p>\n\n\n\n<p>Us deixem l&#8217;enlla\u00e7 a un document que parla de l&#8217;acompanyament en els \u00e0pats del infants. <\/p>\n\n\n\n<figure class=\"wp-block-image aligncenter size-full is-resized\"><a href=\"https:\/\/agora.xtec.cat\/zeraltsegria\/wp-content\/uploads\/usu461\/2025\/10\/acompanyar-apats-infants-consells-families-menjadors-escolars-1.pdf\"><img loading=\"lazy\" decoding=\"async\" width=\"176\" height=\"148\" src=\"https:\/\/agora.xtec.cat\/zeraltsegria\/wp-content\/uploads\/usu461\/2025\/10\/baixa.jpg\" alt=\"\" class=\"wp-image-21119\" style=\"width:240px;height:auto\"\/><\/a><\/figure>\n","protected":false},"excerpt":{"rendered":"<p>Benvingudes fam\u00edlies de la ZER Alt Segri\u00e0 Aquest \u00e9s un espai pensat especialment per a vosaltres, on hi trobareu articles i recursos d\u2019inter\u00e8s per acompanyar els vostres fills i filles en les diferents etapes de l\u2019escolaritat. Volem que sigui un rac\u00f3 de suport i inspiraci\u00f3, amb continguts que us ajudin en el dia a dia [&hellip;]<\/p>\n","protected":false},"author":67,"featured_media":0,"parent":0,"menu_order":0,"comment_status":"closed","ping_status":"close","template":"","meta":{"_bbp_topic_count":0,"_bbp_reply_count":0,"_bbp_total_topic_count":0,"_bbp_total_reply_count":0,"_bbp_voice_count":0,"_bbp_anonymous_reply_count":0,"_bbp_topic_count_hidden":0,"_bbp_reply_count_hidden":0,"_bbp_forum_subforum_count":0,"site-sidebar-layout":"default","site-content-layout":"","ast-site-content-layout":"default","site-content-style":"default","site-sidebar-style":"default","ast-global-header-display":"","ast-banner-title-visibility":"","ast-main-header-display":"","ast-hfb-above-header-display":"","ast-hfb-below-header-display":"","ast-hfb-mobile-header-display":"","site-post-title":"","ast-breadcrumbs-content":"","ast-featured-img":"","footer-sml-layout":"","theme-transparent-header-meta":"","adv-header-id-meta":"","stick-header-meta":"","header-above-stick-meta":"","header-main-stick-meta":"","header-below-stick-meta":"","astra-migrate-meta-layouts":"set","ast-page-background-enabled":"default","ast-page-background-meta":{"desktop":{"background-color":"var(--ast-global-color-4)","background-image":"","background-repeat":"repeat","background-position":"center center","background-size":"auto","background-attachment":"scroll","background-type":"","background-media":"","overlay-type":"","overlay-color":"","overlay-opacity":"","overlay-gradient":""},"tablet":{"background-color":"","background-image":"","background-repeat":"repeat","background-position":"center center","background-size":"auto","background-attachment":"scroll","background-type":"","background-media":"","overlay-type":"","overlay-color":"","overlay-opacity":"","overlay-gradient":""},"mobile":{"background-color":"","background-image":"","background-repeat":"repeat","background-position":"center center","background-size":"auto","background-attachment":"scroll","background-type":"","background-media":"","overlay-type":"","overlay-color":"","overlay-opacity":"","overlay-gradient":""}},"ast-content-background-meta":{"desktop":{"background-color":"var(--ast-global-color-5)","background-image":"","background-repeat":"repeat","background-position":"center center","background-size":"auto","background-attachment":"scroll","background-type":"","background-media":"","overlay-type":"","overlay-color":"","overlay-opacity":"","overlay-gradient":""},"tablet":{"background-color":"var(--ast-global-color-5)","background-image":"","background-repeat":"repeat","background-position":"center center","background-size":"auto","background-attachment":"scroll","background-type":"","background-media":"","overlay-type":"","overlay-color":"","overlay-opacity":"","overlay-gradient":""},"mobile":{"background-color":"var(--ast-global-color-5)","background-image":"","background-repeat":"repeat","background-position":"center center","background-size":"auto","background-attachment":"scroll","background-type":"","background-media":"","overlay-type":"","overlay-color":"","overlay-opacity":"","overlay-gradient":""}},"footnotes":""},"class_list":["post-21094","page","type-page","status-publish","hentry"],"post_mailing_queue_ids":[],"_links":{"self":[{"href":"https:\/\/agora.xtec.cat\/zeraltsegria\/wp-json\/wp\/v2\/pages\/21094","targetHints":{"allow":["GET"]}}],"collection":[{"href":"https:\/\/agora.xtec.cat\/zeraltsegria\/wp-json\/wp\/v2\/pages"}],"about":[{"href":"https:\/\/agora.xtec.cat\/zeraltsegria\/wp-json\/wp\/v2\/types\/page"}],"author":[{"embeddable":true,"href":"https:\/\/agora.xtec.cat\/zeraltsegria\/wp-json\/wp\/v2\/users\/67"}],"replies":[{"embeddable":true,"href":"https:\/\/agora.xtec.cat\/zeraltsegria\/wp-json\/wp\/v2\/comments?post=21094"}],"version-history":[{"count":6,"href":"https:\/\/agora.xtec.cat\/zeraltsegria\/wp-json\/wp\/v2\/pages\/21094\/revisions"}],"predecessor-version":[{"id":21171,"href":"https:\/\/agora.xtec.cat\/zeraltsegria\/wp-json\/wp\/v2\/pages\/21094\/revisions\/21171"}],"wp:attachment":[{"href":"https:\/\/agora.xtec.cat\/zeraltsegria\/wp-json\/wp\/v2\/media?parent=21094"}],"curies":[{"name":"wp","href":"https:\/\/api.w.org\/{rel}","templated":true}]}}