{"id":396,"date":"2015-07-23T15:26:30","date_gmt":"2015-07-23T14:26:30","guid":{"rendered":"http:\/\/agora.xtec.cat\/zeraltbergueda\/?page_id=396"},"modified":"2026-02-24T15:37:14","modified_gmt":"2026-02-24T14:37:14","slug":"qui-som","status":"publish","type":"page","link":"https:\/\/agora.xtec.cat\/zeraltbergueda\/escola-gamma\/qui-som\/","title":{"rendered":"Qui som?"},"content":{"rendered":"<p>L&#8217;escola p\u00fablica Serrat Voltor de Vallcebre, s&#8217;intengra dins la ZER Alt Bergued\u00e0, juntament amb les escoles de G\u00f3sol, Saldes i Sant Juli\u00e0 de Cerdanyola.\u00a0 L&#8217;atenci\u00f3 personalitzada als alumnes i l&#8217;estreta relaci\u00f3 entre l&#8217;escola, els i les alumnes, les seves fam\u00edlies, l&#8217;AFA i el municipi s\u00f3n alguns dels punts forts del nostre centre.<\/p>\n<p>L&#8217;escola acull infants de Vallcebre i de Saldes (aquests en edat de cursar l&#8217;etapa de prim\u00e0ria). Els infants de Saldes baixen fins l&#8217;escola de Vallcebre amb servei de taxi.<\/p>\n<p>A l&#8217;escola, s&#8217;imparteix Ensenyament Infantil (I1 a I5) i Ensenyament Primari (P1 a P6).<br \/>\nS&#8217;ofereix servei de Menjador escolar tots els dies lectius, amb servei de cuinera i monitora. Els aliments es cuinen a les mateixes instal\u00b7lacions, que es van posar en funcionament l&#8217;any 2010.<\/p>\n<p>L&#8217;escola de Vallcebre disposa tamb\u00e9 de gimn\u00e0s, biblioteca, tres aules, pista poliesportiva, zona de jocs infantils, i un ampli pati.<\/p>\n<p>Des de l&#8217;AFA de l&#8217;escola, amb el suport de l&#8217;Ajuntament, es realitzen diferents activitats extraescolars al llarg de l&#8217;any.<\/p>\n<p>L&#8217;ensenyament secundari s&#8217;imparteix a l&#8217;Institut Alt Bergued\u00e0, al municipi de Bag\u00e0. Hi ha un servei de transport escolar des de Vallcebre a l&#8217;Institut de Bag\u00e0.<\/p>\n<p><a href=\"https:\/\/agora.xtec.cat\/zeraltbergueda\/wp-content\/uploads\/usu2196\/2026\/02\/serrat-voltor1.png\"><img loading=\"lazy\" decoding=\"async\" class=\"alignnone size-large wp-image-3085\" src=\"https:\/\/agora.xtec.cat\/zeraltbergueda\/wp-content\/uploads\/usu2196\/2026\/02\/serrat-voltor1-1024x447.png\" alt=\"\" width=\"1024\" height=\"447\" srcset=\"https:\/\/agora.xtec.cat\/zeraltbergueda\/wp-content\/uploads\/usu2196\/2026\/02\/serrat-voltor1-1024x447.png 1024w, https:\/\/agora.xtec.cat\/zeraltbergueda\/wp-content\/uploads\/usu2196\/2026\/02\/serrat-voltor1-300x131.png 300w, https:\/\/agora.xtec.cat\/zeraltbergueda\/wp-content\/uploads\/usu2196\/2026\/02\/serrat-voltor1-768x335.png 768w, https:\/\/agora.xtec.cat\/zeraltbergueda\/wp-content\/uploads\/usu2196\/2026\/02\/serrat-voltor1.png 1347w\" sizes=\"auto, (max-width: 1024px) 100vw, 1024px\" \/><\/a><\/p>\n","protected":false},"excerpt":{"rendered":"<p>L&#8217;escola p\u00fablica Serrat Voltor de Vallcebre, s&#8217;intengra dins la ZER Alt Bergued\u00e0, juntament amb les escoles de G\u00f3sol, Saldes i Sant Juli\u00e0 de Cerdanyola.\u00a0 L&#8217;atenci\u00f3 personalitzada als alumnes i l&#8217;estreta relaci\u00f3 entre l&#8217;escola, els i les alumnes, les seves fam\u00edlies, l&#8217;AFA i el municipi s\u00f3n alguns dels punts forts del nostre centre. L&#8217;escola acull infants [&hellip;]<\/p>\n","protected":false},"author":1,"featured_media":0,"parent":268,"menu_order":10,"comment_status":"closed","ping_status":"closed","template":"","meta":{"_bbp_topic_count":0,"_bbp_reply_count":0,"_bbp_total_topic_count":0,"_bbp_total_reply_count":0,"_bbp_voice_count":0,"_bbp_anonymous_reply_count":0,"_bbp_topic_count_hidden":0,"_bbp_reply_count_hidden":0,"_bbp_forum_subforum_count":0,"site-sidebar-layout":"default","site-content-layout":"","ast-site-content-layout":"default","site-content-style":"default","site-sidebar-style":"default","ast-global-header-display":"","ast-banner-title-visibility":"","ast-main-header-display":"","ast-hfb-above-header-display":"","ast-hfb-below-header-display":"","ast-hfb-mobile-header-display":"","site-post-title":"","ast-breadcrumbs-content":"","ast-featured-img":"","footer-sml-layout":"","theme-transparent-header-meta":"","adv-header-id-meta":"","stick-header-meta":"","header-above-stick-meta":"","header-main-stick-meta":"","header-below-stick-meta":"","astra-migrate-meta-layouts":"set","ast-page-background-enabled":"default","ast-page-background-meta":{"desktop":{"background-color":"var(--ast-global-color-4)","background-image":"","background-repeat":"repeat","background-position":"center center","background-size":"auto","background-attachment":"scroll","background-type":"","background-media":"","overlay-type":"","overlay-color":"","overlay-opacity":"","overlay-gradient":""},"tablet":{"background-color":"","background-image":"","background-repeat":"repeat","background-position":"center center","background-size":"auto","background-attachment":"scroll","background-type":"","background-media":"","overlay-type":"","overlay-color":"","overlay-opacity":"","overlay-gradient":""},"mobile":{"background-color":"","background-image":"","background-repeat":"repeat","background-position":"center center","background-size":"auto","background-attachment":"scroll","background-type":"","background-media":"","overlay-type":"","overlay-color":"","overlay-opacity":"","overlay-gradient":""}},"ast-content-background-meta":{"desktop":{"background-color":"var(--ast-global-color-5)","background-image":"","background-repeat":"repeat","background-position":"center center","background-size":"auto","background-attachment":"scroll","background-type":"","background-media":"","overlay-type":"","overlay-color":"","overlay-opacity":"","overlay-gradient":""},"tablet":{"background-color":"var(--ast-global-color-5)","background-image":"","background-repeat":"repeat","background-position":"center center","background-size":"auto","background-attachment":"scroll","background-type":"","background-media":"","overlay-type":"","overlay-color":"","overlay-opacity":"","overlay-gradient":""},"mobile":{"background-color":"var(--ast-global-color-5)","background-image":"","background-repeat":"repeat","background-position":"center center","background-size":"auto","background-attachment":"scroll","background-type":"","background-media":"","overlay-type":"","overlay-color":"","overlay-opacity":"","overlay-gradient":""}},"footnotes":""},"class_list":["post-396","page","type-page","status-publish","hentry"],"post_mailing_queue_ids":[],"_links":{"self":[{"href":"https:\/\/agora.xtec.cat\/zeraltbergueda\/wp-json\/wp\/v2\/pages\/396","targetHints":{"allow":["GET"]}}],"collection":[{"href":"https:\/\/agora.xtec.cat\/zeraltbergueda\/wp-json\/wp\/v2\/pages"}],"about":[{"href":"https:\/\/agora.xtec.cat\/zeraltbergueda\/wp-json\/wp\/v2\/types\/page"}],"author":[{"embeddable":true,"href":"https:\/\/agora.xtec.cat\/zeraltbergueda\/wp-json\/wp\/v2\/users\/1"}],"replies":[{"embeddable":true,"href":"https:\/\/agora.xtec.cat\/zeraltbergueda\/wp-json\/wp\/v2\/comments?post=396"}],"version-history":[{"count":3,"href":"https:\/\/agora.xtec.cat\/zeraltbergueda\/wp-json\/wp\/v2\/pages\/396\/revisions"}],"predecessor-version":[{"id":3091,"href":"https:\/\/agora.xtec.cat\/zeraltbergueda\/wp-json\/wp\/v2\/pages\/396\/revisions\/3091"}],"up":[{"embeddable":true,"href":"https:\/\/agora.xtec.cat\/zeraltbergueda\/wp-json\/wp\/v2\/pages\/268"}],"wp:attachment":[{"href":"https:\/\/agora.xtec.cat\/zeraltbergueda\/wp-json\/wp\/v2\/media?parent=396"}],"curies":[{"name":"wp","href":"https:\/\/api.w.org\/{rel}","templated":true}]}}