{"id":258,"date":"2015-07-20T12:40:06","date_gmt":"2015-07-20T11:40:06","guid":{"rendered":"http:\/\/agora.xtec.cat\/zeraltbergueda\/?page_id=258"},"modified":"2020-06-16T19:48:28","modified_gmt":"2020-06-16T17:48:28","slug":"qui-som","status":"publish","type":"page","link":"https:\/\/agora.xtec.cat\/zeraltbergueda\/zer\/qui-som\/","title":{"rendered":"Qui som"},"content":{"rendered":"<p style=\"text-align: center;\"><strong>Zona Escolar Rural\u00a0 Alt Bergued\u00e0<\/strong><\/p>\n<p>Les zones escolars rurals (ZER) s\u00f3n institucions escolars de car\u00e0cter p\u00fablic formades per l\u2019agrupaci\u00f3 de centres d&#8217;educaci\u00f3 infantil i prim\u00e0ria que es constitueixen amb la finalitat d\u2019oferir el servei d\u2019ensenyament en condicions de major qualitat en zones de baixa demografia escolar.<\/p>\n<p>La zona escolar rural t\u00e9 consideraci\u00f3 de centre educatiu \u00fanic amb les caracter\u00edstiques i els efectes que es determinen en el <a href=\"http:\/\/dogc.gencat.cat\/ca\/pdogc_canals_interns\/pdogc_resultats_fitxa\/?documentId=545262&amp;language=ca_ES&amp;action=fitxa\" target=\"_blank\" rel=\"noopener noreferrer\">Decret 102\/2010, de 3 d\u2019agost d\u2019autonomia dels centres educatius<\/a>, sense perjudici de respectar la identitat jur\u00eddica de cadascuna de les escoles que la integren.<\/p>\n<p><strong>La ZER Alt Bergued\u00e0<\/strong> est\u00e0 formada per tres escoles situades en diferents municipis de l\u2019Alt Bergued\u00e0: l\u2019escola <strong>l\u2019Albiol de Sant Juli\u00e0 de Cerdanyola<\/strong>, l\u2019 escola <strong>Santa Margarida de G\u00f3sol<\/strong> i l\u2019escola <strong>Serrat Voltor de Vallcebre<\/strong>.<\/p>\n<p>La nostra ZER est\u00e0 ubicada a la part nord de la comarca del Bergued\u00e0, formant part de la prov\u00edncia de Barcelona, excepte l\u2019escola Santa Margarida, que es troba ja a la prov\u00edncia de Lleida tot i que forma part de la comarca del Bergued\u00e0.<\/p>\n<p>Les escoles que actualment formen la ZER, juntament amb altres escoles que malauradament ja han tancat, van demanar constituir-se com a tal, el 19 de juny de 1991, sol\u00b7licitud que va ser acceptada. Des d\u2019aquell moment ha passat per nombrosos canvis.<\/p>\n<p>El tret representatiu del nostre centre \u00e9s la ruralitat. Es tracta de tres pobles molt petits, amb pocs recursos i for\u00e7a allunyats de nuclis grans de poblaci\u00f3. Tradicionalment, la poblaci\u00f3 vivia de la pagesia i de la mineria, per\u00f2 tot i que es mantenen petites activitats agr\u00edcoles i ramaderes, poc a poc, aquestes han deixat pas al turisme i als serveis que apareixen com la principal font d\u2019ingressos de la zona.<\/p>\n<p>Els municipis on ens trobem veuen la necessitat d\u2019impulsar i mantenir l\u2019escola rural com a tret distintiu i mantenidor de la vida i la vitalitat del municipi.<\/p>\n<p>Les tres escoles de la ZER volem compartir un mateix model educatiu, respectant les peculiaritats de cadascun dels centres, desenvolupant les oportunitats que ofereix cadascuna de les poblacions i consensuant marcs d\u2019entesa que permetin elaborar cooperativament un projecte que ens identifiqui.<\/p>\n<p>La tipologia escolar dels nostres centres \u00e9s <strong>p\u00fablica i rural,<\/strong> on s\u2019imparteixen els nivells educatius d\u2019Infantil i Prim\u00e0ria, tot i que cada centre t\u00e9 una realitat diferent.<\/p>\n<p>L&#8217;Escola Rural, l&#8217;escola de les tres &#8220;P&#8221;: Petita, de Poble i P\u00fablica, \u00e9s una escola arrelada al territori, que d\u00f3na vida al municipi , que a vegades n&#8217;\u00e9s el pal de paller i\/o dinamitzadora d&#8217;una part de la vida que el poble genera, que aglutina persones, i que \u00e9s motiu de trobada i aprenentatge<\/p>\n<p>&nbsp;<\/p>\n<blockquote><p>&nbsp;<\/p><\/blockquote>\n<p>&nbsp;<\/p>\n<p>&nbsp;<\/p>\n","protected":false},"excerpt":{"rendered":"<p>Zona Escolar Rural\u00a0 Alt Bergued\u00e0 Les zones escolars rurals (ZER) s\u00f3n institucions escolars de car\u00e0cter p\u00fablic formades per l\u2019agrupaci\u00f3 de centres d&#8217;educaci\u00f3 infantil i prim\u00e0ria que es constitueixen amb la finalitat d\u2019oferir el servei d\u2019ensenyament en condicions de major qualitat en zones de baixa demografia escolar. La zona escolar rural t\u00e9 consideraci\u00f3 de centre educatiu [&hellip;]<\/p>\n","protected":false},"author":1,"featured_media":0,"parent":19,"menu_order":0,"comment_status":"closed","ping_status":"closed","template":"page-templates\/side-menu.php","meta":{"_bbp_topic_count":0,"_bbp_reply_count":0,"_bbp_total_topic_count":0,"_bbp_total_reply_count":0,"_bbp_voice_count":0,"_bbp_anonymous_reply_count":0,"_bbp_topic_count_hidden":0,"_bbp_reply_count_hidden":0,"_bbp_forum_subforum_count":0,"site-sidebar-layout":"default","site-content-layout":"","ast-site-content-layout":"","site-content-style":"default","site-sidebar-style":"default","ast-global-header-display":"","ast-banner-title-visibility":"","ast-main-header-display":"","ast-hfb-above-header-display":"","ast-hfb-below-header-display":"","ast-hfb-mobile-header-display":"","site-post-title":"","ast-breadcrumbs-content":"","ast-featured-img":"","footer-sml-layout":"","theme-transparent-header-meta":"","adv-header-id-meta":"","stick-header-meta":"","header-above-stick-meta":"","header-main-stick-meta":"","header-below-stick-meta":"","astra-migrate-meta-layouts":"default","ast-page-background-enabled":"default","ast-page-background-meta":{"desktop":{"background-color":"var(--ast-global-color-4)","background-image":"","background-repeat":"repeat","background-position":"center center","background-size":"auto","background-attachment":"scroll","background-type":"","background-media":"","overlay-type":"","overlay-color":"","overlay-opacity":"","overlay-gradient":""},"tablet":{"background-color":"","background-image":"","background-repeat":"repeat","background-position":"center center","background-size":"auto","background-attachment":"scroll","background-type":"","background-media":"","overlay-type":"","overlay-color":"","overlay-opacity":"","overlay-gradient":""},"mobile":{"background-color":"","background-image":"","background-repeat":"repeat","background-position":"center center","background-size":"auto","background-attachment":"scroll","background-type":"","background-media":"","overlay-type":"","overlay-color":"","overlay-opacity":"","overlay-gradient":""}},"ast-content-background-meta":{"desktop":{"background-color":"var(--ast-global-color-5)","background-image":"","background-repeat":"repeat","background-position":"center center","background-size":"auto","background-attachment":"scroll","background-type":"","background-media":"","overlay-type":"","overlay-color":"","overlay-opacity":"","overlay-gradient":""},"tablet":{"background-color":"var(--ast-global-color-5)","background-image":"","background-repeat":"repeat","background-position":"center center","background-size":"auto","background-attachment":"scroll","background-type":"","background-media":"","overlay-type":"","overlay-color":"","overlay-opacity":"","overlay-gradient":""},"mobile":{"background-color":"var(--ast-global-color-5)","background-image":"","background-repeat":"repeat","background-position":"center center","background-size":"auto","background-attachment":"scroll","background-type":"","background-media":"","overlay-type":"","overlay-color":"","overlay-opacity":"","overlay-gradient":""}},"footnotes":""},"class_list":["post-258","page","type-page","status-publish","hentry"],"post_mailing_queue_ids":[],"_links":{"self":[{"href":"https:\/\/agora.xtec.cat\/zeraltbergueda\/wp-json\/wp\/v2\/pages\/258","targetHints":{"allow":["GET"]}}],"collection":[{"href":"https:\/\/agora.xtec.cat\/zeraltbergueda\/wp-json\/wp\/v2\/pages"}],"about":[{"href":"https:\/\/agora.xtec.cat\/zeraltbergueda\/wp-json\/wp\/v2\/types\/page"}],"author":[{"embeddable":true,"href":"https:\/\/agora.xtec.cat\/zeraltbergueda\/wp-json\/wp\/v2\/users\/1"}],"replies":[{"embeddable":true,"href":"https:\/\/agora.xtec.cat\/zeraltbergueda\/wp-json\/wp\/v2\/comments?post=258"}],"version-history":[{"count":3,"href":"https:\/\/agora.xtec.cat\/zeraltbergueda\/wp-json\/wp\/v2\/pages\/258\/revisions"}],"predecessor-version":[{"id":861,"href":"https:\/\/agora.xtec.cat\/zeraltbergueda\/wp-json\/wp\/v2\/pages\/258\/revisions\/861"}],"up":[{"embeddable":true,"href":"https:\/\/agora.xtec.cat\/zeraltbergueda\/wp-json\/wp\/v2\/pages\/19"}],"wp:attachment":[{"href":"https:\/\/agora.xtec.cat\/zeraltbergueda\/wp-json\/wp\/v2\/media?parent=258"}],"curies":[{"name":"wp","href":"https:\/\/api.w.org\/{rel}","templated":true}]}}