{"id":156,"date":"2014-10-21T10:21:56","date_gmt":"2014-10-21T10:21:56","guid":{"rendered":"http:\/\/agora.xtec.cat\/zer-solsones\/?page_id=156"},"modified":"2026-04-27T10:20:22","modified_gmt":"2026-04-27T08:20:22","slug":"escoles-de-la-zer","status":"publish","type":"page","link":"https:\/\/agora.xtec.cat\/zer-solsones\/lescola\/escoles-de-la-zer\/","title":{"rendered":"Escoles de la ZER"},"content":{"rendered":"\n<div class=\"wp-block-media-text is-stacked-on-mobile\" style=\"grid-template-columns:33% auto\"><figure class=\"wp-block-media-text__media\"><a href=\"https:\/\/agora.xtec.cat\/zer-solsones\/categoria\/aiguadora\/\"><img loading=\"lazy\" decoding=\"async\" width=\"1024\" height=\"554\" src=\"https:\/\/agora.xtec.cat\/zer-solsones\/wp-content\/uploads\/usu317\/2024\/11\/Edifici-Escola-Aiguadora-3-1024x554.jpg\" alt=\"\" class=\"wp-image-12079 size-full\" srcset=\"https:\/\/agora.xtec.cat\/zer-solsones\/wp-content\/uploads\/usu317\/2024\/11\/Edifici-Escola-Aiguadora-3-1024x554.jpg 1024w, https:\/\/agora.xtec.cat\/zer-solsones\/wp-content\/uploads\/usu317\/2024\/11\/Edifici-Escola-Aiguadora-3-300x162.jpg 300w, https:\/\/agora.xtec.cat\/zer-solsones\/wp-content\/uploads\/usu317\/2024\/11\/Edifici-Escola-Aiguadora-3-768x415.jpg 768w, https:\/\/agora.xtec.cat\/zer-solsones\/wp-content\/uploads\/usu317\/2024\/11\/Edifici-Escola-Aiguadora-3-1536x830.jpg 1536w, https:\/\/agora.xtec.cat\/zer-solsones\/wp-content\/uploads\/usu317\/2024\/11\/Edifici-Escola-Aiguadora-3-2048x1107.jpg 2048w\" sizes=\"auto, (max-width: 1024px) 100vw, 1024px\" \/><\/a><\/figure><div class=\"wp-block-media-text__content\">\n<pre class=\"wp-block-preformatted\"><strong>ESCOLA AIGUADORA<br><\/strong>Tel. 973482453<br>ceip-aiguadora@xtec.cat<br>3 aules, 34 alumnes<br>Ctra. C-26 Km. 116,5 \u2013 25286 Nav\u00e8s<\/pre>\n<\/div><\/div>\n\n\n\n<p><\/p>\n\n\n\n<div class=\"wp-block-media-text is-stacked-on-mobile\" style=\"grid-template-columns:33% auto\"><figure class=\"wp-block-media-text__media\"><a href=\"https:\/\/agora.xtec.cat\/zer-solsones\/categoria\/ardevol\/\"><img loading=\"lazy\" decoding=\"async\" width=\"768\" height=\"577\" src=\"https:\/\/agora.xtec.cat\/zer-solsones\/wp-content\/uploads\/usu317\/2026\/03\/escola-ardevol.jpg\" alt=\"\" class=\"wp-image-13346 size-full\" srcset=\"https:\/\/agora.xtec.cat\/zer-solsones\/wp-content\/uploads\/usu317\/2026\/03\/escola-ardevol.jpg 768w, https:\/\/agora.xtec.cat\/zer-solsones\/wp-content\/uploads\/usu317\/2026\/03\/escola-ardevol-300x225.jpg 300w\" sizes=\"auto, (max-width: 768px) 100vw, 768px\" \/><\/a><\/figure><div class=\"wp-block-media-text__content\">\n<pre class=\"wp-block-preformatted\"><strong>ESCOLA D'ARD\u00c8VOL<\/strong><br>Tel. 634794475<br>c5006069@xtec.cat<br>2 aules, 13 alumnes<br>C\/Major, 1 \u2013 25287 Ard\u00e8vol de Pin\u00f3s<\/pre>\n<\/div><\/div>\n\n\n\n<p><\/p>\n\n\n\n<div class=\"wp-block-media-text is-stacked-on-mobile\" style=\"grid-template-columns:33% auto\"><figure class=\"wp-block-media-text__media\"><a href=\"https:\/\/agora.xtec.cat\/zer-solsones\/categoria\/freixinet\/\"><img decoding=\"async\" src=\"https:\/\/lh3.googleusercontent.com\/-vVQIHWeWk5A\/UGIKfHRUk_I\/AAAAAAAAKS4\/l6lnHt6oIgU\/s600\/Freixinet.jpg\" alt=\"\"\/><\/a><\/figure><div class=\"wp-block-media-text__content\">\n<pre class=\"wp-block-preformatted\"><strong>ESCOLA FREIXINET<br><\/strong>Tel. 973481877<br>c5003974@xtec.cat<br>2 aules, 14 alumnes<br>25290 Freixinet (Riner)<\/pre>\n<\/div><\/div>\n\n\n\n<p><\/p>\n\n\n\n<div class=\"wp-block-media-text is-stacked-on-mobile\" style=\"grid-template-columns:33% auto\"><figure class=\"wp-block-media-text__media\"><a href=\"https:\/\/agora.xtec.cat\/zer-solsones\/categoria\/lacoma\/\"><img decoding=\"async\" src=\"https:\/\/lh6.googleusercontent.com\/-KbwyPrSXkcU\/UGIKfSgC_8I\/AAAAAAAAKTA\/dVg71xgg9q0\/s640\/LaComa.jpg\" alt=\"\"\/><\/a><\/figure><div class=\"wp-block-media-text__content\">\n<pre class=\"wp-block-preformatted\"><strong>ESCOLA DE LA COMA<br><\/strong>Tel. 634791888<br>c5003536@xtec.cat<br>1 aula, 13 alumnes<br>Pl. de l\u2019Ajuntament \u2013 25284 La Coma<\/pre>\n<\/div><\/div>\n\n\n\n<p><\/p>\n\n\n\n<p><\/p>\n\n\n\n<div class=\"wp-block-media-text is-stacked-on-mobile\" style=\"grid-template-columns:33% auto\"><figure class=\"wp-block-media-text__media\"><a href=\"https:\/\/agora.xtec.cat\/zer-solsones\/categoria\/lladurs\/\"><img decoding=\"async\" src=\"https:\/\/lh3.googleusercontent.com\/-hx_ChUmE3cA\/VXqVn_8QtEI\/AAAAAAAAWDI\/R1OMHnDVYNg\/s658\/escola%25255B1%25255D.jpg\" alt=\"ESCOLA DE LLADURS\"\/><\/a><\/figure><div class=\"wp-block-media-text__content\">\n<pre class=\"wp-block-preformatted\"><strong>ESCOLA DE LLADURS<br><\/strong>Tel. 973299060<br>c5002982@xtec.cat<br>2 aules, 16 alumnes<br>Ctra. Solsona-St. Lloren\u00e7, Km. 7,5 25283 Lladurs<\/pre>\n<\/div><\/div>\n\n\n\n<p><\/p>\n\n\n\n<p><\/p>\n\n\n\n<div class=\"wp-block-media-text is-stacked-on-mobile\" style=\"grid-template-columns:33% auto\"><figure class=\"wp-block-media-text__media\"><a href=\"https:\/\/agora.xtec.cat\/zer-solsones\/categoria\/llobera\/\"><img loading=\"lazy\" decoding=\"async\" width=\"1024\" height=\"629\" src=\"https:\/\/agora.xtec.cat\/zer-solsones\/wp-content\/uploads\/usu317\/2024\/10\/0-foto-portada-escola-LLobera-1024x629.jpg\" alt=\"\" class=\"wp-image-11886 size-full\" srcset=\"https:\/\/agora.xtec.cat\/zer-solsones\/wp-content\/uploads\/usu317\/2024\/10\/0-foto-portada-escola-LLobera-1024x629.jpg 1024w, https:\/\/agora.xtec.cat\/zer-solsones\/wp-content\/uploads\/usu317\/2024\/10\/0-foto-portada-escola-LLobera-300x184.jpg 300w, https:\/\/agora.xtec.cat\/zer-solsones\/wp-content\/uploads\/usu317\/2024\/10\/0-foto-portada-escola-LLobera-768x472.jpg 768w, https:\/\/agora.xtec.cat\/zer-solsones\/wp-content\/uploads\/usu317\/2024\/10\/0-foto-portada-escola-LLobera-1536x943.jpg 1536w, https:\/\/agora.xtec.cat\/zer-solsones\/wp-content\/uploads\/usu317\/2024\/10\/0-foto-portada-escola-LLobera-2048x1257.jpg 2048w\" sizes=\"auto, (max-width: 1024px) 100vw, 1024px\" \/><\/a><\/figure><div class=\"wp-block-media-text__content\">\n<pre class=\"wp-block-preformatted\"><strong>ESCOLA DE LLOBERA<\/strong><br>Tel. 973250058<br>escola-llobera@xtec.cat<br>4 aules, 35 alumnes<br>Ctra. Tor\u00e0 s\/n \u2013 25281 Llobera<\/pre>\n<\/div><\/div>\n\n\n\n<p><\/p>\n\n\n\n<div class=\"wp-block-media-text is-stacked-on-mobile\" style=\"grid-template-columns:33% auto\"><figure class=\"wp-block-media-text__media\"><a href=\"https:\/\/agora.xtec.cat\/zer-solsones\/categoria\/santcli\/\"><img loading=\"lazy\" decoding=\"async\" width=\"1024\" height=\"768\" src=\"https:\/\/agora.xtec.cat\/zer-solsones\/wp-content\/uploads\/usu317\/2024\/10\/foto-escola-edifici-2-1-1024x768.jpeg\" alt=\"\" class=\"wp-image-11887 size-full\" srcset=\"https:\/\/agora.xtec.cat\/zer-solsones\/wp-content\/uploads\/usu317\/2024\/10\/foto-escola-edifici-2-1-1024x768.jpeg 1024w, https:\/\/agora.xtec.cat\/zer-solsones\/wp-content\/uploads\/usu317\/2024\/10\/foto-escola-edifici-2-1-300x225.jpeg 300w, https:\/\/agora.xtec.cat\/zer-solsones\/wp-content\/uploads\/usu317\/2024\/10\/foto-escola-edifici-2-1-768x576.jpeg 768w, https:\/\/agora.xtec.cat\/zer-solsones\/wp-content\/uploads\/usu317\/2024\/10\/foto-escola-edifici-2-1-1536x1152.jpeg 1536w, https:\/\/agora.xtec.cat\/zer-solsones\/wp-content\/uploads\/usu317\/2024\/10\/foto-escola-edifici-2-1-200x150.jpeg 200w, https:\/\/agora.xtec.cat\/zer-solsones\/wp-content\/uploads\/usu317\/2024\/10\/foto-escola-edifici-2-1.jpeg 2040w\" sizes=\"auto, (max-width: 1024px) 100vw, 1024px\" \/><\/a><\/figure><div class=\"wp-block-media-text__content\">\n<pre class=\"wp-block-preformatted\"><strong>ESCOLA DE SANT CLIMEN\u00c7<br><\/strong>Tel. 621213030<br>escolasantclimen@xtec.cat<br>1 aula, 7 alumnes<br>C\/\u00danic, s\/n \u2013 25286 St, Climen\u00e7 de Pinell<\/pre>\n<\/div><\/div>\n\n\n\n<p><\/p>\n\n\n\n<pre class=\"wp-block-preformatted\"><strong>MESTRES ESPECIALISTES<\/strong><br>2 Llengua anglesa<br>1 Necessitats Espec\u00edfiques de Suport Educatiu<br>1 Educaci\u00f3 musical<br>1 Educaci\u00f3 F\u00edsica<\/pre>\n\n\n\n<p class=\"has-text-align-center has-large-font-size\"><strong>APOSTEM PEL M\u00d3N RURAL<\/strong><\/p>\n\n\n\n<p><\/p>\n","protected":false},"excerpt":{"rendered":"<p>ESCOLA AIGUADORATel. 973482453ceip-aiguadora@xtec.cat3 aules, 34 alumnesCtra. C-26 Km. 116,5 \u2013 25286 Nav\u00e8s ESCOLA D&#8217;ARD\u00c8VOLTel. 634794475c5006069@xtec.cat2 aules, 13 alumnesC\/Major, 1 \u2013 25287 Ard\u00e8vol de Pin\u00f3s ESCOLA FREIXINETTel. 973481877c5003974@xtec.cat2 aules, 14 alumnes25290 Freixinet (Riner) ESCOLA DE LA COMATel. 634791888c5003536@xtec.cat1 aula, 13 alumnesPl. de l\u2019Ajuntament \u2013 25284 La Coma ESCOLA DE LLADURSTel. 973299060c5002982@xtec.cat2 aules, 16 alumnesCtra. Solsona-St. Lloren\u00e7, [&hellip;]<\/p>\n","protected":false},"author":1,"featured_media":0,"parent":22,"menu_order":6,"comment_status":"closed","ping_status":"closed","template":"","meta":{"_bbp_topic_count":0,"_bbp_reply_count":0,"_bbp_total_topic_count":0,"_bbp_total_reply_count":0,"_bbp_voice_count":0,"_bbp_anonymous_reply_count":0,"_bbp_topic_count_hidden":0,"_bbp_reply_count_hidden":0,"_bbp_forum_subforum_count":0,"site-sidebar-layout":"default","site-content-layout":"","ast-site-content-layout":"default","site-content-style":"default","site-sidebar-style":"default","ast-global-header-display":"","ast-banner-title-visibility":"","ast-main-header-display":"","ast-hfb-above-header-display":"","ast-hfb-below-header-display":"","ast-hfb-mobile-header-display":"","site-post-title":"","ast-breadcrumbs-content":"","ast-featured-img":"","footer-sml-layout":"","theme-transparent-header-meta":"","adv-header-id-meta":"","stick-header-meta":"","header-above-stick-meta":"","header-main-stick-meta":"","header-below-stick-meta":"","astra-migrate-meta-layouts":"set","ast-page-background-enabled":"default","ast-page-background-meta":{"desktop":{"background-color":"var(--ast-global-color-4)","background-image":"","background-repeat":"repeat","background-position":"center center","background-size":"auto","background-attachment":"scroll","background-type":"","background-media":"","overlay-type":"","overlay-color":"","overlay-opacity":"","overlay-gradient":""},"tablet":{"background-color":"","background-image":"","background-repeat":"repeat","background-position":"center center","background-size":"auto","background-attachment":"scroll","background-type":"","background-media":"","overlay-type":"","overlay-color":"","overlay-opacity":"","overlay-gradient":""},"mobile":{"background-color":"","background-image":"","background-repeat":"repeat","background-position":"center center","background-size":"auto","background-attachment":"scroll","background-type":"","background-media":"","overlay-type":"","overlay-color":"","overlay-opacity":"","overlay-gradient":""}},"ast-content-background-meta":{"desktop":{"background-color":"var(--ast-global-color-5)","background-image":"","background-repeat":"repeat","background-position":"center center","background-size":"auto","background-attachment":"scroll","background-type":"","background-media":"","overlay-type":"","overlay-color":"","overlay-opacity":"","overlay-gradient":""},"tablet":{"background-color":"var(--ast-global-color-5)","background-image":"","background-repeat":"repeat","background-position":"center center","background-size":"auto","background-attachment":"scroll","background-type":"","background-media":"","overlay-type":"","overlay-color":"","overlay-opacity":"","overlay-gradient":""},"mobile":{"background-color":"var(--ast-global-color-5)","background-image":"","background-repeat":"repeat","background-position":"center center","background-size":"auto","background-attachment":"scroll","background-type":"","background-media":"","overlay-type":"","overlay-color":"","overlay-opacity":"","overlay-gradient":""}},"footnotes":""},"class_list":["post-156","page","type-page","status-publish","hentry"],"post_mailing_queue_ids":[],"_links":{"self":[{"href":"https:\/\/agora.xtec.cat\/zer-solsones\/wp-json\/wp\/v2\/pages\/156","targetHints":{"allow":["GET"]}}],"collection":[{"href":"https:\/\/agora.xtec.cat\/zer-solsones\/wp-json\/wp\/v2\/pages"}],"about":[{"href":"https:\/\/agora.xtec.cat\/zer-solsones\/wp-json\/wp\/v2\/types\/page"}],"author":[{"embeddable":true,"href":"https:\/\/agora.xtec.cat\/zer-solsones\/wp-json\/wp\/v2\/users\/1"}],"replies":[{"embeddable":true,"href":"https:\/\/agora.xtec.cat\/zer-solsones\/wp-json\/wp\/v2\/comments?post=156"}],"version-history":[{"count":6,"href":"https:\/\/agora.xtec.cat\/zer-solsones\/wp-json\/wp\/v2\/pages\/156\/revisions"}],"predecessor-version":[{"id":13568,"href":"https:\/\/agora.xtec.cat\/zer-solsones\/wp-json\/wp\/v2\/pages\/156\/revisions\/13568"}],"up":[{"embeddable":true,"href":"https:\/\/agora.xtec.cat\/zer-solsones\/wp-json\/wp\/v2\/pages\/22"}],"wp:attachment":[{"href":"https:\/\/agora.xtec.cat\/zer-solsones\/wp-json\/wp\/v2\/media?parent=156"}],"curies":[{"name":"wp","href":"https:\/\/api.w.org\/{rel}","templated":true}]}}

<div class="wp-block-media-text is-stacked-on-mobile" style="grid-template-columns:33% auto"><figure class="wp-block-media-text__media"><a href="https://agora.xtec.cat/zer-solsones/categoria/aiguadora/"><img loading="lazy" decoding="async" width="1024" height="554" src="https://agora.xtec.cat/zer-solsones/wp-content/uploads/usu317/2024/11/Edifici-Escola-Aiguadora-3-1024x554.jpg" alt="" class="wp-image-12079 size-full" srcset="https://agora.xtec.cat/zer-solsones/wp-content/uploads/usu317/2024/11/Edifici-Escola-Aiguadora-3-1024x554.jpg 1024w, https://agora.xtec.cat/zer-solsones/wp-content/uploads/usu317/2024/11/Edifici-Escola-Aiguadora-3-300x162.jpg 300w, https://agora.xtec.cat/zer-solsones/wp-content/uploads/usu317/2024/11/Edifici-Escola-Aiguadora-3-768x415.jpg 768w, https://agora.xtec.cat/zer-solsones/wp-content/uploads/usu317/2024/11/Edifici-Escola-Aiguadora-3-1536x830.jpg 1536w, https://agora.xtec.cat/zer-solsones/wp-content/uploads/usu317/2024/11/Edifici-Escola-Aiguadora-3-2048x1107.jpg 2048w" sizes="auto, (max-width: 1024px) 100vw, 1024px" /></a></figure><div class="wp-block-media-text__content">
<pre class="wp-block-preformatted"><strong>ESCOLA AIGUADORA<br></strong>Tel. 973482453<br>ceip-aiguadora@xtec.cat<br>3 aules, 34 alumnes<br>Ctra. C-26 Km. 116,5 – 25286 Navès</pre>
</div></div>



<p></p>



<div class="wp-block-media-text is-stacked-on-mobile" style="grid-template-columns:33% auto"><figure class="wp-block-media-text__media"><a href="https://agora.xtec.cat/zer-solsones/categoria/ardevol/"><img loading="lazy" decoding="async" width="768" height="577" src="https://agora.xtec.cat/zer-solsones/wp-content/uploads/usu317/2026/03/escola-ardevol.jpg" alt="" class="wp-image-13346 size-full" srcset="https://agora.xtec.cat/zer-solsones/wp-content/uploads/usu317/2026/03/escola-ardevol.jpg 768w, https://agora.xtec.cat/zer-solsones/wp-content/uploads/usu317/2026/03/escola-ardevol-300x225.jpg 300w" sizes="auto, (max-width: 768px) 100vw, 768px" /></a></figure><div class="wp-block-media-text__content">
<pre class="wp-block-preformatted"><strong>ESCOLA D'ARDÈVOL</strong><br>Tel. 634794475<br>c5006069@xtec.cat<br>2 aules, 13 alumnes<br>C/Major, 1 – 25287 Ardèvol de Pinós</pre>
</div></div>



<p></p>



<div class="wp-block-media-text is-stacked-on-mobile" style="grid-template-columns:33% auto"><figure class="wp-block-media-text__media"><a href="https://agora.xtec.cat/zer-solsones/categoria/freixinet/"><img decoding="async" src="https://lh3.googleusercontent.com/-vVQIHWeWk5A/UGIKfHRUk_I/AAAAAAAAKS4/l6lnHt6oIgU/s600/Freixinet.jpg" alt=""/></a></figure><div class="wp-block-media-text__content">
<pre class="wp-block-preformatted"><strong>ESCOLA FREIXINET<br></strong>Tel. 973481877<br>c5003974@xtec.cat<br>2 aules, 14 alumnes<br>25290 Freixinet (Riner)</pre>
</div></div>



<p></p>



<div class="wp-block-media-text is-stacked-on-mobile" style="grid-template-columns:33% auto"><figure class="wp-block-media-text__media"><a href="https://agora.xtec.cat/zer-solsones/categoria/lacoma/"><img decoding="async" src="https://lh6.googleusercontent.com/-KbwyPrSXkcU/UGIKfSgC_8I/AAAAAAAAKTA/dVg71xgg9q0/s640/LaComa.jpg" alt=""/></a></figure><div class="wp-block-media-text__content">
<pre class="wp-block-preformatted"><strong>ESCOLA DE LA COMA<br></strong>Tel. 634791888<br>c5003536@xtec.cat<br>1 aula, 13 alumnes<br>Pl. de l’Ajuntament – 25284 La Coma</pre>
</div></div>



<p></p>



<p></p>



<div class="wp-block-media-text is-stacked-on-mobile" style="grid-template-columns:33% auto"><figure class="wp-block-media-text__media"><a href="https://agora.xtec.cat/zer-solsones/categoria/lladurs/"><img decoding="async" src="https://lh3.googleusercontent.com/-hx_ChUmE3cA/VXqVn_8QtEI/AAAAAAAAWDI/R1OMHnDVYNg/s658/escola%25255B1%25255D.jpg" alt="ESCOLA DE LLADURS"/></a></figure><div class="wp-block-media-text__content">
<pre class="wp-block-preformatted"><strong>ESCOLA DE LLADURS<br></strong>Tel. 973299060<br>c5002982@xtec.cat<br>2 aules, 16 alumnes<br>Ctra. Solsona-St. Llorenç, Km. 7,5 25283 Lladurs</pre>
</div></div>



<p></p>



<p></p>



<div class="wp-block-media-text is-stacked-on-mobile" style="grid-template-columns:33% auto"><figure class="wp-block-media-text__media"><a href="https://agora.xtec.cat/zer-solsones/categoria/llobera/"><img loading="lazy" decoding="async" width="1024" height="629" src="https://agora.xtec.cat/zer-solsones/wp-content/uploads/usu317/2024/10/0-foto-portada-escola-LLobera-1024x629.jpg" alt="" class="wp-image-11886 size-full" srcset="https://agora.xtec.cat/zer-solsones/wp-content/uploads/usu317/2024/10/0-foto-portada-escola-LLobera-1024x629.jpg 1024w, https://agora.xtec.cat/zer-solsones/wp-content/uploads/usu317/2024/10/0-foto-portada-escola-LLobera-300x184.jpg 300w, https://agora.xtec.cat/zer-solsones/wp-content/uploads/usu317/2024/10/0-foto-portada-escola-LLobera-768x472.jpg 768w, https://agora.xtec.cat/zer-solsones/wp-content/uploads/usu317/2024/10/0-foto-portada-escola-LLobera-1536x943.jpg 1536w, https://agora.xtec.cat/zer-solsones/wp-content/uploads/usu317/2024/10/0-foto-portada-escola-LLobera-2048x1257.jpg 2048w" sizes="auto, (max-width: 1024px) 100vw, 1024px" /></a></figure><div class="wp-block-media-text__content">
<pre class="wp-block-preformatted"><strong>ESCOLA DE LLOBERA</strong><br>Tel. 973250058<br>escola-llobera@xtec.cat<br>4 aules, 35 alumnes<br>Ctra. Torà s/n – 25281 Llobera</pre>
</div></div>



<p></p>



<div class="wp-block-media-text is-stacked-on-mobile" style="grid-template-columns:33% auto"><figure class="wp-block-media-text__media"><a href="https://agora.xtec.cat/zer-solsones/categoria/santcli/"><img loading="lazy" decoding="async" width="1024" height="768" src="https://agora.xtec.cat/zer-solsones/wp-content/uploads/usu317/2024/10/foto-escola-edifici-2-1-1024x768.jpeg" alt="" class="wp-image-11887 size-full" srcset="https://agora.xtec.cat/zer-solsones/wp-content/uploads/usu317/2024/10/foto-escola-edifici-2-1-1024x768.jpeg 1024w, https://agora.xtec.cat/zer-solsones/wp-content/uploads/usu317/2024/10/foto-escola-edifici-2-1-300x225.jpeg 300w, https://agora.xtec.cat/zer-solsones/wp-content/uploads/usu317/2024/10/foto-escola-edifici-2-1-768x576.jpeg 768w, https://agora.xtec.cat/zer-solsones/wp-content/uploads/usu317/2024/10/foto-escola-edifici-2-1-1536x1152.jpeg 1536w, https://agora.xtec.cat/zer-solsones/wp-content/uploads/usu317/2024/10/foto-escola-edifici-2-1-200x150.jpeg 200w, https://agora.xtec.cat/zer-solsones/wp-content/uploads/usu317/2024/10/foto-escola-edifici-2-1.jpeg 2040w" sizes="auto, (max-width: 1024px) 100vw, 1024px" /></a></figure><div class="wp-block-media-text__content">
<pre class="wp-block-preformatted"><strong>ESCOLA DE SANT CLIMENÇ<br></strong>Tel. 621213030<br>escolasantclimen@xtec.cat<br>1 aula, 7 alumnes<br>C/Únic, s/n – 25286 St, Climenç de Pinell</pre>
</div></div>



<p></p>



<pre class="wp-block-preformatted"><strong>MESTRES ESPECIALISTES</strong><br>2 Llengua anglesa<br>1 Necessitats Específiques de Suport Educatiu<br>1 Educació musical<br>1 Educació Física</pre>



<p class="has-text-align-center has-large-font-size"><strong>APOSTEM PEL MÓN RURAL</strong></p>



<p></p>

<p>ESCOLA AIGUADORATel. 973482453ceip-aiguadora@xtec.cat3 aules, 34 alumnesCtra. C-26 Km. 116,5 – 25286 Navès ESCOLA D&#8217;ARDÈVOLTel. 634794475c5006069@xtec.cat2 aules, 13 alumnesC/Major, 1 – 25287 Ardèvol de Pinós ESCOLA FREIXINETTel. 973481877c5003974@xtec.cat2 aules, 14 alumnes25290 Freixinet (Riner) ESCOLA DE LA COMATel. 634791888c5003536@xtec.cat1 aula, 13 alumnesPl. de l’Ajuntament – 25284 La Coma ESCOLA DE LLADURSTel. 973299060c5002982@xtec.cat2 aules, 16 alumnesCtra. Solsona-St. Llorenç, [&hellip;]</p>
