{"id":712,"date":"2017-03-06T16:12:25","date_gmt":"2017-03-06T15:12:25","guid":{"rendered":"http:\/\/agora.xtec.cat\/zer-requesens\/?page_id=712"},"modified":"2019-10-23T15:19:59","modified_gmt":"2019-10-23T13:19:59","slug":"euromania","status":"publish","type":"page","link":"https:\/\/agora.xtec.cat\/zer-requesens\/zer\/que-fem\/euromania\/","title":{"rendered":"Euromania"},"content":{"rendered":"<p align=\"justify\"><span style=\"color: #000000;\"><span style=\"font-family: Arial, sans-serif;\"><span style=\"font-size: medium;\"><span lang=\"ca-ES\">Un dels objectius del sistema educatiu \u00e9s que l\u2019alumnat ha de tenir una \u201cactitud positiva d\u2019inter\u00e8s i de confian\u00e7a davant l\u2019aprenentatge de lleng\u00fces estrangeres i per con\u00e8ixer altres lleng\u00fces i cultures\u201d. Euromania es troba inclosa en el <\/span><\/span><\/span><\/span><em><span style=\"color: #000000;\"><span style=\"font-family: Arial, sans-serif;\"><span style=\"font-size: medium;\"><span lang=\"ca-ES\"><i>Marc per al pluriling\u00fcisme<\/i><\/span><\/span><\/span><\/span><\/em><span style=\"color: #000000;\"><span style=\"font-family: Arial, sans-serif;\"><span style=\"font-size: medium;\"><span lang=\"ca-ES\">, un projecte institucional de potenciaci\u00f3 en la formaci\u00f3 de parlants pluriling\u00fces i pluriculturals que siguin capa\u00e7os d\u2019interactuar en un m\u00f3n globalitzat complex.<\/span><\/span><\/span><\/span><\/p>\n<p lang=\"ca-ES\" align=\"justify\"><span style=\"color: #000000;\"><span style=\"font-family: Arial, sans-serif;\"><span style=\"font-size: medium;\">Els objectius d\u2019aquest projecte s\u00f3n els seg\u00fcents:<\/span><\/span><\/span><\/p>\n<ul>\n<li>\n<p align=\"justify\"><span style=\"color: #000000;\"><span style=\"font-family: Arial, sans-serif;\"><span style=\"font-size: medium;\"><span lang=\"ca-ES\">Desvetllar <\/span><\/span><\/span><\/span><strong><span style=\"color: #000000;\"><span style=\"font-family: Arial, sans-serif;\"><span style=\"font-size: medium;\"><span lang=\"ca-ES\">interessos pluriling\u00fces <\/span><\/span><\/span><\/span><\/strong><span style=\"color: #000000;\"><span style=\"font-family: Arial, sans-serif;\"><span style=\"font-size: medium;\"><span lang=\"ca-ES\">i trencar barreres davant l\u2019aprenentatge d\u2019una llengua nova.<\/span><\/span><\/span><\/span><\/p>\n<\/li>\n<li>\n<p align=\"justify\"><span style=\"color: #000000;\"><span style=\"font-family: Arial, sans-serif;\"><span style=\"font-size: medium;\"><span lang=\"ca-ES\">Facilitar i potenciar la intercomprensi\u00f3 ling\u00fc\u00edstica en l\u2019\u00e0mbit rom\u00e0nic, mitjan\u00e7ant la <\/span><\/span><\/span><\/span><strong><span style=\"color: #000000;\"><span style=\"font-family: Arial, sans-serif;\"><span style=\"font-size: medium;\"><span lang=\"ca-ES\">transfer\u00e8ncia interling\u00fc\u00edstica i intercultural per tal de construir <\/span><\/span><\/span><\/span><\/strong><span style=\"color: #000000;\"><span style=\"font-family: Arial, sans-serif;\"><span style=\"font-size: medium;\"><span lang=\"ca-ES\">una vertadera <\/span><\/span><\/span><\/span><strong><span style=\"color: #000000;\"><span style=\"font-family: Arial, sans-serif;\"><span style=\"font-size: medium;\"><span lang=\"ca-ES\">via cap al pluriling\u00fcisme<\/span><\/span><\/span><\/span><\/strong><span style=\"color: #000000;\"><span style=\"font-family: Arial, sans-serif;\"><span style=\"font-size: medium;\"><span lang=\"ca-ES\">.<\/span><\/span><\/span><\/span><\/p>\n<\/li>\n<li>\n<p align=\"justify\"><span style=\"color: #000000;\"><span style=\"font-family: Arial, sans-serif;\"><span style=\"font-size: medium;\"><span lang=\"ca-ES\">Assessorar l\u2019alumnat en el respecte cap a la diversitat ling\u00fc\u00edstica mitjan\u00e7ant el <\/span><\/span><\/span><\/span><strong><span style=\"color: #000000;\"><span style=\"font-family: Arial, sans-serif;\"><span style=\"font-size: medium;\"><span lang=\"ca-ES\">coneixement del propi repertori ling\u00fc\u00edstic i de l\u2019entorn.<\/span><\/span><\/span><\/span><\/strong><\/p>\n<\/li>\n<li>\n<p align=\"justify\"><span style=\"color: #000000;\"><span style=\"font-family: Arial, sans-serif;\"><span style=\"font-size: medium;\"><span lang=\"ca-ES\">Enfortir la compet\u00e8ncia d\u2019<\/span><\/span><\/span><\/span><strong><span style=\"color: #000000;\"><span style=\"font-family: Arial, sans-serif;\"><span style=\"font-size: medium;\"><span lang=\"ca-ES\">aprendre a aprendre <\/span><\/span><\/span><\/span><\/strong><span style=\"color: #000000;\"><span style=\"font-family: Arial, sans-serif;\"><span style=\"font-size: medium;\"><span lang=\"ca-ES\">com una de les compet\u00e8ncies b\u00e0siques del nostre curr\u00edculum.<\/span><\/span><\/span><\/span><\/p>\n<\/li>\n<li>\n<p align=\"justify\"><span style=\"color: #000000;\"><span style=\"font-family: Arial, sans-serif;\"><span style=\"font-size: medium;\"><span lang=\"ca-ES\">Potenciar la <\/span><\/span><\/span><\/span><strong><span style=\"color: #000000;\"><span style=\"font-family: Arial, sans-serif;\"><span style=\"font-size: medium;\"><span lang=\"ca-ES\">comprensi\u00f3 lectora <\/span><\/span><\/span><\/span><\/strong><span style=\"color: #000000;\"><span style=\"font-family: Arial, sans-serif;\"><span style=\"font-size: medium;\"><span lang=\"ca-ES\">entre <\/span><\/span><\/span><\/span><span style=\"color: #000000;\"><span style=\"font-family: Arial, sans-serif;\"><span style=\"font-size: medium;\"><span lang=\"ca-ES\">7<\/span><\/span><\/span><\/span><span style=\"color: #000000;\"><span style=\"font-family: Arial, sans-serif;\"><span style=\"font-size: medium;\"><span lang=\"ca-ES\"> lleng\u00fces rom\u00e0niques com a pr\u00f2leg per a la millora de la comprensi\u00f3 lectora en lleng\u00fces catalana i castellana.<\/span><\/span><\/span><\/span><\/p>\n<\/li>\n<li>\n<p align=\"justify\"><span style=\"color: #000000;\"><span style=\"font-family: Arial, sans-serif;\"><span style=\"font-size: medium;\"><span lang=\"ca-ES\">Posar en marxa noves metodologies docents de <\/span><\/span><\/span><\/span><strong><span style=\"color: #000000;\"><span style=\"font-family: Arial, sans-serif;\"><span style=\"font-size: medium;\"><span lang=\"ca-ES\">co-construcci\u00f3 del coneixement a l\u2019aula<\/span><\/span><\/span><\/span><\/strong><span style=\"color: #000000;\"><span style=\"font-family: Arial, sans-serif;\"><span style=\"font-size: medium;\"><span lang=\"ca-ES\">, mitjan\u00e7ant el treball cooperatiu i el guiatge propi de la tasca docent.<\/span><\/span><\/span><\/span><\/p>\n<\/li>\n<\/ul>\n<p lang=\"ca-ES\" align=\"justify\"><span style=\"color: #000000;\"><span style=\"font-family: Arial, sans-serif;\"><span style=\"font-size: medium;\">A la ZER Requesens portem a terme aquest projecte amb l&#8217;alumnat de cicle mitj\u00e0 i superior, utilitzant un material de suport elaborat per un equip de docents i ling\u00fcistes de la Universitat de Toulouse.<\/span><\/span><\/span><\/p>\n","protected":false},"excerpt":{"rendered":"<p>Un dels objectius del sistema educatiu \u00e9s que l\u2019alumnat ha de tenir una \u201cactitud positiva d\u2019inter\u00e8s i de confian\u00e7a davant l\u2019aprenentatge de lleng\u00fces estrangeres i per con\u00e8ixer altres lleng\u00fces i cultures\u201d. Euromania es troba inclosa en el Marc per al pluriling\u00fcisme, un projecte institucional de&hellip;  <a href=\"https:\/\/agora.xtec.cat\/zer-requesens\/zer\/que-fem\/euromania\/\" title=\"Read Euromania\">Llegeix m\u00e9s\u00bb<\/a><\/p>\n","protected":false},"author":1,"featured_media":0,"parent":297,"menu_order":0,"comment_status":"closed","ping_status":"closed","template":"","meta":{"_bbp_topic_count":0,"_bbp_reply_count":0,"_bbp_total_topic_count":0,"_bbp_total_reply_count":0,"_bbp_voice_count":0,"_bbp_anonymous_reply_count":0,"_bbp_topic_count_hidden":0,"_bbp_reply_count_hidden":0,"_bbp_forum_subforum_count":0,"footnotes":""},"class_list":["post-712","page","type-page","status-publish","hentry"],"post_mailing_queue_ids":[],"_links":{"self":[{"href":"https:\/\/agora.xtec.cat\/zer-requesens\/wp-json\/wp\/v2\/pages\/712","targetHints":{"allow":["GET"]}}],"collection":[{"href":"https:\/\/agora.xtec.cat\/zer-requesens\/wp-json\/wp\/v2\/pages"}],"about":[{"href":"https:\/\/agora.xtec.cat\/zer-requesens\/wp-json\/wp\/v2\/types\/page"}],"author":[{"embeddable":true,"href":"https:\/\/agora.xtec.cat\/zer-requesens\/wp-json\/wp\/v2\/users\/1"}],"replies":[{"embeddable":true,"href":"https:\/\/agora.xtec.cat\/zer-requesens\/wp-json\/wp\/v2\/comments?post=712"}],"version-history":[{"count":2,"href":"https:\/\/agora.xtec.cat\/zer-requesens\/wp-json\/wp\/v2\/pages\/712\/revisions"}],"predecessor-version":[{"id":1885,"href":"https:\/\/agora.xtec.cat\/zer-requesens\/wp-json\/wp\/v2\/pages\/712\/revisions\/1885"}],"up":[{"embeddable":true,"href":"https:\/\/agora.xtec.cat\/zer-requesens\/wp-json\/wp\/v2\/pages\/297"}],"wp:attachment":[{"href":"https:\/\/agora.xtec.cat\/zer-requesens\/wp-json\/wp\/v2\/media?parent=712"}],"curies":[{"name":"wp","href":"https:\/\/api.w.org\/{rel}","templated":true}]}}

<p align="justify"><span style="color: #000000;"><span style="font-family: Arial, sans-serif;"><span style="font-size: medium;"><span lang="ca-ES">Un dels objectius del sistema educatiu és que l’alumnat ha de tenir una “actitud positiva d’interès i de confiança davant l’aprenentatge de llengües estrangeres i per conèixer altres llengües i cultures”. Euromania es troba inclosa en el </span></span></span></span><em><span style="color: #000000;"><span style="font-family: Arial, sans-serif;"><span style="font-size: medium;"><span lang="ca-ES"><i>Marc per al plurilingüisme</i></span></span></span></span></em><span style="color: #000000;"><span style="font-family: Arial, sans-serif;"><span style="font-size: medium;"><span lang="ca-ES">, un projecte institucional de potenciació en la formació de parlants plurilingües i pluriculturals que siguin capaços d’interactuar en un món globalitzat complex.</span></span></span></span></p>
<p lang="ca-ES" align="justify"><span style="color: #000000;"><span style="font-family: Arial, sans-serif;"><span style="font-size: medium;">Els objectius d’aquest projecte són els següents:</span></span></span></p>
<ul>
<li>
<p align="justify"><span style="color: #000000;"><span style="font-family: Arial, sans-serif;"><span style="font-size: medium;"><span lang="ca-ES">Desvetllar </span></span></span></span><strong><span style="color: #000000;"><span style="font-family: Arial, sans-serif;"><span style="font-size: medium;"><span lang="ca-ES">interessos plurilingües </span></span></span></span></strong><span style="color: #000000;"><span style="font-family: Arial, sans-serif;"><span style="font-size: medium;"><span lang="ca-ES">i trencar barreres davant l’aprenentatge d’una llengua nova.</span></span></span></span></p>
</li>
<li>
<p align="justify"><span style="color: #000000;"><span style="font-family: Arial, sans-serif;"><span style="font-size: medium;"><span lang="ca-ES">Facilitar i potenciar la intercomprensió lingüística en l’àmbit romànic, mitjançant la </span></span></span></span><strong><span style="color: #000000;"><span style="font-family: Arial, sans-serif;"><span style="font-size: medium;"><span lang="ca-ES">transferència interlingüística i intercultural per tal de construir </span></span></span></span></strong><span style="color: #000000;"><span style="font-family: Arial, sans-serif;"><span style="font-size: medium;"><span lang="ca-ES">una vertadera </span></span></span></span><strong><span style="color: #000000;"><span style="font-family: Arial, sans-serif;"><span style="font-size: medium;"><span lang="ca-ES">via cap al plurilingüisme</span></span></span></span></strong><span style="color: #000000;"><span style="font-family: Arial, sans-serif;"><span style="font-size: medium;"><span lang="ca-ES">.</span></span></span></span></p>
</li>
<li>
<p align="justify"><span style="color: #000000;"><span style="font-family: Arial, sans-serif;"><span style="font-size: medium;"><span lang="ca-ES">Assessorar l’alumnat en el respecte cap a la diversitat lingüística mitjançant el </span></span></span></span><strong><span style="color: #000000;"><span style="font-family: Arial, sans-serif;"><span style="font-size: medium;"><span lang="ca-ES">coneixement del propi repertori lingüístic i de l’entorn.</span></span></span></span></strong></p>
</li>
<li>
<p align="justify"><span style="color: #000000;"><span style="font-family: Arial, sans-serif;"><span style="font-size: medium;"><span lang="ca-ES">Enfortir la competència d’</span></span></span></span><strong><span style="color: #000000;"><span style="font-family: Arial, sans-serif;"><span style="font-size: medium;"><span lang="ca-ES">aprendre a aprendre </span></span></span></span></strong><span style="color: #000000;"><span style="font-family: Arial, sans-serif;"><span style="font-size: medium;"><span lang="ca-ES">com una de les competències bàsiques del nostre currículum.</span></span></span></span></p>
</li>
<li>
<p align="justify"><span style="color: #000000;"><span style="font-family: Arial, sans-serif;"><span style="font-size: medium;"><span lang="ca-ES">Potenciar la </span></span></span></span><strong><span style="color: #000000;"><span style="font-family: Arial, sans-serif;"><span style="font-size: medium;"><span lang="ca-ES">comprensió lectora </span></span></span></span></strong><span style="color: #000000;"><span style="font-family: Arial, sans-serif;"><span style="font-size: medium;"><span lang="ca-ES">entre </span></span></span></span><span style="color: #000000;"><span style="font-family: Arial, sans-serif;"><span style="font-size: medium;"><span lang="ca-ES">7</span></span></span></span><span style="color: #000000;"><span style="font-family: Arial, sans-serif;"><span style="font-size: medium;"><span lang="ca-ES"> llengües romàniques com a pròleg per a la millora de la comprensió lectora en llengües catalana i castellana.</span></span></span></span></p>
</li>
<li>
<p align="justify"><span style="color: #000000;"><span style="font-family: Arial, sans-serif;"><span style="font-size: medium;"><span lang="ca-ES">Posar en marxa noves metodologies docents de </span></span></span></span><strong><span style="color: #000000;"><span style="font-family: Arial, sans-serif;"><span style="font-size: medium;"><span lang="ca-ES">co-construcció del coneixement a l’aula</span></span></span></span></strong><span style="color: #000000;"><span style="font-family: Arial, sans-serif;"><span style="font-size: medium;"><span lang="ca-ES">, mitjançant el treball cooperatiu i el guiatge propi de la tasca docent.</span></span></span></span></p>
</li>
</ul>
<p lang="ca-ES" align="justify"><span style="color: #000000;"><span style="font-family: Arial, sans-serif;"><span style="font-size: medium;">A la ZER Requesens portem a terme aquest projecte amb l&#8217;alumnat de cicle mitjà i superior, utilitzant un material de suport elaborat per un equip de docents i lingüistes de la Universitat de Toulouse.</span></span></span></p>

<p>Un dels objectius del sistema educatiu és que l’alumnat ha de tenir una “actitud positiva d’interès i de confiança davant l’aprenentatge de llengües estrangeres i per conèixer altres llengües i cultures”. Euromania es troba inclosa en el Marc per al plurilingüisme, un projecte institucional de&hellip;  <a href="https://agora.xtec.cat/zer-requesens/zer/que-fem/euromania/" title="Read Euromania">Llegeix més»</a></p>
