{"id":707,"date":"2017-03-06T16:08:55","date_gmt":"2017-03-06T15:08:55","guid":{"rendered":"http:\/\/agora.xtec.cat\/zer-requesens\/?page_id=707"},"modified":"2019-10-23T15:18:05","modified_gmt":"2019-10-23T13:18:05","slug":"albera-sense-frontera","status":"publish","type":"page","link":"https:\/\/agora.xtec.cat\/zer-requesens\/zer\/que-fem\/albera-sense-frontera\/","title":{"rendered":"Albera sense Frontera"},"content":{"rendered":"<p lang=\"ca-ES\" align=\"justify\"><span style=\"color: #000000;\"><span style=\"font-family: arial, helvetica, geneva;\"><span style=\"font-size: medium;\">Albera sense Frontera \u00e9s un projecte transfronterer en qu\u00e8 centres del Principat de Catalunya s\u2019agermanen amb centres de la Catalunya Nord per portar a terme projectes transdisciplinaris compartits i donar a con\u00e8ixer la Serra de l&#8217;Albera per ambdues bandes. <\/span><\/span><\/span><\/p>\n<p lang=\"ca-ES\" align=\"justify\"><span style=\"color: #000000;\"><span style=\"font-family: arial, helvetica, geneva;\"><span style=\"font-size: medium;\">A la ZER treballem el projecte des de les \u00e0rees de coneixement del medi i d&#8217;educaci\u00f3 f\u00edsica mitjan\u00e7ant sortides com la pernocta al ve\u00efnat de Requesens, l&#8217;acampada als Aiguamolls de l&#8217;Empord\u00e0, la ruta al Puig de l&#8217;\u00c0liga i la ruta a Sant Onofre. Des de l&#8217;\u00e0rea de franc\u00e8s -2a llengua estrangera- ho fem amb la correspond\u00e8ncia i la trobada amb alumnat de la Catalunya Nord a Paulilles, Sureda, fort de Bellaguarda i Cotlliure.<\/span><\/span><\/span><\/p>\n<p lang=\"ca-ES\" align=\"justify\"><span style=\"color: #000000;\"><span style=\"font-family: arial, helvetica, geneva;\"><span style=\"font-size: medium;\">Els objectius s\u00f3n:<\/span><\/span><\/span><\/p>\n<ul>\n<li>\n<p lang=\"ca-ES\" align=\"justify\"><span style=\"color: #000000;\"><span style=\"font-family: arial, helvetica, geneva;\"><span style=\"font-size: medium;\">Establir vincles de treball col\u00b7laboratiu entre escoles de la Catalunya Nord i del Principat.<\/span><\/span><\/span><\/p>\n<\/li>\n<li>\n<p lang=\"ca-ES\" align=\"justify\"><span style=\"color: #000000;\"><span style=\"font-family: arial, helvetica, geneva;\"><span style=\"font-size: medium;\">Donar a con\u00e8ixer l&#8217;entorn de l&#8217;Albera per ambdues bandes.<\/span><\/span><\/span><\/p>\n<\/li>\n<li>\n<p lang=\"ca-ES\" align=\"justify\"><span style=\"color: #000000;\"><span style=\"font-family: arial, helvetica, geneva;\"><span style=\"font-size: medium;\">Adonar-se que el Rossell\u00f3 \u00e9s m\u00e9s a prop del que sovint pensem.<\/span><\/span><\/span><\/p>\n<\/li>\n<li>\n<p lang=\"ca-ES\" align=\"justify\"><span style=\"color: #000000;\"><span style=\"font-family: arial, helvetica, geneva;\"><span style=\"font-size: medium;\">Prendre consci\u00e8ncia de la necessitat de dur la documentaci\u00f3 adient a l&#8217;hora de viatjar.<\/span><\/span><\/span><\/p>\n<\/li>\n<\/ul>\n","protected":false},"excerpt":{"rendered":"<p>Albera sense Frontera \u00e9s un projecte transfronterer en qu\u00e8 centres del Principat de Catalunya s\u2019agermanen amb centres de la Catalunya Nord per portar a terme projectes transdisciplinaris compartits i donar a con\u00e8ixer la Serra de l&#8217;Albera per ambdues bandes.<br \/>\nA la ZER treballem el projecte&hellip;  <a href=\"https:\/\/agora.xtec.cat\/zer-requesens\/zer\/que-fem\/albera-sense-frontera\/\" title=\"Read Albera sense Frontera\">Llegeix m\u00e9s\u00bb<\/a><\/p>\n","protected":false},"author":1,"featured_media":0,"parent":297,"menu_order":0,"comment_status":"closed","ping_status":"closed","template":"","meta":{"_bbp_topic_count":0,"_bbp_reply_count":0,"_bbp_total_topic_count":0,"_bbp_total_reply_count":0,"_bbp_voice_count":0,"_bbp_anonymous_reply_count":0,"_bbp_topic_count_hidden":0,"_bbp_reply_count_hidden":0,"_bbp_forum_subforum_count":0,"footnotes":""},"class_list":["post-707","page","type-page","status-publish","hentry"],"post_mailing_queue_ids":[],"_links":{"self":[{"href":"https:\/\/agora.xtec.cat\/zer-requesens\/wp-json\/wp\/v2\/pages\/707","targetHints":{"allow":["GET"]}}],"collection":[{"href":"https:\/\/agora.xtec.cat\/zer-requesens\/wp-json\/wp\/v2\/pages"}],"about":[{"href":"https:\/\/agora.xtec.cat\/zer-requesens\/wp-json\/wp\/v2\/types\/page"}],"author":[{"embeddable":true,"href":"https:\/\/agora.xtec.cat\/zer-requesens\/wp-json\/wp\/v2\/users\/1"}],"replies":[{"embeddable":true,"href":"https:\/\/agora.xtec.cat\/zer-requesens\/wp-json\/wp\/v2\/comments?post=707"}],"version-history":[{"count":2,"href":"https:\/\/agora.xtec.cat\/zer-requesens\/wp-json\/wp\/v2\/pages\/707\/revisions"}],"predecessor-version":[{"id":1882,"href":"https:\/\/agora.xtec.cat\/zer-requesens\/wp-json\/wp\/v2\/pages\/707\/revisions\/1882"}],"up":[{"embeddable":true,"href":"https:\/\/agora.xtec.cat\/zer-requesens\/wp-json\/wp\/v2\/pages\/297"}],"wp:attachment":[{"href":"https:\/\/agora.xtec.cat\/zer-requesens\/wp-json\/wp\/v2\/media?parent=707"}],"curies":[{"name":"wp","href":"https:\/\/api.w.org\/{rel}","templated":true}]}}

<p lang="ca-ES" align="justify"><span style="color: #000000;"><span style="font-family: arial, helvetica, geneva;"><span style="font-size: medium;">Albera sense Frontera és un projecte transfronterer en què centres del Principat de Catalunya s’agermanen amb centres de la Catalunya Nord per portar a terme projectes transdisciplinaris compartits i donar a conèixer la Serra de l&#8217;Albera per ambdues bandes. </span></span></span></p>
<p lang="ca-ES" align="justify"><span style="color: #000000;"><span style="font-family: arial, helvetica, geneva;"><span style="font-size: medium;">A la ZER treballem el projecte des de les àrees de coneixement del medi i d&#8217;educació física mitjançant sortides com la pernocta al veïnat de Requesens, l&#8217;acampada als Aiguamolls de l&#8217;Empordà, la ruta al Puig de l&#8217;Àliga i la ruta a Sant Onofre. Des de l&#8217;àrea de francès -2a llengua estrangera- ho fem amb la correspondència i la trobada amb alumnat de la Catalunya Nord a Paulilles, Sureda, fort de Bellaguarda i Cotlliure.</span></span></span></p>
<p lang="ca-ES" align="justify"><span style="color: #000000;"><span style="font-family: arial, helvetica, geneva;"><span style="font-size: medium;">Els objectius són:</span></span></span></p>
<ul>
<li>
<p lang="ca-ES" align="justify"><span style="color: #000000;"><span style="font-family: arial, helvetica, geneva;"><span style="font-size: medium;">Establir vincles de treball col·laboratiu entre escoles de la Catalunya Nord i del Principat.</span></span></span></p>
</li>
<li>
<p lang="ca-ES" align="justify"><span style="color: #000000;"><span style="font-family: arial, helvetica, geneva;"><span style="font-size: medium;">Donar a conèixer l&#8217;entorn de l&#8217;Albera per ambdues bandes.</span></span></span></p>
</li>
<li>
<p lang="ca-ES" align="justify"><span style="color: #000000;"><span style="font-family: arial, helvetica, geneva;"><span style="font-size: medium;">Adonar-se que el Rosselló és més a prop del que sovint pensem.</span></span></span></p>
</li>
<li>
<p lang="ca-ES" align="justify"><span style="color: #000000;"><span style="font-family: arial, helvetica, geneva;"><span style="font-size: medium;">Prendre consciència de la necessitat de dur la documentació adient a l&#8217;hora de viatjar.</span></span></span></p>
</li>
</ul>

<p>Albera sense Frontera és un projecte transfronterer en què centres del Principat de Catalunya s’agermanen amb centres de la Catalunya Nord per portar a terme projectes transdisciplinaris compartits i donar a conèixer la Serra de l&#8217;Albera per ambdues bandes.<br />
A la ZER treballem el projecte&hellip;  <a href="https://agora.xtec.cat/zer-requesens/zer/que-fem/albera-sense-frontera/" title="Read Albera sense Frontera">Llegeix més»</a></p>
