{"id":3496,"date":"2022-05-24T12:11:18","date_gmt":"2022-05-24T10:11:18","guid":{"rendered":"https:\/\/agora.xtec.cat\/zer-requesens\/?page_id=3496"},"modified":"2023-06-13T13:38:38","modified_gmt":"2023-06-13T11:38:38","slug":"diagnosi","status":"publish","type":"page","link":"https:\/\/agora.xtec.cat\/zer-requesens\/estrategia-digital-de-centre\/part-estrategia\/diagnosi\/","title":{"rendered":"Diagnosi"},"content":{"rendered":"<p><span style=\"font-weight: 400;\">Per fer la diagnosi, la comissi\u00f3 digital de la ZER ha utilitzat tres recursos:<\/span><\/p>\n<ul>\n<li style=\"font-weight: 400;\" aria-level=\"1\"><span style=\"font-weight: 400;\">Enquesta a trav\u00e9s del formulari Google a les fam\u00edlies. <\/span><span style=\"font-weight: 400;\">Van contestar 68 fam\u00edlies.<\/span><\/li>\n<li style=\"font-weight: 400;\" aria-level=\"1\"><span style=\"font-weight: 400;\">Enquesta mitjan\u00e7ant eina Selfie a l&#8217;alumnat, al professorat i a l\u2019equip directiu de ZER i de cadascuna de les escoles.<\/span><\/li>\n<\/ul>\n<p><span style=\"font-weight: 400;\">\u00cdndex de participaci\u00f3 :<\/span><\/p>\n<ul>\n<li style=\"font-weight: 400;\" aria-level=\"1\"><span style=\"font-weight: 400;\">Equip directiu 4\/5 \u00a0 <\/span> <span style=\"font-weight: 400;\">80%<\/span><\/li>\n<li style=\"font-weight: 400;\" aria-level=\"1\"><span style=\"font-weight: 400;\">Professorat 11\/12 <\/span> <span style=\"font-weight: 400;\">92%<\/span><\/li>\n<li style=\"font-weight: 400;\" aria-level=\"1\"><span style=\"font-weight: 400;\">Alumnat 30\/31\u00a0 \u00a0 \u00a0 <\/span> <span style=\"font-weight: 400;\">97%<\/span><\/li>\n<li style=\"font-weight: 400;\" aria-level=\"1\"><span style=\"font-weight: 400;\">Buidatge i an\u00e0lisi dels resultats per part de membres de la comissi\u00f3 digital<\/span><\/li>\n<\/ul>\n<p><a href=\"https:\/\/agora.xtec.cat\/zer-requesens\/wp-content\/uploads\/usu993\/2023\/05\/SELFIE.jpg\"><img loading=\"lazy\" decoding=\"async\" class=\"size-full wp-image-4156 aligncenter\" src=\"https:\/\/agora.xtec.cat\/zer-requesens\/wp-content\/uploads\/usu993\/2023\/05\/SELFIE.jpg\" alt=\"\" width=\"565\" height=\"722\" srcset=\"https:\/\/agora.xtec.cat\/zer-requesens\/wp-content\/uploads\/usu993\/2023\/05\/SELFIE.jpg 565w, https:\/\/agora.xtec.cat\/zer-requesens\/wp-content\/uploads\/usu993\/2023\/05\/SELFIE-235x300.jpg 235w\" sizes=\"auto, (max-width: 565px) 100vw, 565px\" \/><\/a><\/p>\n<p>&nbsp;<\/p>\n<p>A partir de l&#8217;an\u00e0lisi de les respostes de la comunitat educativa es detecten els seg\u00fcents punts forts i punt febles:<\/p>\n<p><a href=\"https:\/\/agora.xtec.cat\/zer-requesens\/wp-content\/uploads\/usu993\/2023\/06\/dafo-EDC.jpg\"><img loading=\"lazy\" decoding=\"async\" class=\"alignnone size-large wp-image-4193\" src=\"https:\/\/agora.xtec.cat\/zer-requesens\/wp-content\/uploads\/usu993\/2023\/06\/dafo-EDC-1024x576.jpg\" alt=\"\" width=\"1024\" height=\"576\" srcset=\"https:\/\/agora.xtec.cat\/zer-requesens\/wp-content\/uploads\/usu993\/2023\/06\/dafo-EDC-1024x576.jpg 1024w, https:\/\/agora.xtec.cat\/zer-requesens\/wp-content\/uploads\/usu993\/2023\/06\/dafo-EDC-300x169.jpg 300w, https:\/\/agora.xtec.cat\/zer-requesens\/wp-content\/uploads\/usu993\/2023\/06\/dafo-EDC-768x432.jpg 768w, https:\/\/agora.xtec.cat\/zer-requesens\/wp-content\/uploads\/usu993\/2023\/06\/dafo-EDC-1536x864.jpg 1536w, https:\/\/agora.xtec.cat\/zer-requesens\/wp-content\/uploads\/usu993\/2023\/06\/dafo-EDC.jpg 1920w\" sizes=\"auto, (max-width: 1024px) 100vw, 1024px\" \/><\/a><\/p>\n","protected":false},"excerpt":{"rendered":"<p>Per fer la diagnosi, la comissi\u00f3 digital de la ZER ha utilitzat tres recursos:<\/p>\n<ul>\n<li style=\"font-weight: 400;\" aria-level=\"1\">Enquesta a trav\u00e9s del formulari Google a les fam\u00edlies. Van contestar 68 fam\u00edlies.<\/li>\n<li style=\"font-weight: 400;\" aria-level=\"1\">Enquesta mitjan\u00e7ant eina Selfie a l&#8217;alumnat, al professorat i a l\u2019equip directiu de ZER&hellip;  <a href=\"https:\/\/agora.xtec.cat\/zer-requesens\/estrategia-digital-de-centre\/part-estrategia\/diagnosi\/\" title=\"Read Diagnosi\">Llegeix m\u00e9s\u00bb<\/a><br \/>\n","protected":false},"author":1,"featured_media":0,"parent":3494,"menu_order":10,"comment_status":"closed","ping_status":"closed","template":"page-templates\/side-menu.php","meta":{"_bbp_topic_count":0,"_bbp_reply_count":0,"_bbp_total_topic_count":0,"_bbp_total_reply_count":0,"_bbp_voice_count":0,"_bbp_anonymous_reply_count":0,"_bbp_topic_count_hidden":0,"_bbp_reply_count_hidden":0,"_bbp_forum_subforum_count":0,"footnotes":""},"class_list":["post-3496","page","type-page","status-publish","hentry"],"post_mailing_queue_ids":[],"_links":{"self":[{"href":"https:\/\/agora.xtec.cat\/zer-requesens\/wp-json\/wp\/v2\/pages\/3496","targetHints":{"allow":["GET"]}}],"collection":[{"href":"https:\/\/agora.xtec.cat\/zer-requesens\/wp-json\/wp\/v2\/pages"}],"about":[{"href":"https:\/\/agora.xtec.cat\/zer-requesens\/wp-json\/wp\/v2\/types\/page"}],"author":[{"embeddable":true,"href":"https:\/\/agora.xtec.cat\/zer-requesens\/wp-json\/wp\/v2\/users\/1"}],"replies":[{"embeddable":true,"href":"https:\/\/agora.xtec.cat\/zer-requesens\/wp-json\/wp\/v2\/comments?post=3496"}],"version-history":[{"count":4,"href":"https:\/\/agora.xtec.cat\/zer-requesens\/wp-json\/wp\/v2\/pages\/3496\/revisions"}],"predecessor-version":[{"id":4194,"href":"https:\/\/agora.xtec.cat\/zer-requesens\/wp-json\/wp\/v2\/pages\/3496\/revisions\/4194"}],"up":[{"embeddable":true,"href":"https:\/\/agora.xtec.cat\/zer-requesens\/wp-json\/wp\/v2\/pages\/3494"}],"wp:attachment":[{"href":"https:\/\/agora.xtec.cat\/zer-requesens\/wp-json\/wp\/v2\/media?parent=3496"}],"curies":[{"name":"wp","href":"https:\/\/api.w.org\/{rel}","templated":true}]}}

<p><span style="font-weight: 400;">Per fer la diagnosi, la comissió digital de la ZER ha utilitzat tres recursos:</span></p>
<ul>
<li style="font-weight: 400;" aria-level="1"><span style="font-weight: 400;">Enquesta a través del formulari Google a les famílies. </span><span style="font-weight: 400;">Van contestar 68 famílies.</span></li>
<li style="font-weight: 400;" aria-level="1"><span style="font-weight: 400;">Enquesta mitjançant eina Selfie a l&#8217;alumnat, al professorat i a l’equip directiu de ZER i de cadascuna de les escoles.</span></li>
</ul>
<p><span style="font-weight: 400;">Índex de participació :</span></p>
<ul>
<li style="font-weight: 400;" aria-level="1"><span style="font-weight: 400;">Equip directiu 4/5   </span> <span style="font-weight: 400;">80%</span></li>
<li style="font-weight: 400;" aria-level="1"><span style="font-weight: 400;">Professorat 11/12 </span> <span style="font-weight: 400;">92%</span></li>
<li style="font-weight: 400;" aria-level="1"><span style="font-weight: 400;">Alumnat 30/31      </span> <span style="font-weight: 400;">97%</span></li>
<li style="font-weight: 400;" aria-level="1"><span style="font-weight: 400;">Buidatge i anàlisi dels resultats per part de membres de la comissió digital</span></li>
</ul>
<p><a href="https://agora.xtec.cat/zer-requesens/wp-content/uploads/usu993/2023/05/SELFIE.jpg"><img loading="lazy" decoding="async" class="size-full wp-image-4156 aligncenter" src="https://agora.xtec.cat/zer-requesens/wp-content/uploads/usu993/2023/05/SELFIE.jpg" alt="" width="565" height="722" srcset="https://agora.xtec.cat/zer-requesens/wp-content/uploads/usu993/2023/05/SELFIE.jpg 565w, https://agora.xtec.cat/zer-requesens/wp-content/uploads/usu993/2023/05/SELFIE-235x300.jpg 235w" sizes="auto, (max-width: 565px) 100vw, 565px" /></a></p>
<p>&nbsp;</p>
<p>A partir de l&#8217;anàlisi de les respostes de la comunitat educativa es detecten els següents punts forts i punt febles:</p>
<p><a href="https://agora.xtec.cat/zer-requesens/wp-content/uploads/usu993/2023/06/dafo-EDC.jpg"><img loading="lazy" decoding="async" class="alignnone size-large wp-image-4193" src="https://agora.xtec.cat/zer-requesens/wp-content/uploads/usu993/2023/06/dafo-EDC-1024x576.jpg" alt="" width="1024" height="576" srcset="https://agora.xtec.cat/zer-requesens/wp-content/uploads/usu993/2023/06/dafo-EDC-1024x576.jpg 1024w, https://agora.xtec.cat/zer-requesens/wp-content/uploads/usu993/2023/06/dafo-EDC-300x169.jpg 300w, https://agora.xtec.cat/zer-requesens/wp-content/uploads/usu993/2023/06/dafo-EDC-768x432.jpg 768w, https://agora.xtec.cat/zer-requesens/wp-content/uploads/usu993/2023/06/dafo-EDC-1536x864.jpg 1536w, https://agora.xtec.cat/zer-requesens/wp-content/uploads/usu993/2023/06/dafo-EDC.jpg 1920w" sizes="auto, (max-width: 1024px) 100vw, 1024px" /></a></p>

<p>Per fer la diagnosi, la comissió digital de la ZER ha utilitzat tres recursos:</p>
<ul>
<li style="font-weight: 400;" aria-level="1">Enquesta a través del formulari Google a les famílies. Van contestar 68 famílies.</li>
<li style="font-weight: 400;" aria-level="1">Enquesta mitjançant eina Selfie a l&#8217;alumnat, al professorat i a l’equip directiu de ZER&hellip;  <a href="https://agora.xtec.cat/zer-requesens/estrategia-digital-de-centre/part-estrategia/diagnosi/" title="Read Diagnosi">Llegeix més»</a><br />
