{"id":2195,"date":"2022-02-21T12:17:58","date_gmt":"2022-02-21T11:17:58","guid":{"rendered":"https:\/\/agora.xtec.cat\/zer-mediterrania\/?page_id=2195"},"modified":"2022-05-03T18:22:18","modified_gmt":"2022-05-03T16:22:18","slug":"diagnosi","status":"publish","type":"page","link":"https:\/\/agora.xtec.cat\/zer-mediterrania\/zer\/estrategia-digital-de-zer\/diagnosi\/","title":{"rendered":"Diagnosi"},"content":{"rendered":"<p>Resultats de la diagnosi de ZER, feta a l&#8217;equip directiu, docents i alumnat:<\/p>\n<table style=\"height: 180px; width: 76.7023%; border-collapse: collapse; background-color: #ffffff; border-style: solid; border-color: #050505;\">\n<tbody>\n<tr>\n<td style=\"width: 50%; background-color: #11c278; text-align: center; border-style: solid; border-color: #000000;\"><strong>PUNTS FORTS<\/strong><\/td>\n<td style=\"width: 50%; background-color: #9d64fa; text-align: center; border-style: solid; border-color: #000000;\"><strong>PUNTS A MILLORAR<\/strong><\/td>\n<\/tr>\n<tr>\n<td style=\"width: 50%; background-color: #c4f5dc; text-align: center; border-style: solid; border-color: #000000;\">LIDERATGE<\/td>\n<td style=\"width: 50%; background-color: #aed9fc; text-align: center; border-style: solid; border-color: #000000;\">COL\u00b7LABORACI\u00d3 I XARXES<\/td>\n<\/tr>\n<tr>\n<td style=\"width: 50%; background-color: #c4f5dc; text-align: center; border-style: solid; border-color: #000000;\">INFRAESTRUCTURA I EQUIPS<\/td>\n<td style=\"width: 50%; background-color: #aed9fc; text-align: center; border-style: solid; border-color: #000000;\">PEDAGOGIA: IMPLEMENTACI\u00d3 A L&#8217;AULA<\/td>\n<\/tr>\n<tr>\n<td style=\"width: 50%; background-color: #c4f5dc; text-align: center; border-style: solid; border-color: #000000;\">DESENVOLUPAMENT PROFESSIONAL CONTINU<\/td>\n<td style=\"width: 50%; background-color: #aed9fc; text-align: center; border-style: solid; border-color: #000000;\">PR\u00c0CTIQUES D&#8217;AVALUACI\u00d3<\/td>\n<\/tr>\n<tr>\n<td style=\"width: 50%; background-color: #c4f5dc; text-align: center; border-style: solid; border-color: #000000;\">PEDAGOGIA: RECOLZAMENTS I RECURSOS<\/td>\n<td style=\"width: 50%; background-color: #aed9fc; text-align: center; border-style: solid; border-color: #000000;\">COMPET\u00c8NCIES DIGITALS DE L&#8217;ALUMNAT<\/td>\n<\/tr>\n<\/tbody>\n<\/table>\n<p>&nbsp;<\/p>\n<p>Resultats d&#8217;enquestes a les fam\u00edlies:<\/p>\n<ul>\n<li style=\"list-style-type: none;\">\n<ul>\n<li><a href=\"https:\/\/drive.google.com\/drive\/folders\/1r6BkbSM1f2x97N4qL9Wp_qorwOsm7k3C?usp=sharing\" target=\"_blank\" rel=\"noopener\">Escola Marjal<\/a>.<\/li>\n<li><a href=\"https:\/\/drive.google.com\/drive\/folders\/1Ch2lWXc7thSH_Zh8GSIaR5kuwGjXFg_y?usp=sharing\" target=\"_blank\" rel=\"noopener\">Escola del Poble Nou del Delta<\/a>.<\/li>\n<li><a href=\"https:\/\/drive.google.com\/drive\/folders\/1TaqijZMjw9wZKTSBwoK96nUi9RwvWKca?usp=sharing\" target=\"_blank\" rel=\"noopener\">Escola Setze de Febrer<\/a>.<\/li>\n<\/ul>\n<\/li>\n<\/ul>\n","protected":false},"excerpt":{"rendered":"<p>Resultats de la diagnosi de ZER, feta a l&#8217;equip directiu, docents i alumnat: PUNTS FORTS PUNTS A MILLORAR LIDERATGE COL\u00b7LABORACI\u00d3 I XARXES INFRAESTRUCTURA I EQUIPS PEDAGOGIA: IMPLEMENTACI\u00d3 A L&#8217;AULA DESENVOLUPAMENT PROFESSIONAL CONTINU PR\u00c0CTIQUES D&#8217;AVALUACI\u00d3 PEDAGOGIA: RECOLZAMENTS I RECURSOS COMPET\u00c8NCIES DIGITALS DE L&#8217;ALUMNAT &nbsp; Resultats d&#8217;enquestes a les fam\u00edlies: Escola Marjal. Escola del Poble Nou del [&hellip;]<\/p>\n","protected":false},"author":1,"featured_media":0,"parent":2125,"menu_order":10,"comment_status":"closed","ping_status":"closed","template":"","meta":{"_bbp_topic_count":0,"_bbp_reply_count":0,"_bbp_total_topic_count":0,"_bbp_total_reply_count":0,"_bbp_voice_count":0,"_bbp_anonymous_reply_count":0,"_bbp_topic_count_hidden":0,"_bbp_reply_count_hidden":0,"_bbp_forum_subforum_count":0,"site-sidebar-layout":"default","site-content-layout":"","ast-site-content-layout":"","site-content-style":"default","site-sidebar-style":"default","ast-global-header-display":"","ast-banner-title-visibility":"","ast-main-header-display":"","ast-hfb-above-header-display":"","ast-hfb-below-header-display":"","ast-hfb-mobile-header-display":"","site-post-title":"","ast-breadcrumbs-content":"","ast-featured-img":"","footer-sml-layout":"","theme-transparent-header-meta":"","adv-header-id-meta":"","stick-header-meta":"","header-above-stick-meta":"","header-main-stick-meta":"","header-below-stick-meta":"","astra-migrate-meta-layouts":"default","ast-page-background-enabled":"default","ast-page-background-meta":{"desktop":{"background-color":"var(--ast-global-color-4)","background-image":"","background-repeat":"repeat","background-position":"center center","background-size":"auto","background-attachment":"scroll","background-type":"","background-media":"","overlay-type":"","overlay-color":"","overlay-opacity":"","overlay-gradient":""},"tablet":{"background-color":"","background-image":"","background-repeat":"repeat","background-position":"center center","background-size":"auto","background-attachment":"scroll","background-type":"","background-media":"","overlay-type":"","overlay-color":"","overlay-opacity":"","overlay-gradient":""},"mobile":{"background-color":"","background-image":"","background-repeat":"repeat","background-position":"center center","background-size":"auto","background-attachment":"scroll","background-type":"","background-media":"","overlay-type":"","overlay-color":"","overlay-opacity":"","overlay-gradient":""}},"ast-content-background-meta":{"desktop":{"background-color":"var(--ast-global-color-5)","background-image":"","background-repeat":"repeat","background-position":"center center","background-size":"auto","background-attachment":"scroll","background-type":"","background-media":"","overlay-type":"","overlay-color":"","overlay-opacity":"","overlay-gradient":""},"tablet":{"background-color":"var(--ast-global-color-5)","background-image":"","background-repeat":"repeat","background-position":"center center","background-size":"auto","background-attachment":"scroll","background-type":"","background-media":"","overlay-type":"","overlay-color":"","overlay-opacity":"","overlay-gradient":""},"mobile":{"background-color":"var(--ast-global-color-5)","background-image":"","background-repeat":"repeat","background-position":"center center","background-size":"auto","background-attachment":"scroll","background-type":"","background-media":"","overlay-type":"","overlay-color":"","overlay-opacity":"","overlay-gradient":""}},"footnotes":""},"class_list":["post-2195","page","type-page","status-publish","hentry"],"post_mailing_queue_ids":[],"_links":{"self":[{"href":"https:\/\/agora.xtec.cat\/zer-mediterrania\/wp-json\/wp\/v2\/pages\/2195","targetHints":{"allow":["GET"]}}],"collection":[{"href":"https:\/\/agora.xtec.cat\/zer-mediterrania\/wp-json\/wp\/v2\/pages"}],"about":[{"href":"https:\/\/agora.xtec.cat\/zer-mediterrania\/wp-json\/wp\/v2\/types\/page"}],"author":[{"embeddable":true,"href":"https:\/\/agora.xtec.cat\/zer-mediterrania\/wp-json\/wp\/v2\/users\/1"}],"replies":[{"embeddable":true,"href":"https:\/\/agora.xtec.cat\/zer-mediterrania\/wp-json\/wp\/v2\/comments?post=2195"}],"version-history":[{"count":3,"href":"https:\/\/agora.xtec.cat\/zer-mediterrania\/wp-json\/wp\/v2\/pages\/2195\/revisions"}],"predecessor-version":[{"id":2540,"href":"https:\/\/agora.xtec.cat\/zer-mediterrania\/wp-json\/wp\/v2\/pages\/2195\/revisions\/2540"}],"up":[{"embeddable":true,"href":"https:\/\/agora.xtec.cat\/zer-mediterrania\/wp-json\/wp\/v2\/pages\/2125"}],"wp:attachment":[{"href":"https:\/\/agora.xtec.cat\/zer-mediterrania\/wp-json\/wp\/v2\/media?parent=2195"}],"curies":[{"name":"wp","href":"https:\/\/api.w.org\/{rel}","templated":true}]}}