{"id":917,"date":"2019-07-15T18:49:03","date_gmt":"2019-07-15T16:49:03","guid":{"rendered":"http:\/\/agora.xtec.cat\/zer-les-salines\/?page_id=917"},"modified":"2019-07-15T18:50:40","modified_gmt":"2019-07-15T16:50:40","slug":"pez-aprovacio-i-difusio","status":"publish","type":"page","link":"https:\/\/agora.xtec.cat\/zer-les-salines\/zer\/pez\/pez-aprovacio-i-difusio\/","title":{"rendered":"PEZ &#8211; Aprovaci\u00f3 i difusi\u00f3"},"content":{"rendered":"<h2><b>10. Aprovaci\u00f3 i difusi\u00f3:<\/b><\/h2>\n<p><span style=\"font-weight: 400;\">En els centres p\u00fablics correspon al director o directora formular la proposta inicial del projecte educatiu i fer-ne les modificacions i adaptacions corresponents, impulsar-ne l&#8217;elaboraci\u00f3 tot garantint la participaci\u00f3 de la comunitat escolar i aprovar-ne la proposta definitiva.\u00a0<\/span><\/p>\n<p><span style=\"font-weight: 400;\">El claustre de professors interv\u00e9 en l&#8217;elaboraci\u00f3 i modificaci\u00f3 del projecte educatiu i aprova els aspectes pedag\u00f2gics dels documents de gesti\u00f3 del centre, en especial del projecte educatiu i de les actualitzacions.\u00a0<\/span><\/p>\n<p><span style=\"font-weight: 400;\">Correspon al director o directora del centre la compet\u00e8ncia d&#8217;aprovar la proposta de projecte educatiu, pr\u00e8via consulta preceptiva al consell escolar del centre \u2013\u00f2rgan de participaci\u00f3 de la comunitat escolar en el govern del centre\u2013, el qual expressa el suport al projecte per una majoria de les tres cinquenes parts dels membres.\u00a0<\/span><\/p>\n<p><span style=\"font-weight: 400;\">El director o directora aprova el projecte educatiu mitjan\u00e7ant resoluci\u00f3 motivada davant del consell escolar.\u00a0<\/span><\/p>\n<p><span style=\"font-weight: 400;\">El PEZ estar\u00e0 a disposici\u00f3 de tots els membres de la comunitat educativa per a la seva consulta a la web de la ZER<\/span><\/p>\n","protected":false},"excerpt":{"rendered":"<p>10. Aprovaci\u00f3 i difusi\u00f3:<br \/>\nEn els centres p\u00fablics correspon al director o directora formular la proposta inicial del projecte educatiu i fer-ne les modificacions i adaptacions corresponents, impulsar-ne l&#8217;elaboraci\u00f3 tot garantint la participaci\u00f3 de la comunitat escolar i aprovar-ne la proposta definitiva.\u00a0<br \/>\nEl claustre de professors interv\u00e9&hellip;  <a href=\"https:\/\/agora.xtec.cat\/zer-les-salines\/zer\/pez\/pez-aprovacio-i-difusio\/\" title=\"Read PEZ &#8211; Aprovaci\u00f3 i difusi\u00f3\">Llegeix m\u00e9s\u00bb<\/a><\/p>\n","protected":false},"author":1,"featured_media":0,"parent":727,"menu_order":0,"comment_status":"closed","ping_status":"closed","template":"","meta":{"_bbp_topic_count":0,"_bbp_reply_count":0,"_bbp_total_topic_count":0,"_bbp_total_reply_count":0,"_bbp_voice_count":0,"_bbp_anonymous_reply_count":0,"_bbp_topic_count_hidden":0,"_bbp_reply_count_hidden":0,"_bbp_forum_subforum_count":0,"footnotes":""},"class_list":["post-917","page","type-page","status-publish","hentry"],"post_mailing_queue_ids":[],"_links":{"self":[{"href":"https:\/\/agora.xtec.cat\/zer-les-salines\/wp-json\/wp\/v2\/pages\/917","targetHints":{"allow":["GET"]}}],"collection":[{"href":"https:\/\/agora.xtec.cat\/zer-les-salines\/wp-json\/wp\/v2\/pages"}],"about":[{"href":"https:\/\/agora.xtec.cat\/zer-les-salines\/wp-json\/wp\/v2\/types\/page"}],"author":[{"embeddable":true,"href":"https:\/\/agora.xtec.cat\/zer-les-salines\/wp-json\/wp\/v2\/users\/1"}],"replies":[{"embeddable":true,"href":"https:\/\/agora.xtec.cat\/zer-les-salines\/wp-json\/wp\/v2\/comments?post=917"}],"version-history":[{"count":1,"href":"https:\/\/agora.xtec.cat\/zer-les-salines\/wp-json\/wp\/v2\/pages\/917\/revisions"}],"predecessor-version":[{"id":919,"href":"https:\/\/agora.xtec.cat\/zer-les-salines\/wp-json\/wp\/v2\/pages\/917\/revisions\/919"}],"up":[{"embeddable":true,"href":"https:\/\/agora.xtec.cat\/zer-les-salines\/wp-json\/wp\/v2\/pages\/727"}],"wp:attachment":[{"href":"https:\/\/agora.xtec.cat\/zer-les-salines\/wp-json\/wp\/v2\/media?parent=917"}],"curies":[{"name":"wp","href":"https:\/\/api.w.org\/{rel}","templated":true}]}}