{"id":906,"date":"2019-07-15T18:38:20","date_gmt":"2019-07-15T16:38:20","guid":{"rendered":"http:\/\/agora.xtec.cat\/zer-les-salines\/?page_id=906"},"modified":"2019-07-15T18:51:14","modified_gmt":"2019-07-15T16:51:14","slug":"7-formacio","status":"publish","type":"page","link":"https:\/\/agora.xtec.cat\/zer-les-salines\/zer\/pez\/7-formacio\/","title":{"rendered":"PEZ &#8211; Formaci\u00f3"},"content":{"rendered":"<p><span style=\"font-weight: 400;\">La ZER t\u00e9 establert que tot el claustre far\u00e0 una formaci\u00f3 cada dos cursos. El tema a tractar s\u2019escollir\u00e0 a trav\u00e9s del Consell de Direcci\u00f3 i es basar\u00e0 amb els objectius del Projecte de direcci\u00f3 i els indicadors proposats a la PGA per aquell curs.<\/span><\/p>\n<p><span style=\"font-weight: 400;\">A m\u00e9s a m\u00e9s d\u2019aquesta formaci\u00f3, els membres del claustre fan formacions individuals (presencials i\/o telem\u00e0tiques) cada curs. Aquestes poden compartir-les amb la resta de mestres per a ajudar i complementar la feina del dia a dia.<\/span><\/p>\n","protected":false},"excerpt":{"rendered":"<p>La ZER t\u00e9 establert que tot el claustre far\u00e0 una formaci\u00f3 cada dos cursos. El tema a tractar s\u2019escollir\u00e0 a trav\u00e9s del Consell de Direcci\u00f3 i es basar\u00e0 amb els objectius del Projecte de direcci\u00f3 i els indicadors proposats a la PGA per aquell curs.<br \/>\nA&hellip;  <a href=\"https:\/\/agora.xtec.cat\/zer-les-salines\/zer\/pez\/7-formacio\/\" title=\"Read PEZ &#8211; Formaci\u00f3\">Llegeix m\u00e9s\u00bb<\/a><\/p>\n","protected":false},"author":1,"featured_media":0,"parent":727,"menu_order":0,"comment_status":"closed","ping_status":"closed","template":"","meta":{"_bbp_topic_count":0,"_bbp_reply_count":0,"_bbp_total_topic_count":0,"_bbp_total_reply_count":0,"_bbp_voice_count":0,"_bbp_anonymous_reply_count":0,"_bbp_topic_count_hidden":0,"_bbp_reply_count_hidden":0,"_bbp_forum_subforum_count":0,"footnotes":""},"class_list":["post-906","page","type-page","status-publish","hentry"],"post_mailing_queue_ids":[],"_links":{"self":[{"href":"https:\/\/agora.xtec.cat\/zer-les-salines\/wp-json\/wp\/v2\/pages\/906","targetHints":{"allow":["GET"]}}],"collection":[{"href":"https:\/\/agora.xtec.cat\/zer-les-salines\/wp-json\/wp\/v2\/pages"}],"about":[{"href":"https:\/\/agora.xtec.cat\/zer-les-salines\/wp-json\/wp\/v2\/types\/page"}],"author":[{"embeddable":true,"href":"https:\/\/agora.xtec.cat\/zer-les-salines\/wp-json\/wp\/v2\/users\/1"}],"replies":[{"embeddable":true,"href":"https:\/\/agora.xtec.cat\/zer-les-salines\/wp-json\/wp\/v2\/comments?post=906"}],"version-history":[{"count":2,"href":"https:\/\/agora.xtec.cat\/zer-les-salines\/wp-json\/wp\/v2\/pages\/906\/revisions"}],"predecessor-version":[{"id":908,"href":"https:\/\/agora.xtec.cat\/zer-les-salines\/wp-json\/wp\/v2\/pages\/906\/revisions\/908"}],"up":[{"embeddable":true,"href":"https:\/\/agora.xtec.cat\/zer-les-salines\/wp-json\/wp\/v2\/pages\/727"}],"wp:attachment":[{"href":"https:\/\/agora.xtec.cat\/zer-les-salines\/wp-json\/wp\/v2\/media?parent=906"}],"curies":[{"name":"wp","href":"https:\/\/api.w.org\/{rel}","templated":true}]}}

PEZ &#8211; Formació

<p><span style="font-weight: 400;">La ZER té establert que tot el claustre farà una formació cada dos cursos. El tema a tractar s’escollirà a través del Consell de Direcció i es basarà amb els objectius del Projecte de direcció i els indicadors proposats a la PGA per aquell curs.</span></p>
<p><span style="font-weight: 400;">A més a més d’aquesta formació, els membres del claustre fan formacions individuals (presencials i/o telemàtiques) cada curs. Aquestes poden compartir-les amb la resta de mestres per a ajudar i complementar la feina del dia a dia.</span></p>

<p>La ZER té establert que tot el claustre farà una formació cada dos cursos. El tema a tractar s’escollirà a través del Consell de Direcció i es basarà amb els objectius del Projecte de direcció i els indicadors proposats a la PGA per aquell curs.<br />
A&hellip;  <a href="https://agora.xtec.cat/zer-les-salines/zer/pez/7-formacio/" title="Read PEZ &#8211; Formació">Llegeix més»</a></p>
