{"id":735,"date":"2018-03-21T10:52:32","date_gmt":"2018-03-21T09:52:32","guid":{"rendered":"http:\/\/agora.xtec.cat\/zer-les-salines\/?page_id=735"},"modified":"2020-02-20T09:44:16","modified_gmt":"2020-02-20T08:44:16","slug":"pez-que-pretenem","status":"publish","type":"page","link":"https:\/\/agora.xtec.cat\/zer-les-salines\/zer\/pez\/pez-que-pretenem\/","title":{"rendered":"PEZ &#8211; Qu\u00e8 pretenem?"},"content":{"rendered":"<h4><strong>4.1. Objectius institucionals<\/strong><\/h4>\n<ol>\n<li>Establir i mantenir relacions sistem\u00e0tiques de coordinaci\u00f3 i col\u00b7laboraci\u00f3 amb totes les entitats i institucions que per les seves caracter\u00edstiques incideixen en la din\u00e0mica escolar.<\/li>\n<li>Participar en activitats culturals i educatives promogudes per la Diputaci\u00f3, Serveis Educatius, Camps d\u2019aprenentatge, altres entitats i en totes les altres activitats que el Pla Anual de Zona cregui adients.<\/li>\n<li>Programar activitats que apropin la ZER a la comunitat: exposicions, xerrades, confer\u00e8ncies, etc.<\/li>\n<li>Vetllar per una relaci\u00f3 flu\u00efda i cordial entre la comunitat educativa i les institucions p\u00fabliques municipals, comarcals i el Departament d\u2019Ensenyament.<\/li>\n<li>Mantenir i potenciar les trobades amb les altres ZER\u2019s de la prov\u00edncia de Girona per rebre i fer aportacions adre\u00e7ades a la millora de les escoles rurals.<\/li>\n<li>Mantenir la coordinaci\u00f3 amb els instituts d\u2019ensenyament secundari i amb les Escoles Bressol, si s\u2019escau.<\/li>\n<li>Vetllar pel benestar de l\u2019alumnat de les nostres escoles assistint a les reunions convocades per sanitat, serveis socials i altres serveis externs.<\/li>\n<\/ol>\n<h4><strong>4.2. Objectius pedag\u00f2gics<\/strong><\/h4>\n<ol>\n<li>Utilitzar metodologies que desenvolupin i permetin assolir el nivell de compet\u00e8ncies b\u00e0siques d\u2019acord amb les capacitats de cada alumne.<\/li>\n<li>Afavorir l\u2019\u00fas d\u2019estrat\u00e8gies que permetin a l\u2019alumnat assolir el grau de seguretat afectiva i emocional que correspon al seu nivell maduratiu.<\/li>\n<li>Potenciar la vessant afectiva, emocional i social de l&#8217;alumnat.<\/li>\n<li>Treballar d\u2019acord amb uns h\u00e0bits i normes que portin a l\u2019alumnat cap a una autonomia personal i cap a la col\u00b7laboraci\u00f3 amb el grup social.<\/li>\n<li>Fomentar en l\u2019alumnat una actitud curiosa, cr\u00edtica i investigadora.<\/li>\n<li>Orientar i ajudar als alumnes en l\u2019aprenentatge dels valors: la Pau, la conviv\u00e8ncia, la solidaritat, la toler\u00e0ncia, la no discriminaci\u00f3, la llibertat, el respecte, la responsabilitat, etc.<\/li>\n<li>Afavorir el treball dels projectes interdisciplinaris com a part integrant del curr\u00edculum a tot l\u2019alumnat de la ZER.<\/li>\n<li>Potenciar el coneixement del medi que ens envolta i fomentar-ne el sentiment de protecci\u00f3 i cura.<\/li>\n<li>Fomentar l\u2019escolaritzaci\u00f3 inclusiva de tot l\u2019alumnat, atenent les seves necessitats educatives espec\u00edfiques i la seva situaci\u00f3 personal.<\/li>\n<li>Integrar les tecnologies per l\u2019aprenentatge i el coneixement (TAC) en el proc\u00e9s educatiu i en l\u2019avaluaci\u00f3 de les diferents \u00e0rees del curr\u00edculum (Compet\u00e8ncia digital).<\/li>\n<li>Potenciar la utilitzaci\u00f3 dels diferents llenguatges de comunicaci\u00f3: oral, escrit, corporal, musical, visual, pl\u00e0stic, matem\u00e0tic, audiovisual,\u2026<\/li>\n<\/ol>\n<h4><strong>4.3. Objectius de relaci\u00f3 amb la comunitat educativa<\/strong><\/h4>\n<ol>\n<li>Aconseguir que els mestres, pares i alumnes participin en la gesti\u00f3 de la ZER de forma adequada segons les seves compet\u00e8ncies mitjan\u00e7ant el Consell Escolar de la ZER i el Consell Escolar de cada centre.<\/li>\n<li>Mantenir una relaci\u00f3 cordial i flu\u00efda amb tots els sectors de la comunitat educativa.<\/li>\n<li>Fomentar la participaci\u00f3 i la implicaci\u00f3 de tots els membres de la Comunitat Educativa en les diferents activitats escolars.<\/li>\n<li>Implicar les fam\u00edlies en l\u2019educaci\u00f3 dels seus fills i en la din\u00e0mica escolar.<\/li>\n<li>Revisar, sempre que calgui, els acords recollits a la carta de comprom\u00eds entre la ZER i les Fam\u00edlies.<\/li>\n<\/ol>\n<h4><strong>4.4. Objectius d\u2019organitzaci\u00f3, funcionament i gesti\u00f3 de la ZER<\/strong><\/h4>\n<ol>\n<li>Revisar i actualitzar la documentaci\u00f3 de ZER quan sigui necessari, per tal que s\u2019adeq\u00fcin al nou marc legal.<\/li>\n<li>Agilitzar la gesti\u00f3 escolar concretant, planificant i temporalitzant les tasques, establint les funcions de cadascun dels membres.<\/li>\n<li>Organitzar els equips de cicle i les comissions per tal d\u2019elaborar els projectes i les programacions necess\u00e0ries pel desenvolupament de la ZER.<\/li>\n<li>Avaluar del funcionament dels claustres, cicles, comissions, etc., per tal d\u2019incorporar canvis i millores en el nostre funcionament.<\/li>\n<li>Fomentar, sempre que es pugui, l\u2019intercanvi d\u2019experi\u00e8ncies amb altres ZERs i\/o escoles.<\/li>\n<li>Definir els canals formals que permetin que totes les escoles i els mestres itinerants actu\u00efn de forma coordinada.<\/li>\n<li>Potenciar l\u2019intercanvi d\u2019experi\u00e8ncies, recursos, materials, etc., entre el professorat de la ZER.<\/li>\n<li>Promoure la formaci\u00f3 permanent del professorat.<\/li>\n<li>Acceptar i valorar les normes d\u2019organitzaci\u00f3 i funcionament de la ZER.<\/li>\n<li>Executar una gesti\u00f3 econ\u00f2mica transparent.<\/li>\n<li>Vetllar per la coordinaci\u00f3 i el bon funcionament de la ZER en tots els seus aspectes.<\/li>\n<\/ol>\n<h4><strong>4.5. Objectius de Conviv\u00e8ncia<\/strong><\/h4>\n<ol>\n<li>Afavorir el comprom\u00eds de l\u2019alumnat envers la definici\u00f3 de les normes i la conviv\u00e8ncia als centres de la ZER.<\/li>\n<li>Fer que siguin acceptades i valorades les normes de conviv\u00e8ncia i el respecte a la difer\u00e8ncia de tots els membres que formen part de la comunitat educativa.<\/li>\n<li>Afavorir un clima de treball positiu i engrescador.<\/li>\n<li>Preveure les desigualtats econ\u00f2miques, culturals i d\u2019aprenentatge i prendre les mesures adients.<\/li>\n<li>Procurar que les decisions d&#8217;escola es prenguin per consens amb una implicaci\u00f3 i comprom\u00eds per part dels mestres.<\/li>\n<li>Aconseguir que els claustres siguin un lloc de debat, di\u00e0leg i intercanvi d\u2019eines pedag\u00f2giques, idees i recursos did\u00e0ctics.<\/li>\n<li>Promoure activitats de lleure i reunions fora de l\u2019\u00e0mbit estrictament professional per tal d\u2019afavorir la cohesi\u00f3 de grup.<\/li>\n<\/ol>\n","protected":false},"excerpt":{"rendered":"<p>4.1. Objectius institucionals<\/p>\n<ol>\n<li>Establir i mantenir relacions sistem\u00e0tiques de coordinaci\u00f3 i col\u00b7laboraci\u00f3 amb totes les entitats i institucions que per les seves caracter\u00edstiques incideixen en la din\u00e0mica escolar.<\/li>\n<li>Participar en activitats culturals i educatives promogudes per la Diputaci\u00f3, Serveis Educatius, Camps d\u2019aprenentatge, altres entitats i en totes&hellip;  <a href=\"https:\/\/agora.xtec.cat\/zer-les-salines\/zer\/pez\/pez-que-pretenem\/\" title=\"Read PEZ &#8211; Qu\u00e8 pretenem?\">Llegeix m\u00e9s\u00bb<\/a><br \/>\n","protected":false},"author":1,"featured_media":0,"parent":727,"menu_order":30,"comment_status":"closed","ping_status":"closed","template":"","meta":{"_bbp_topic_count":0,"_bbp_reply_count":0,"_bbp_total_topic_count":0,"_bbp_total_reply_count":0,"_bbp_voice_count":0,"_bbp_anonymous_reply_count":0,"_bbp_topic_count_hidden":0,"_bbp_reply_count_hidden":0,"_bbp_forum_subforum_count":0,"footnotes":""},"class_list":["post-735","page","type-page","status-publish","hentry"],"post_mailing_queue_ids":[],"_links":{"self":[{"href":"https:\/\/agora.xtec.cat\/zer-les-salines\/wp-json\/wp\/v2\/pages\/735","targetHints":{"allow":["GET"]}}],"collection":[{"href":"https:\/\/agora.xtec.cat\/zer-les-salines\/wp-json\/wp\/v2\/pages"}],"about":[{"href":"https:\/\/agora.xtec.cat\/zer-les-salines\/wp-json\/wp\/v2\/types\/page"}],"author":[{"embeddable":true,"href":"https:\/\/agora.xtec.cat\/zer-les-salines\/wp-json\/wp\/v2\/users\/1"}],"replies":[{"embeddable":true,"href":"https:\/\/agora.xtec.cat\/zer-les-salines\/wp-json\/wp\/v2\/comments?post=735"}],"version-history":[{"count":3,"href":"https:\/\/agora.xtec.cat\/zer-les-salines\/wp-json\/wp\/v2\/pages\/735\/revisions"}],"predecessor-version":[{"id":1098,"href":"https:\/\/agora.xtec.cat\/zer-les-salines\/wp-json\/wp\/v2\/pages\/735\/revisions\/1098"}],"up":[{"embeddable":true,"href":"https:\/\/agora.xtec.cat\/zer-les-salines\/wp-json\/wp\/v2\/pages\/727"}],"wp:attachment":[{"href":"https:\/\/agora.xtec.cat\/zer-les-salines\/wp-json\/wp\/v2\/media?parent=735"}],"curies":[{"name":"wp","href":"https:\/\/api.w.org\/{rel}","templated":true}]}}

PEZ &#8211; Què pretenem?

<h4><strong>4.1. Objectius institucionals</strong></h4>
<ol>
<li>Establir i mantenir relacions sistemàtiques de coordinació i col·laboració amb totes les entitats i institucions que per les seves característiques incideixen en la dinàmica escolar.</li>
<li>Participar en activitats culturals i educatives promogudes per la Diputació, Serveis Educatius, Camps d’aprenentatge, altres entitats i en totes les altres activitats que el Pla Anual de Zona cregui adients.</li>
<li>Programar activitats que apropin la ZER a la comunitat: exposicions, xerrades, conferències, etc.</li>
<li>Vetllar per una relació fluïda i cordial entre la comunitat educativa i les institucions públiques municipals, comarcals i el Departament d’Ensenyament.</li>
<li>Mantenir i potenciar les trobades amb les altres ZER’s de la província de Girona per rebre i fer aportacions adreçades a la millora de les escoles rurals.</li>
<li>Mantenir la coordinació amb els instituts d’ensenyament secundari i amb les Escoles Bressol, si s’escau.</li>
<li>Vetllar pel benestar de l’alumnat de les nostres escoles assistint a les reunions convocades per sanitat, serveis socials i altres serveis externs.</li>
</ol>
<h4><strong>4.2. Objectius pedagògics</strong></h4>
<ol>
<li>Utilitzar metodologies que desenvolupin i permetin assolir el nivell de competències bàsiques d’acord amb les capacitats de cada alumne.</li>
<li>Afavorir l’ús d’estratègies que permetin a l’alumnat assolir el grau de seguretat afectiva i emocional que correspon al seu nivell maduratiu.</li>
<li>Potenciar la vessant afectiva, emocional i social de l&#8217;alumnat.</li>
<li>Treballar d’acord amb uns hàbits i normes que portin a l’alumnat cap a una autonomia personal i cap a la col·laboració amb el grup social.</li>
<li>Fomentar en l’alumnat una actitud curiosa, crítica i investigadora.</li>
<li>Orientar i ajudar als alumnes en l’aprenentatge dels valors: la Pau, la convivència, la solidaritat, la tolerància, la no discriminació, la llibertat, el respecte, la responsabilitat, etc.</li>
<li>Afavorir el treball dels projectes interdisciplinaris com a part integrant del currículum a tot l’alumnat de la ZER.</li>
<li>Potenciar el coneixement del medi que ens envolta i fomentar-ne el sentiment de protecció i cura.</li>
<li>Fomentar l’escolarització inclusiva de tot l’alumnat, atenent les seves necessitats educatives específiques i la seva situació personal.</li>
<li>Integrar les tecnologies per l’aprenentatge i el coneixement (TAC) en el procés educatiu i en l’avaluació de les diferents àrees del currículum (Competència digital).</li>
<li>Potenciar la utilització dels diferents llenguatges de comunicació: oral, escrit, corporal, musical, visual, plàstic, matemàtic, audiovisual,…</li>
</ol>
<h4><strong>4.3. Objectius de relació amb la comunitat educativa</strong></h4>
<ol>
<li>Aconseguir que els mestres, pares i alumnes participin en la gestió de la ZER de forma adequada segons les seves competències mitjançant el Consell Escolar de la ZER i el Consell Escolar de cada centre.</li>
<li>Mantenir una relació cordial i fluïda amb tots els sectors de la comunitat educativa.</li>
<li>Fomentar la participació i la implicació de tots els membres de la Comunitat Educativa en les diferents activitats escolars.</li>
<li>Implicar les famílies en l’educació dels seus fills i en la dinàmica escolar.</li>
<li>Revisar, sempre que calgui, els acords recollits a la carta de compromís entre la ZER i les Famílies.</li>
</ol>
<h4><strong>4.4. Objectius d’organització, funcionament i gestió de la ZER</strong></h4>
<ol>
<li>Revisar i actualitzar la documentació de ZER quan sigui necessari, per tal que s’adeqüin al nou marc legal.</li>
<li>Agilitzar la gestió escolar concretant, planificant i temporalitzant les tasques, establint les funcions de cadascun dels membres.</li>
<li>Organitzar els equips de cicle i les comissions per tal d’elaborar els projectes i les programacions necessàries pel desenvolupament de la ZER.</li>
<li>Avaluar del funcionament dels claustres, cicles, comissions, etc., per tal d’incorporar canvis i millores en el nostre funcionament.</li>
<li>Fomentar, sempre que es pugui, l’intercanvi d’experiències amb altres ZERs i/o escoles.</li>
<li>Definir els canals formals que permetin que totes les escoles i els mestres itinerants actuïn de forma coordinada.</li>
<li>Potenciar l’intercanvi d’experiències, recursos, materials, etc., entre el professorat de la ZER.</li>
<li>Promoure la formació permanent del professorat.</li>
<li>Acceptar i valorar les normes d’organització i funcionament de la ZER.</li>
<li>Executar una gestió econòmica transparent.</li>
<li>Vetllar per la coordinació i el bon funcionament de la ZER en tots els seus aspectes.</li>
</ol>
<h4><strong>4.5. Objectius de Convivència</strong></h4>
<ol>
<li>Afavorir el compromís de l’alumnat envers la definició de les normes i la convivència als centres de la ZER.</li>
<li>Fer que siguin acceptades i valorades les normes de convivència i el respecte a la diferència de tots els membres que formen part de la comunitat educativa.</li>
<li>Afavorir un clima de treball positiu i engrescador.</li>
<li>Preveure les desigualtats econòmiques, culturals i d’aprenentatge i prendre les mesures adients.</li>
<li>Procurar que les decisions d&#8217;escola es prenguin per consens amb una implicació i compromís per part dels mestres.</li>
<li>Aconseguir que els claustres siguin un lloc de debat, diàleg i intercanvi d’eines pedagògiques, idees i recursos didàctics.</li>
<li>Promoure activitats de lleure i reunions fora de l’àmbit estrictament professional per tal d’afavorir la cohesió de grup.</li>
</ol>

<p>4.1. Objectius institucionals</p>
<ol>
<li>Establir i mantenir relacions sistemàtiques de coordinació i col·laboració amb totes les entitats i institucions que per les seves característiques incideixen en la dinàmica escolar.</li>
<li>Participar en activitats culturals i educatives promogudes per la Diputació, Serveis Educatius, Camps d’aprenentatge, altres entitats i en totes&hellip;  <a href="https://agora.xtec.cat/zer-les-salines/zer/pez/pez-que-pretenem/" title="Read PEZ &#8211; Què pretenem?">Llegeix més»</a><br />
