{"id":733,"date":"2018-03-21T10:48:31","date_gmt":"2018-03-21T09:48:31","guid":{"rendered":"http:\/\/agora.xtec.cat\/zer-les-salines\/?page_id=733"},"modified":"2018-03-21T10:48:31","modified_gmt":"2018-03-21T09:48:31","slug":"pez-qui-som","status":"publish","type":"page","link":"https:\/\/agora.xtec.cat\/zer-les-salines\/zer\/pez\/pez-qui-som\/","title":{"rendered":"PEZ &#8211; Qui som?"},"content":{"rendered":"<h2>Principis d&#8217;identitat<\/h2>\n<p>La ZER Les Salines dep\u00e8n org\u00e0nicament de la Generalitat de Catalunya, Departament d\u2019Ensenyament, Serveis Territorials a Girona, per tant tamb\u00e9 es regeix per la Llei Educativa de Catalunya (Catalunya. Llei 12\/2009, de juliol, d\u2019educaci\u00f3 (DOGC, n\u00fam. 5422).<\/p>\n<p>Segons la Llei Educativa de Catalunya, l\u2019escola p\u00fablica catalana es defineix com a inclusiva, laica i respectuosa amb la pluralitat.<\/p>\n<p>La Llei, tamb\u00e9 regula el r\u00e8gim ling\u00fc\u00edstic del sistema educatiu a fi de garantir la normalitzaci\u00f3 ling\u00fc\u00edstica del catal\u00e0. Aix\u00ed, es proclama que el catal\u00e0, com a llengua pr\u00f2pia de Catalunya, \u00e9s la llengua normalment emprada com vehicular i d\u2019aprenentatge en el sistema educatiu.<\/p>\n<p>A la ZER Les Salines pensem que la finalitat de l\u2019educaci\u00f3 \u00e9s proporcionar les compet\u00e8ncies b\u00e0siques (coneixements, habilitats i actituds) als alumnes que els hi permetin assegurar el seu desenvolupament personal i social<strong>.<\/strong><\/p>\n<p>La darrera Llei d\u2019Ensenyament de la Generalitat de Catalunya proposa un ensenyament basat en les compet\u00e8ncies b\u00e0siques. La ZER Les Salines, seguint aquest enfoc educatiu i a partir d\u2019una reflexi\u00f3 realitzada per tot el claustre de mestres, vol que en l\u2019educaci\u00f3 dels nostres alumnes s\u2019adquireixin les eines necess\u00e0ries perqu\u00e8 esdevinguin persones capaces de:<\/p>\n<ul>\n<li>Ser i actuar de manera aut\u00f2noma, amb autoestima i confian\u00e7a per tal de ser feli\u00e7os.<\/li>\n<li>Pensar i comunicar-se amb esperit cr\u00edtic.<\/li>\n<li>Descobrir i tenir iniciativa.<\/li>\n<li>Conviure mostrant respecte vers els altres, aplicant uns valors i uns h\u00e0bits saludables comuns per a tots.<\/li>\n<li>Habitar el m\u00f3n, mostrant coneixement i implicaci\u00f3 en el lloc on es viu.<\/li>\n<li>Utilitzar els coneixements en diferents contextos i situacions.<\/li>\n<\/ul>\n","protected":false},"excerpt":{"rendered":"<p>Principis d&#8217;identitat<br \/>\nLa ZER Les Salines dep\u00e8n org\u00e0nicament de la Generalitat de Catalunya, Departament d\u2019Ensenyament, Serveis Territorials a Girona, per tant tamb\u00e9 es regeix per la Llei Educativa de Catalunya (Catalunya. Llei 12\/2009, de juliol, d\u2019educaci\u00f3 (DOGC, n\u00fam. 5422).<br \/>\nSegons la Llei Educativa de Catalunya, l\u2019escola p\u00fablica&hellip;  <a href=\"https:\/\/agora.xtec.cat\/zer-les-salines\/zer\/pez\/pez-qui-som\/\" title=\"Read PEZ &#8211; Qui som?\">Llegeix m\u00e9s\u00bb<\/a><\/p>\n","protected":false},"author":1,"featured_media":0,"parent":727,"menu_order":10,"comment_status":"closed","ping_status":"closed","template":"","meta":{"_bbp_topic_count":0,"_bbp_reply_count":0,"_bbp_total_topic_count":0,"_bbp_total_reply_count":0,"_bbp_voice_count":0,"_bbp_anonymous_reply_count":0,"_bbp_topic_count_hidden":0,"_bbp_reply_count_hidden":0,"_bbp_forum_subforum_count":0,"footnotes":""},"class_list":["post-733","page","type-page","status-publish","hentry"],"post_mailing_queue_ids":[],"_links":{"self":[{"href":"https:\/\/agora.xtec.cat\/zer-les-salines\/wp-json\/wp\/v2\/pages\/733","targetHints":{"allow":["GET"]}}],"collection":[{"href":"https:\/\/agora.xtec.cat\/zer-les-salines\/wp-json\/wp\/v2\/pages"}],"about":[{"href":"https:\/\/agora.xtec.cat\/zer-les-salines\/wp-json\/wp\/v2\/types\/page"}],"author":[{"embeddable":true,"href":"https:\/\/agora.xtec.cat\/zer-les-salines\/wp-json\/wp\/v2\/users\/1"}],"replies":[{"embeddable":true,"href":"https:\/\/agora.xtec.cat\/zer-les-salines\/wp-json\/wp\/v2\/comments?post=733"}],"version-history":[{"count":1,"href":"https:\/\/agora.xtec.cat\/zer-les-salines\/wp-json\/wp\/v2\/pages\/733\/revisions"}],"predecessor-version":[{"id":734,"href":"https:\/\/agora.xtec.cat\/zer-les-salines\/wp-json\/wp\/v2\/pages\/733\/revisions\/734"}],"up":[{"embeddable":true,"href":"https:\/\/agora.xtec.cat\/zer-les-salines\/wp-json\/wp\/v2\/pages\/727"}],"wp:attachment":[{"href":"https:\/\/agora.xtec.cat\/zer-les-salines\/wp-json\/wp\/v2\/media?parent=733"}],"curies":[{"name":"wp","href":"https:\/\/api.w.org\/{rel}","templated":true}]}}

<h2>Principis d&#8217;identitat</h2>
<p>La ZER Les Salines depèn orgànicament de la Generalitat de Catalunya, Departament d’Ensenyament, Serveis Territorials a Girona, per tant també es regeix per la Llei Educativa de Catalunya (Catalunya. Llei 12/2009, de juliol, d’educació (DOGC, núm. 5422).</p>
<p>Segons la Llei Educativa de Catalunya, l’escola pública catalana es defineix com a inclusiva, laica i respectuosa amb la pluralitat.</p>
<p>La Llei, també regula el règim lingüístic del sistema educatiu a fi de garantir la normalització lingüística del català. Així, es proclama que el català, com a llengua pròpia de Catalunya, és la llengua normalment emprada com vehicular i d’aprenentatge en el sistema educatiu.</p>
<p>A la ZER Les Salines pensem que la finalitat de l’educació és proporcionar les competències bàsiques (coneixements, habilitats i actituds) als alumnes que els hi permetin assegurar el seu desenvolupament personal i social<strong>.</strong></p>
<p>La darrera Llei d’Ensenyament de la Generalitat de Catalunya proposa un ensenyament basat en les competències bàsiques. La ZER Les Salines, seguint aquest enfoc educatiu i a partir d’una reflexió realitzada per tot el claustre de mestres, vol que en l’educació dels nostres alumnes s’adquireixin les eines necessàries perquè esdevinguin persones capaces de:</p>
<ul>
<li>Ser i actuar de manera autònoma, amb autoestima i confiança per tal de ser feliços.</li>
<li>Pensar i comunicar-se amb esperit crític.</li>
<li>Descobrir i tenir iniciativa.</li>
<li>Conviure mostrant respecte vers els altres, aplicant uns valors i uns hàbits saludables comuns per a tots.</li>
<li>Habitar el món, mostrant coneixement i implicació en el lloc on es viu.</li>
<li>Utilitzar els coneixements en diferents contextos i situacions.</li>
</ul>

<p>Principis d&#8217;identitat<br />
La ZER Les Salines depèn orgànicament de la Generalitat de Catalunya, Departament d’Ensenyament, Serveis Territorials a Girona, per tant també es regeix per la Llei Educativa de Catalunya (Catalunya. Llei 12/2009, de juliol, d’educació (DOGC, núm. 5422).<br />
Segons la Llei Educativa de Catalunya, l’escola pública&hellip;  <a href="https://agora.xtec.cat/zer-les-salines/zer/pez/pez-qui-som/" title="Read PEZ &#8211; Qui som?">Llegeix més»</a></p>
