{"id":727,"date":"2018-03-21T10:29:26","date_gmt":"2018-03-21T09:29:26","guid":{"rendered":"http:\/\/agora.xtec.cat\/zer-les-salines\/?page_id=727"},"modified":"2020-02-20T11:23:10","modified_gmt":"2020-02-20T10:23:10","slug":"pez","status":"publish","type":"page","link":"https:\/\/agora.xtec.cat\/zer-les-salines\/zer\/pez\/","title":{"rendered":"PEZ"},"content":{"rendered":"<p><strong>INTRODUCCI\u00d3<\/strong><\/p>\n<p>El PEZ \u00e9s la m\u00e0xima expressi\u00f3 de l\u2019autonomia de centres educatius, recull la identitat de la ZER, n\u2019explicita els objectius, n\u2019orienta l\u2019activitat i hi d\u00f3na sentit amb la finalitat que els alumnes assoleixin les compet\u00e8ncies b\u00e0siques i el m\u00e0xim aprofitament educatiu, tenint en compte la diversitat de condicions personals, necessitats i interessos que inclou. El projecte educatiu \u00e9s un document que est\u00e0 a la disposici\u00f3 de tothom que formi part de la comunitat educativa de la ZER, sigui pares i mares, professors, personal del centre i alumnat.<\/p>\n<p><span style=\"font-weight: 400;\">El curs 2010-2011 l&#8217;Equip Directiu i el Consell de Direcci\u00f3 es plantegen la revisi\u00f3 i actualitzaci\u00f3 del Projecte Educatiu de ZER, per adaptar-lo a les necessitats dels nostres centres i a la normativa i curr\u00edculum vigent.<\/span><\/p>\n<p><span style=\"font-weight: 400;\">El PEZ ha de ser l&#8217;eina que defineix el marc on es desenvoluparan les activitats educatives del centre i que estableix les relacions de tota la Comunitat Escolar.<\/span><\/p>\n<p style=\"text-align: center;\">Punts publicats:<\/p>\n<table class=\"aligncenter\" style=\"border-collapse: collapse; width: 31.8704%; height: 248px;\" border=\"1\">\n<tbody>\n<tr style=\"height: 54px;\">\n<td style=\"width: 14.6416%; height: 48px;\"><a href=\"http:\/\/agora.xtec.cat\/zer-les-salines\/zer\/pez\/pez-on-som\/\">2. On som?<\/a><\/td>\n<td style=\"width: 17.3517%; height: 48px;\"><a href=\"http:\/\/agora.xtec.cat\/zer-les-salines\/zer\/pez\/7-formacio\/\">7. Formaci\u00f3<\/a><\/td>\n<\/tr>\n<tr style=\"height: 54px;\">\n<td style=\"width: 14.6416%; height: 44px;\"><a href=\"http:\/\/agora.xtec.cat\/zer-les-salines\/zer\/pez\/pez-on-som\/\">3.\u00a0<\/a><a href=\"https:\/\/agora.xtec.cat\/zer-les-salines\/zer\/pez\/pez-qui-som\/\">Qui som?<\/a><\/td>\n<td style=\"width: 17.3517%; height: 44px;\"><a href=\"http:\/\/agora.xtec.cat\/zer-les-salines\/zer\/pez\/pez-avaluacio\/\">8. Avaluaci\u00f3\u00a0<\/a><\/td>\n<\/tr>\n<tr style=\"height: 76px;\">\n<td style=\"width: 14.6416%; height: 60px;\"><a href=\"https:\/\/agora.xtec.cat\/zer-les-salines\/zer\/pez\/pez-qui-som\/\">4.\u00a0<\/a><a href=\"http:\/\/agora.xtec.cat\/zer-les-salines\/zer\/pez\/pez-que-pretenem\/\">Qu\u00e8 pretenem?<\/a><\/td>\n<td style=\"width: 17.3517%; height: 60px;\"><a href=\"http:\/\/agora.xtec.cat\/zer-les-salines\/zer\/pez\/pez-control-dactualitzacions-del-document\/\">9. Control d&#8217;actualitzacions del document<\/a><\/td>\n<\/tr>\n<tr style=\"height: 54px;\">\n<td style=\"width: 14.6416%; height: 46px;\"><a href=\"http:\/\/agora.xtec.cat\/zer-les-salines\/zer\/pez\/pez-que-pretenem\/\">5.\u00a0<\/a><a href=\"http:\/\/agora.xtec.cat\/zer-les-salines\/zer\/pez\/pez-com-ho-fem\/\">Com ho fem?<\/a><\/td>\n<td style=\"width: 17.3517%; height: 46px;\"><a href=\"http:\/\/agora.xtec.cat\/zer-les-salines\/zer\/pez\/pez-aprovacio-i-difusio\/\">10. Aprovaci\u00f3 i difusi\u00f3<\/a><\/td>\n<\/tr>\n<tr style=\"height: 54px;\">\n<td style=\"width: 14.6416%; height: 50px;\"><a href=\"https:\/\/agora.xtec.cat\/zer-les-salines\/zer\/pez\/pez-com-ens-organitzem\/\">6. Com ens organitzem?<\/a><\/td>\n<td style=\"width: 17.3517%; height: 50px;\"><\/td>\n<\/tr>\n<\/tbody>\n<\/table>\n","protected":false},"excerpt":{"rendered":"<p>INTRODUCCI\u00d3<br \/>\nEl PEZ \u00e9s la m\u00e0xima expressi\u00f3 de l\u2019autonomia de centres educatius, recull la identitat de la ZER, n\u2019explicita els objectius, n\u2019orienta l\u2019activitat i hi d\u00f3na sentit amb la finalitat que els alumnes assoleixin les compet\u00e8ncies b\u00e0siques i el m\u00e0xim aprofitament educatiu, tenint en compte la&hellip;  <a href=\"https:\/\/agora.xtec.cat\/zer-les-salines\/zer\/pez\/\" title=\"Read PEZ\">Llegeix m\u00e9s\u00bb<\/a><\/p>\n","protected":false},"author":1,"featured_media":0,"parent":19,"menu_order":0,"comment_status":"closed","ping_status":"closed","template":"","meta":{"_bbp_topic_count":0,"_bbp_reply_count":0,"_bbp_total_topic_count":0,"_bbp_total_reply_count":0,"_bbp_voice_count":0,"_bbp_anonymous_reply_count":0,"_bbp_topic_count_hidden":0,"_bbp_reply_count_hidden":0,"_bbp_forum_subforum_count":0,"footnotes":""},"class_list":["post-727","page","type-page","status-publish","hentry"],"post_mailing_queue_ids":[],"_links":{"self":[{"href":"https:\/\/agora.xtec.cat\/zer-les-salines\/wp-json\/wp\/v2\/pages\/727","targetHints":{"allow":["GET"]}}],"collection":[{"href":"https:\/\/agora.xtec.cat\/zer-les-salines\/wp-json\/wp\/v2\/pages"}],"about":[{"href":"https:\/\/agora.xtec.cat\/zer-les-salines\/wp-json\/wp\/v2\/types\/page"}],"author":[{"embeddable":true,"href":"https:\/\/agora.xtec.cat\/zer-les-salines\/wp-json\/wp\/v2\/users\/1"}],"replies":[{"embeddable":true,"href":"https:\/\/agora.xtec.cat\/zer-les-salines\/wp-json\/wp\/v2\/comments?post=727"}],"version-history":[{"count":4,"href":"https:\/\/agora.xtec.cat\/zer-les-salines\/wp-json\/wp\/v2\/pages\/727\/revisions"}],"predecessor-version":[{"id":1101,"href":"https:\/\/agora.xtec.cat\/zer-les-salines\/wp-json\/wp\/v2\/pages\/727\/revisions\/1101"}],"up":[{"embeddable":true,"href":"https:\/\/agora.xtec.cat\/zer-les-salines\/wp-json\/wp\/v2\/pages\/19"}],"wp:attachment":[{"href":"https:\/\/agora.xtec.cat\/zer-les-salines\/wp-json\/wp\/v2\/media?parent=727"}],"curies":[{"name":"wp","href":"https:\/\/api.w.org\/{rel}","templated":true}]}}

<p><strong>INTRODUCCIÓ</strong></p>
<p>El PEZ és la màxima expressió de l’autonomia de centres educatius, recull la identitat de la ZER, n’explicita els objectius, n’orienta l’activitat i hi dóna sentit amb la finalitat que els alumnes assoleixin les competències bàsiques i el màxim aprofitament educatiu, tenint en compte la diversitat de condicions personals, necessitats i interessos que inclou. El projecte educatiu és un document que està a la disposició de tothom que formi part de la comunitat educativa de la ZER, sigui pares i mares, professors, personal del centre i alumnat.</p>
<p><span style="font-weight: 400;">El curs 2010-2011 l&#8217;Equip Directiu i el Consell de Direcció es plantegen la revisió i actualització del Projecte Educatiu de ZER, per adaptar-lo a les necessitats dels nostres centres i a la normativa i currículum vigent.</span></p>
<p><span style="font-weight: 400;">El PEZ ha de ser l&#8217;eina que defineix el marc on es desenvoluparan les activitats educatives del centre i que estableix les relacions de tota la Comunitat Escolar.</span></p>
<p style="text-align: center;">Punts publicats:</p>
<table class="aligncenter" style="border-collapse: collapse; width: 31.8704%; height: 248px;" border="1">
<tbody>
<tr style="height: 54px;">
<td style="width: 14.6416%; height: 48px;"><a href="http://agora.xtec.cat/zer-les-salines/zer/pez/pez-on-som/">2. On som?</a></td>
<td style="width: 17.3517%; height: 48px;"><a href="http://agora.xtec.cat/zer-les-salines/zer/pez/7-formacio/">7. Formació</a></td>
</tr>
<tr style="height: 54px;">
<td style="width: 14.6416%; height: 44px;"><a href="http://agora.xtec.cat/zer-les-salines/zer/pez/pez-on-som/">3. </a><a href="https://agora.xtec.cat/zer-les-salines/zer/pez/pez-qui-som/">Qui som?</a></td>
<td style="width: 17.3517%; height: 44px;"><a href="http://agora.xtec.cat/zer-les-salines/zer/pez/pez-avaluacio/">8. Avaluació </a></td>
</tr>
<tr style="height: 76px;">
<td style="width: 14.6416%; height: 60px;"><a href="https://agora.xtec.cat/zer-les-salines/zer/pez/pez-qui-som/">4. </a><a href="http://agora.xtec.cat/zer-les-salines/zer/pez/pez-que-pretenem/">Què pretenem?</a></td>
<td style="width: 17.3517%; height: 60px;"><a href="http://agora.xtec.cat/zer-les-salines/zer/pez/pez-control-dactualitzacions-del-document/">9. Control d&#8217;actualitzacions del document</a></td>
</tr>
<tr style="height: 54px;">
<td style="width: 14.6416%; height: 46px;"><a href="http://agora.xtec.cat/zer-les-salines/zer/pez/pez-que-pretenem/">5. </a><a href="http://agora.xtec.cat/zer-les-salines/zer/pez/pez-com-ho-fem/">Com ho fem?</a></td>
<td style="width: 17.3517%; height: 46px;"><a href="http://agora.xtec.cat/zer-les-salines/zer/pez/pez-aprovacio-i-difusio/">10. Aprovació i difusió</a></td>
</tr>
<tr style="height: 54px;">
<td style="width: 14.6416%; height: 50px;"><a href="https://agora.xtec.cat/zer-les-salines/zer/pez/pez-com-ens-organitzem/">6. Com ens organitzem?</a></td>
<td style="width: 17.3517%; height: 50px;"></td>
</tr>
</tbody>
</table>

<p>INTRODUCCIÓ<br />
El PEZ és la màxima expressió de l’autonomia de centres educatius, recull la identitat de la ZER, n’explicita els objectius, n’orienta l’activitat i hi dóna sentit amb la finalitat que els alumnes assoleixin les competències bàsiques i el màxim aprofitament educatiu, tenint en compte la&hellip;  <a href="https://agora.xtec.cat/zer-les-salines/zer/pez/" title="Read PEZ">Llegeix més»</a></p>
