{"id":43,"date":"2014-09-17T16:45:07","date_gmt":"2014-09-17T16:45:07","guid":{"rendered":"http:\/\/agora.xtec.cat\/zer-les-salines\/?page_id=43"},"modified":"2024-06-25T11:57:53","modified_gmt":"2024-06-25T09:57:53","slug":"consell-escolar","status":"publish","type":"page","link":"https:\/\/agora.xtec.cat\/zer-les-salines\/zer\/consell-escolar\/","title":{"rendered":"Consell escolar de ZER"},"content":{"rendered":"<p>El consell escolar del centre \u00e9s l\u2019\u00f2rgan col\u00b7legiat de participaci\u00f3 de la comunitat escolar en el govern del centre. Corresponen al consell escolar les funcions establertes a la Llei 12\/2009, de 10 de juliol, d\u2019educaci\u00f3.<\/p>\n<h4>Composici\u00f3 del consell escolar de ZER<\/h4>\n<ul>\n<li><strong>Presidenta<\/strong>: Isabel Sais<\/li>\n<li><strong>Cap d\u2019Estudis:<\/strong> Isabel Gabarr\u00f3<\/li>\n<li><strong>Secretari<\/strong>: Neus Rami\u00f3<\/li>\n<li><strong>Mestres del Claustre:<\/strong> Meritxell Andreu, Berta Planas, Noe Merenciano i Carme Carbonero<\/li>\n<li><strong>Representants fam\u00edlies:<\/strong> V\u00edctor Ferrerira (Biure); Merc\u00e8 Serra (Boadella); i M\u00e0rius Calderon (Ma\u00e7anet de Cabrenys).<\/li>\n<li><strong>Representant del personal no docent (PAS)<\/strong>: No hi ha<\/li>\n<li><strong>Representant de l\u2019Ajuntament:<\/strong>\u00a0 Laura Lozano (Biure); Elisabet Llorente (Boadella); i Roser Calderon (Ma\u00e7anet de Cabrenys).<\/li>\n<\/ul>\n","protected":false},"excerpt":{"rendered":"<p>El consell escolar del centre \u00e9s l\u2019\u00f2rgan col\u00b7legiat de participaci\u00f3 de la comunitat escolar en el govern del centre. Corresponen al consell escolar les funcions establertes a la Llei 12\/2009, de 10 de juliol, d\u2019educaci\u00f3.<br \/>\nComposici\u00f3 del consell escolar de ZER<\/p>\n<ul>\n<li>Presidenta: Isabel Sais<\/li>\n<li>Cap d\u2019Estudis: Isabel Gabarr\u00f3<\/li>\n<li>Secretari:&hellip;  <a href=\"https:\/\/agora.xtec.cat\/zer-les-salines\/zer\/consell-escolar\/\" title=\"Read Consell escolar de ZER\">Llegeix m\u00e9s\u00bb<\/a><br \/>\n","protected":false},"author":1,"featured_media":0,"parent":19,"menu_order":60,"comment_status":"closed","ping_status":"closed","template":"page-templates\/side-menu.php","meta":{"_bbp_topic_count":0,"_bbp_reply_count":0,"_bbp_total_topic_count":0,"_bbp_total_reply_count":0,"_bbp_voice_count":0,"_bbp_anonymous_reply_count":0,"_bbp_topic_count_hidden":0,"_bbp_reply_count_hidden":0,"_bbp_forum_subforum_count":0,"footnotes":""},"class_list":["post-43","page","type-page","status-publish","hentry"],"post_mailing_queue_ids":[],"_links":{"self":[{"href":"https:\/\/agora.xtec.cat\/zer-les-salines\/wp-json\/wp\/v2\/pages\/43","targetHints":{"allow":["GET"]}}],"collection":[{"href":"https:\/\/agora.xtec.cat\/zer-les-salines\/wp-json\/wp\/v2\/pages"}],"about":[{"href":"https:\/\/agora.xtec.cat\/zer-les-salines\/wp-json\/wp\/v2\/types\/page"}],"author":[{"embeddable":true,"href":"https:\/\/agora.xtec.cat\/zer-les-salines\/wp-json\/wp\/v2\/users\/1"}],"replies":[{"embeddable":true,"href":"https:\/\/agora.xtec.cat\/zer-les-salines\/wp-json\/wp\/v2\/comments?post=43"}],"version-history":[{"count":6,"href":"https:\/\/agora.xtec.cat\/zer-les-salines\/wp-json\/wp\/v2\/pages\/43\/revisions"}],"predecessor-version":[{"id":2566,"href":"https:\/\/agora.xtec.cat\/zer-les-salines\/wp-json\/wp\/v2\/pages\/43\/revisions\/2566"}],"up":[{"embeddable":true,"href":"https:\/\/agora.xtec.cat\/zer-les-salines\/wp-json\/wp\/v2\/pages\/19"}],"wp:attachment":[{"href":"https:\/\/agora.xtec.cat\/zer-les-salines\/wp-json\/wp\/v2\/media?parent=43"}],"curies":[{"name":"wp","href":"https:\/\/api.w.org\/{rel}","templated":true}]}}

<p>El consell escolar del centre és l’òrgan col·legiat de participació de la comunitat escolar en el govern del centre. Corresponen al consell escolar les funcions establertes a la Llei 12/2009, de 10 de juliol, d’educació.</p>
<h4>Composició del consell escolar de ZER</h4>
<ul>
<li><strong>Presidenta</strong>: Isabel Sais</li>
<li><strong>Cap d’Estudis:</strong> Isabel Gabarró</li>
<li><strong>Secretari</strong>: Neus Ramió</li>
<li><strong>Mestres del Claustre:</strong> Meritxell Andreu, Berta Planas, Noe Merenciano i Carme Carbonero</li>
<li><strong>Representants famílies:</strong> Víctor Ferrerira (Biure); Mercè Serra (Boadella); i Màrius Calderon (Maçanet de Cabrenys).</li>
<li><strong>Representant del personal no docent (PAS)</strong>: No hi ha</li>
<li><strong>Representant de l’Ajuntament:</strong>  Laura Lozano (Biure); Elisabet Llorente (Boadella); i Roser Calderon (Maçanet de Cabrenys).</li>
</ul>

<p>El consell escolar del centre és l’òrgan col·legiat de participació de la comunitat escolar en el govern del centre. Corresponen al consell escolar les funcions establertes a la Llei 12/2009, de 10 de juliol, d’educació.<br />
Composició del consell escolar de ZER</p>
<ul>
<li>Presidenta: Isabel Sais</li>
<li>Cap d’Estudis: Isabel Gabarró</li>
<li>Secretari:&hellip;  <a href="https://agora.xtec.cat/zer-les-salines/zer/consell-escolar/" title="Read Consell escolar de ZER">Llegeix més»</a><br />
