{"id":272,"date":"2015-07-20T13:10:37","date_gmt":"2015-07-20T12:10:37","guid":{"rendered":"http:\/\/agora.xtec.cat\/zer-les-salines\/?page_id=272"},"modified":"2018-10-25T12:48:13","modified_gmt":"2018-10-25T10:48:13","slug":"qui-som","status":"publish","type":"page","link":"https:\/\/agora.xtec.cat\/zer-les-salines\/escola-manuel-de-pedrolo-2\/qui-som\/","title":{"rendered":"Qui som"},"content":{"rendered":"<h3 id=\"sites-page-title-header\" align=\"left\"><span id=\"sites-page-title\" dir=\"ltr\" tabindex=\"-1\">El nostre projecte<\/span><\/h3>\n<ul>\n<li><span style=\"font-family: 'trebuchet ms', sans-serif;\">Fomentem i potenciem unes\u00a0<b>relacions positives<\/b>, d&#8217;afecte i de col\u00b7laboraci\u00f3 entre tots els membres de la comunitat educativa.<\/span><\/li>\n<\/ul>\n<ul>\n<li><span style=\"font-family: 'trebuchet ms', sans-serif;\">Creiem en una educaci\u00f3 que tingui com a objectiu el\u00a0<b>desenvolupament integral<\/b>, que tingui en compte els aspectes cognitius, psico-emocionals i motrius, per esdevenir persones aut\u00f2nomes i ciutadanes i ciutadans responsables, que es\u00a0<b>comprometin<\/b>\u00a0en la millora de l&#8217;entorn social i natural.<\/span><\/li>\n<\/ul>\n<ul>\n<li><span style=\"font-family: 'trebuchet ms', sans-serif;\">Prioritzem el cam\u00ed a seguir i la manera de seguir-lo &#8211;<b>el proc\u00e9s<\/b>&#8211; m\u00e9s que el dest\u00ed a arribar,\u00a0<b>gaudint<\/b>\u00a0d&#8217;aquest proc\u00e9s i\u00a0<b>respectant el ritme<\/b>\u00a0i\u00a0<b>les caracter\u00edstiques<\/b>\u00a0de cada nen\/a.<\/span><\/li>\n<\/ul>\n<ul>\n<li><span style=\"font-family: 'trebuchet ms', sans-serif;\">Basem la seva pr\u00e0ctica en la\u00a0<b>interdisciplinarietat<\/b>\u00a0dels aprenentatges, contemplant\u00a0<b>diferents metodologies<\/b>, adequades a cada moment.<\/span><\/li>\n<\/ul>\n<h2><span style=\"font-family: 'trebuchet ms', sans-serif; font-size: large;\">Com treballem?<\/span><\/h2>\n<ul>\n<li><span style=\"font-family: 'trebuchet ms', sans-serif; font-size: large;\">La r\u00e0tio baixa afavoreix l&#8217;atenci\u00f3 a la diversitat, unes din\u00e0miques m\u00e9s \u00e0gils i un ambient m\u00e9s tranquil.<\/span><\/li>\n<\/ul>\n<ul>\n<li><span style=\"font-family: 'trebuchet ms', sans-serif; font-size: large;\">La difer\u00e8ncia d&#8217;edat en una mateixa classe permet aconseguir un ambient participatiu, integrador i d&#8217;ajuda m\u00fatua.<\/span><\/li>\n<\/ul>\n<ul>\n<li><span style=\"font-family: 'trebuchet ms', sans-serif; font-size: large;\">L&#8217;entorn rural, a m\u00e9s a m\u00e9s, facilita el coneixement del medi natural de prop, sobre el terreny, observant, manipulant i experimentant.<\/span><\/li>\n<\/ul>\n<ul>\n<li><span style=\"font-family: 'trebuchet ms', sans-serif; font-size: large;\">S&#8217;intenta garantir que tots els alumnes desenvolupin al m\u00e0xim les seves qualitats i capacitats rebent una atenci\u00f3 el m\u00e9s individualitzada possible.<\/span><\/li>\n<\/ul>\n<ul>\n<li><span style=\"font-family: 'trebuchet ms', sans-serif; font-size: large;\">La relaci\u00f3 estreta i cordial entre mestres i fam\u00edlies permet con\u00e8ixer l&#8217;evoluci\u00f3 di\u00e0ria de l&#8217;alumne sense haver d&#8217;esperar entrevistes.<\/span><\/li>\n<\/ul>\n<h2><span style=\"font-family: 'trebuchet ms', sans-serif; font-size: large;\">Qu\u00e8 en pensen els nostres alumnes?<\/span><\/h2>\n<div>\n<ul>\n<li>&#8220;\u00c9s una escola petita, tranquil\u00b7la, agradable i creativa&#8221;.<\/li>\n<\/ul>\n<ul>\n<li>&#8220;Tenim dues classes grans (una amb pantalla digital), jocs divertits, ordinadors, gimn\u00e0s, dos patis (un de sorra i una pista) i menjador&#8221;.<\/li>\n<\/ul>\n<ul>\n<li>&#8220;Els nens i les nenes ens respectem: juguem, treballem, i riem junts i ens ajudem m\u00fatuament&#8221;.<\/li>\n<\/ul>\n<ul>\n<li>&#8220;Aprenem experimentant, jugant, compartint, escoltant, llegint, fent sortides, excursions i col\u00f2nies&#8221;.<\/li>\n<\/ul>\n<\/div>\n<div id=\"sites-canvas-main\" class=\"sites-canvas-main\">\n<div id=\"sites-canvas-main-content\"><\/div>\n<\/div>\n<p>&nbsp;<\/p>\n","protected":false},"excerpt":{"rendered":"<p>El nostre projecte<\/p>\n<ul>\n<li>Fomentem i potenciem unes\u00a0relacions positives, d&#8217;afecte i de col\u00b7laboraci\u00f3 entre tots els membres de la comunitat educativa.<\/li>\n<\/ul>\n<ul>\n<li>Creiem en una educaci\u00f3 que tingui com a objectiu el\u00a0desenvolupament integral, que tingui en compte els aspectes cognitius, psico-emocionals i motrius, per esdevenir persones aut\u00f2nomes i ciutadanes&hellip;  <a href=\"https:\/\/agora.xtec.cat\/zer-les-salines\/escola-manuel-de-pedrolo-2\/qui-som\/\" title=\"Read Qui som\">Llegeix m\u00e9s\u00bb<\/a><br \/>\n","protected":false},"author":1,"featured_media":0,"parent":266,"menu_order":10,"comment_status":"closed","ping_status":"closed","template":"page-templates\/side-menu.php","meta":{"_bbp_topic_count":0,"_bbp_reply_count":0,"_bbp_total_topic_count":0,"_bbp_total_reply_count":0,"_bbp_voice_count":0,"_bbp_anonymous_reply_count":0,"_bbp_topic_count_hidden":0,"_bbp_reply_count_hidden":0,"_bbp_forum_subforum_count":0,"footnotes":""},"class_list":["post-272","page","type-page","status-publish","hentry"],"post_mailing_queue_ids":[],"_links":{"self":[{"href":"https:\/\/agora.xtec.cat\/zer-les-salines\/wp-json\/wp\/v2\/pages\/272","targetHints":{"allow":["GET"]}}],"collection":[{"href":"https:\/\/agora.xtec.cat\/zer-les-salines\/wp-json\/wp\/v2\/pages"}],"about":[{"href":"https:\/\/agora.xtec.cat\/zer-les-salines\/wp-json\/wp\/v2\/types\/page"}],"author":[{"embeddable":true,"href":"https:\/\/agora.xtec.cat\/zer-les-salines\/wp-json\/wp\/v2\/users\/1"}],"replies":[{"embeddable":true,"href":"https:\/\/agora.xtec.cat\/zer-les-salines\/wp-json\/wp\/v2\/comments?post=272"}],"version-history":[{"count":3,"href":"https:\/\/agora.xtec.cat\/zer-les-salines\/wp-json\/wp\/v2\/pages\/272\/revisions"}],"predecessor-version":[{"id":826,"href":"https:\/\/agora.xtec.cat\/zer-les-salines\/wp-json\/wp\/v2\/pages\/272\/revisions\/826"}],"up":[{"embeddable":true,"href":"https:\/\/agora.xtec.cat\/zer-les-salines\/wp-json\/wp\/v2\/pages\/266"}],"wp:attachment":[{"href":"https:\/\/agora.xtec.cat\/zer-les-salines\/wp-json\/wp\/v2\/media?parent=272"}],"curies":[{"name":"wp","href":"https:\/\/api.w.org\/{rel}","templated":true}]}}

<h3 id="sites-page-title-header" align="left"><span id="sites-page-title" dir="ltr" tabindex="-1">El nostre projecte</span></h3>
<ul>
<li><span style="font-family: 'trebuchet ms', sans-serif;">Fomentem i potenciem unes <b>relacions positives</b>, d&#8217;afecte i de col·laboració entre tots els membres de la comunitat educativa.</span></li>
</ul>
<ul>
<li><span style="font-family: 'trebuchet ms', sans-serif;">Creiem en una educació que tingui com a objectiu el <b>desenvolupament integral</b>, que tingui en compte els aspectes cognitius, psico-emocionals i motrius, per esdevenir persones autònomes i ciutadanes i ciutadans responsables, que es <b>comprometin</b> en la millora de l&#8217;entorn social i natural.</span></li>
</ul>
<ul>
<li><span style="font-family: 'trebuchet ms', sans-serif;">Prioritzem el camí a seguir i la manera de seguir-lo &#8211;<b>el procés</b>&#8211; més que el destí a arribar, <b>gaudint</b> d&#8217;aquest procés i <b>respectant el ritme</b> i <b>les característiques</b> de cada nen/a.</span></li>
</ul>
<ul>
<li><span style="font-family: 'trebuchet ms', sans-serif;">Basem la seva pràctica en la <b>interdisciplinarietat</b> dels aprenentatges, contemplant <b>diferents metodologies</b>, adequades a cada moment.</span></li>
</ul>
<h2><span style="font-family: 'trebuchet ms', sans-serif; font-size: large;">Com treballem?</span></h2>
<ul>
<li><span style="font-family: 'trebuchet ms', sans-serif; font-size: large;">La ràtio baixa afavoreix l&#8217;atenció a la diversitat, unes dinàmiques més àgils i un ambient més tranquil.</span></li>
</ul>
<ul>
<li><span style="font-family: 'trebuchet ms', sans-serif; font-size: large;">La diferència d&#8217;edat en una mateixa classe permet aconseguir un ambient participatiu, integrador i d&#8217;ajuda mútua.</span></li>
</ul>
<ul>
<li><span style="font-family: 'trebuchet ms', sans-serif; font-size: large;">L&#8217;entorn rural, a més a més, facilita el coneixement del medi natural de prop, sobre el terreny, observant, manipulant i experimentant.</span></li>
</ul>
<ul>
<li><span style="font-family: 'trebuchet ms', sans-serif; font-size: large;">S&#8217;intenta garantir que tots els alumnes desenvolupin al màxim les seves qualitats i capacitats rebent una atenció el més individualitzada possible.</span></li>
</ul>
<ul>
<li><span style="font-family: 'trebuchet ms', sans-serif; font-size: large;">La relació estreta i cordial entre mestres i famílies permet conèixer l&#8217;evolució diària de l&#8217;alumne sense haver d&#8217;esperar entrevistes.</span></li>
</ul>
<h2><span style="font-family: 'trebuchet ms', sans-serif; font-size: large;">Què en pensen els nostres alumnes?</span></h2>
<div>
<ul>
<li>&#8220;És una escola petita, tranquil·la, agradable i creativa&#8221;.</li>
</ul>
<ul>
<li>&#8220;Tenim dues classes grans (una amb pantalla digital), jocs divertits, ordinadors, gimnàs, dos patis (un de sorra i una pista) i menjador&#8221;.</li>
</ul>
<ul>
<li>&#8220;Els nens i les nenes ens respectem: juguem, treballem, i riem junts i ens ajudem mútuament&#8221;.</li>
</ul>
<ul>
<li>&#8220;Aprenem experimentant, jugant, compartint, escoltant, llegint, fent sortides, excursions i colònies&#8221;.</li>
</ul>
</div>
<div id="sites-canvas-main" class="sites-canvas-main">
<div id="sites-canvas-main-content"></div>
</div>
<p>&nbsp;</p>

<p>El nostre projecte</p>
<ul>
<li>Fomentem i potenciem unes relacions positives, d&#8217;afecte i de col·laboració entre tots els membres de la comunitat educativa.</li>
</ul>
<ul>
<li>Creiem en una educació que tingui com a objectiu el desenvolupament integral, que tingui en compte els aspectes cognitius, psico-emocionals i motrius, per esdevenir persones autònomes i ciutadanes&hellip;  <a href="https://agora.xtec.cat/zer-les-salines/escola-manuel-de-pedrolo-2/qui-som/" title="Read Qui som">Llegeix més»</a><br />
