{"id":266,"date":"2015-07-20T13:08:55","date_gmt":"2015-07-20T12:08:55","guid":{"rendered":"http:\/\/agora.xtec.cat\/zer-les-salines\/?page_id=266"},"modified":"2018-10-25T12:41:36","modified_gmt":"2018-10-25T10:41:36","slug":"escola-manuel-de-pedrolo-2","status":"publish","type":"page","link":"https:\/\/agora.xtec.cat\/zer-les-salines\/escola-manuel-de-pedrolo-2\/","title":{"rendered":"Escola Manuel de Pedrolo"},"content":{"rendered":"<p>Benvinguts a l&#8217;escola Manuel de Pedrolo<\/p>\n<table class=\"sites-layout-name-two-column sites-layout-hbox\" cellspacing=\"0\">\n<tbody>\n<tr>\n<td class=\"sites-layout-tile sites-tile-name-content-1\">\n<div dir=\"ltr\">\n<div>\n<div><a href=\"https:\/\/sites.google.com\/a\/xtec.cat\/escola-manuel-de-pedrolo\/home\/foto%20biure%20escola.JPG?attredirects=0\"><img loading=\"lazy\" decoding=\"async\" src=\"https:\/\/sites.google.com\/a\/xtec.cat\/escola-manuel-de-pedrolo\/_\/rsrc\/1468861886003\/home\/foto%20biure%20escola.JPG?height=300&amp;width=400\" alt=\"Entrada escola de Biure\" width=\"400\" height=\"300\" border=\"0\" \/><\/a><\/div>\n<\/div>\n<\/div>\n<\/td>\n<td class=\"sites-layout-tile sites-tile-name-content-2\">\n<div dir=\"ltr\">\n<div><a href=\"https:\/\/picasaweb.google.com\/106576540830046500410\/8DeJuliolDe2013#5898171591118111170\"><img decoding=\"async\" src=\"https:\/\/lh3.googleusercontent.com\/-frFEibp_TpY\/UdqDz_DlQcI\/AAAAAAAAAAM\/QguGVB9ODP4\/s400\/imatge_portada.JPG\" border=\"0\" \/><\/a><\/div>\n<\/div>\n<\/td>\n<\/tr>\n<\/tbody>\n<\/table>\n<p>Qui som? Com treballem? Qu\u00e8 en pensen els nostres alumnes? Com \u00e9s la nostra escola?<\/p>\n<div>A la p\u00e0gina de Qui som? podreu trobar molta m\u00e9s informaci\u00f3!<\/div>\n<p>&nbsp;<\/p>\n<p>I si teniu qualsevol pregunta, no dubteu en contactar amb nosaltres o a visitar-nos!<\/p>\n","protected":false},"excerpt":{"rendered":"<p>Benvinguts a l&#8217;escola Manuel de Pedrolo<\/p>\n<p><a href=\"https:\/\/sites.google.com\/a\/xtec.cat\/escola-manuel-de-pedrolo\/home\/foto%20biure%20escola.JPG?attredirects=0\"><\/a><\/p>\n<p><a href=\"https:\/\/picasaweb.google.com\/106576540830046500410\/8DeJuliolDe2013#5898171591118111170\"><\/a><\/p>\n<p>Qui som? Com treballem? Qu\u00e8 en pensen els nostres alumnes? Com \u00e9s la nostra escola?<br \/>\nA la p\u00e0gina de Qui som? podreu trobar molta m\u00e9s informaci\u00f3!<br \/>\n&nbsp;<br \/>\nI si teniu qualsevol pregunta, no dubteu en contactar amb nosaltres o a visitar-nos!<\/p>\n","protected":false},"author":1,"featured_media":0,"parent":0,"menu_order":0,"comment_status":"closed","ping_status":"closed","template":"page-templates\/side-menu.php","meta":{"_bbp_topic_count":0,"_bbp_reply_count":0,"_bbp_total_topic_count":0,"_bbp_total_reply_count":0,"_bbp_voice_count":0,"_bbp_anonymous_reply_count":0,"_bbp_topic_count_hidden":0,"_bbp_reply_count_hidden":0,"_bbp_forum_subforum_count":0,"footnotes":""},"class_list":["post-266","page","type-page","status-publish","hentry"],"post_mailing_queue_ids":[],"_links":{"self":[{"href":"https:\/\/agora.xtec.cat\/zer-les-salines\/wp-json\/wp\/v2\/pages\/266","targetHints":{"allow":["GET"]}}],"collection":[{"href":"https:\/\/agora.xtec.cat\/zer-les-salines\/wp-json\/wp\/v2\/pages"}],"about":[{"href":"https:\/\/agora.xtec.cat\/zer-les-salines\/wp-json\/wp\/v2\/types\/page"}],"author":[{"embeddable":true,"href":"https:\/\/agora.xtec.cat\/zer-les-salines\/wp-json\/wp\/v2\/users\/1"}],"replies":[{"embeddable":true,"href":"https:\/\/agora.xtec.cat\/zer-les-salines\/wp-json\/wp\/v2\/comments?post=266"}],"version-history":[{"count":3,"href":"https:\/\/agora.xtec.cat\/zer-les-salines\/wp-json\/wp\/v2\/pages\/266\/revisions"}],"predecessor-version":[{"id":824,"href":"https:\/\/agora.xtec.cat\/zer-les-salines\/wp-json\/wp\/v2\/pages\/266\/revisions\/824"}],"wp:attachment":[{"href":"https:\/\/agora.xtec.cat\/zer-les-salines\/wp-json\/wp\/v2\/media?parent=266"}],"curies":[{"name":"wp","href":"https:\/\/api.w.org\/{rel}","templated":true}]}}

<p>Benvinguts a l&#8217;escola Manuel de Pedrolo</p>
<table class="sites-layout-name-two-column sites-layout-hbox" cellspacing="0">
<tbody>
<tr>
<td class="sites-layout-tile sites-tile-name-content-1">
<div dir="ltr">
<div>
<div><a href="https://sites.google.com/a/xtec.cat/escola-manuel-de-pedrolo/home/foto%20biure%20escola.JPG?attredirects=0"><img loading="lazy" decoding="async" src="https://sites.google.com/a/xtec.cat/escola-manuel-de-pedrolo/_/rsrc/1468861886003/home/foto%20biure%20escola.JPG?height=300&amp;width=400" alt="Entrada escola de Biure" width="400" height="300" border="0" /></a></div>
</div>
</div>
</td>
<td class="sites-layout-tile sites-tile-name-content-2">
<div dir="ltr">
<div><a href="https://picasaweb.google.com/106576540830046500410/8DeJuliolDe2013#5898171591118111170"><img decoding="async" src="https://lh3.googleusercontent.com/-frFEibp_TpY/UdqDz_DlQcI/AAAAAAAAAAM/QguGVB9ODP4/s400/imatge_portada.JPG" border="0" /></a></div>
</div>
</td>
</tr>
</tbody>
</table>
<p>Qui som? Com treballem? Què en pensen els nostres alumnes? Com és la nostra escola?</p>
<div>A la pàgina de Qui som? podreu trobar molta més informació!</div>
<p>&nbsp;</p>
<p>I si teniu qualsevol pregunta, no dubteu en contactar amb nosaltres o a visitar-nos!</p>

<p>Benvinguts a l&#8217;escola Manuel de Pedrolo</p>
<p><a href="https://sites.google.com/a/xtec.cat/escola-manuel-de-pedrolo/home/foto%20biure%20escola.JPG?attredirects=0"></a></p>
<p><a href="https://picasaweb.google.com/106576540830046500410/8DeJuliolDe2013#5898171591118111170"></a></p>
<p>Qui som? Com treballem? Què en pensen els nostres alumnes? Com és la nostra escola?<br />
A la pàgina de Qui som? podreu trobar molta més informació!<br />
&nbsp;<br />
I si teniu qualsevol pregunta, no dubteu en contactar amb nosaltres o a visitar-nos!</p>
