{"id":2051,"date":"2022-06-09T12:57:04","date_gmt":"2022-06-09T10:57:04","guid":{"rendered":"https:\/\/agora.xtec.cat\/zer-les-salines\/?page_id=2051"},"modified":"2022-06-09T13:06:23","modified_gmt":"2022-06-09T11:06:23","slug":"estrategia-digital-de-zer","status":"publish","type":"page","link":"https:\/\/agora.xtec.cat\/zer-les-salines\/zer\/estrategia-digital-de-zer\/","title":{"rendered":"Estrat\u00e8gia digital de ZER"},"content":{"rendered":"<p>L\u2019Estrat\u00e8gia Digital de ZER (EDZ) \u00e9s un document que recull totes les accions que es realitzen en un centre, i les que es realitzaran a mitj\u00e0 termini, per aconseguir la m\u00e0xima compet\u00e8ncia digital de l\u2019alumnat, del professorat i del centre educatiu. Ha de tenir com a referent el Pla d\u2019educaci\u00f3 digital de Catalunya (PEDC), on s\u2019indica la necessitat d\u2019assolir la fita d\u2019una societat digitalment competent, fent \u00e8mfasi en l\u2019equitat i tenint en compte l\u2019evoluci\u00f3 del context social i tecnol\u00f2gic.<\/p>\n<p>En aquest enlla\u00e7 accedireu a la nostra <a href=\"https:\/\/sites.google.com\/xtec.cat\/pla-tac-zer-les-salines\/estrat%C3%A8gia-digital-inici\">EDZ<\/a>. Trobareu documents en obert i d&#8217;altres que us demanar\u00e0 acc\u00e9s, aquests \u00faltims s\u00f3n documents interns, on hi poden haver dades protegides.<\/p>\n","protected":false},"excerpt":{"rendered":"<p>L\u2019Estrat\u00e8gia Digital de ZER (EDZ) \u00e9s un document que recull totes les accions que es realitzen en un centre, i les que es realitzaran a mitj\u00e0 termini, per aconseguir la m\u00e0xima compet\u00e8ncia digital de l\u2019alumnat, del professorat i del centre educatiu. Ha de tenir com&hellip;  <a href=\"https:\/\/agora.xtec.cat\/zer-les-salines\/zer\/estrategia-digital-de-zer\/\" title=\"Read Estrat\u00e8gia digital de ZER\">Llegeix m\u00e9s\u00bb<\/a><\/p>\n","protected":false},"author":1,"featured_media":0,"parent":19,"menu_order":0,"comment_status":"closed","ping_status":"closed","template":"","meta":{"_bbp_topic_count":0,"_bbp_reply_count":0,"_bbp_total_topic_count":0,"_bbp_total_reply_count":0,"_bbp_voice_count":0,"_bbp_anonymous_reply_count":0,"_bbp_topic_count_hidden":0,"_bbp_reply_count_hidden":0,"_bbp_forum_subforum_count":0,"footnotes":""},"class_list":["post-2051","page","type-page","status-publish","hentry"],"post_mailing_queue_ids":[],"_links":{"self":[{"href":"https:\/\/agora.xtec.cat\/zer-les-salines\/wp-json\/wp\/v2\/pages\/2051","targetHints":{"allow":["GET"]}}],"collection":[{"href":"https:\/\/agora.xtec.cat\/zer-les-salines\/wp-json\/wp\/v2\/pages"}],"about":[{"href":"https:\/\/agora.xtec.cat\/zer-les-salines\/wp-json\/wp\/v2\/types\/page"}],"author":[{"embeddable":true,"href":"https:\/\/agora.xtec.cat\/zer-les-salines\/wp-json\/wp\/v2\/users\/1"}],"replies":[{"embeddable":true,"href":"https:\/\/agora.xtec.cat\/zer-les-salines\/wp-json\/wp\/v2\/comments?post=2051"}],"version-history":[{"count":2,"href":"https:\/\/agora.xtec.cat\/zer-les-salines\/wp-json\/wp\/v2\/pages\/2051\/revisions"}],"predecessor-version":[{"id":2054,"href":"https:\/\/agora.xtec.cat\/zer-les-salines\/wp-json\/wp\/v2\/pages\/2051\/revisions\/2054"}],"up":[{"embeddable":true,"href":"https:\/\/agora.xtec.cat\/zer-les-salines\/wp-json\/wp\/v2\/pages\/19"}],"wp:attachment":[{"href":"https:\/\/agora.xtec.cat\/zer-les-salines\/wp-json\/wp\/v2\/media?parent=2051"}],"curies":[{"name":"wp","href":"https:\/\/api.w.org\/{rel}","templated":true}]}}

Estratègia digital de ZER

<p>L’Estratègia Digital de ZER (EDZ) és un document que recull totes les accions que es realitzen en un centre, i les que es realitzaran a mitjà termini, per aconseguir la màxima competència digital de l’alumnat, del professorat i del centre educatiu. Ha de tenir com a referent el Pla d’educació digital de Catalunya (PEDC), on s’indica la necessitat d’assolir la fita d’una societat digitalment competent, fent èmfasi en l’equitat i tenint en compte l’evolució del context social i tecnològic.</p>
<p>En aquest enllaç accedireu a la nostra <a href="https://sites.google.com/xtec.cat/pla-tac-zer-les-salines/estrat%C3%A8gia-digital-inici">EDZ</a>. Trobareu documents en obert i d&#8217;altres que us demanarà accés, aquests últims són documents interns, on hi poden haver dades protegides.</p>

<p>L’Estratègia Digital de ZER (EDZ) és un document que recull totes les accions que es realitzen en un centre, i les que es realitzaran a mitjà termini, per aconseguir la màxima competència digital de l’alumnat, del professorat i del centre educatiu. Ha de tenir com&hellip;  <a href="https://agora.xtec.cat/zer-les-salines/zer/estrategia-digital-de-zer/" title="Read Estratègia digital de ZER">Llegeix més»</a></p>
