{"id":2271,"date":"2026-04-13T09:53:11","date_gmt":"2026-04-13T07:53:11","guid":{"rendered":"https:\/\/agora.xtec.cat\/zer-la-vall-del-ter\/?page_id=2271"},"modified":"2026-04-20T09:32:53","modified_gmt":"2026-04-20T07:32:53","slug":"projectes-2","status":"publish","type":"page","link":"https:\/\/agora.xtec.cat\/zer-la-vall-del-ter\/projectes-2\/","title":{"rendered":"Projectes"},"content":{"rendered":"\n<p>A la ZER la Vall del Ter entenem l\u2019aprenentatge com una experi\u00e8ncia viva, significativa i connectada amb la realitat. Per aix\u00f2 treballem a trav\u00e9s de projectes que parteixen de la curiositat de l\u2019alumnat i fomenten la participaci\u00f3 activa, la creativitat i el treball cooperatiu.<\/p>\n\n\n\n<p>Els projectes ens permeten integrar diferents \u00e0rees de coneixement, potenciar les habilitats personals i socials, i construir aprenentatges que tenen sentit per als infants. En aquesta secci\u00f3 podeu descobrir alguns dels projectes que desenvolupem a les nostres escoles i que donen forma al nostre dia a dia educatiu.<\/p>\n\n\n\n<figure class=\"wp-block-image size-large\"><a href=\"https:\/\/agora.xtec.cat\/zer-la-vall-del-ter\/wp-content\/uploads\/usu1041\/2026\/04\/PROJECTES-3.png\"><img loading=\"lazy\" decoding=\"async\" width=\"724\" height=\"1024\" src=\"https:\/\/agora.xtec.cat\/zer-la-vall-del-ter\/wp-content\/uploads\/usu1041\/2026\/04\/PROJECTES-3-724x1024.png\" alt=\"\" class=\"wp-image-2294\" srcset=\"https:\/\/agora.xtec.cat\/zer-la-vall-del-ter\/wp-content\/uploads\/usu1041\/2026\/04\/PROJECTES-3-724x1024.png 724w, https:\/\/agora.xtec.cat\/zer-la-vall-del-ter\/wp-content\/uploads\/usu1041\/2026\/04\/PROJECTES-3-212x300.png 212w, https:\/\/agora.xtec.cat\/zer-la-vall-del-ter\/wp-content\/uploads\/usu1041\/2026\/04\/PROJECTES-3-768x1086.png 768w, https:\/\/agora.xtec.cat\/zer-la-vall-del-ter\/wp-content\/uploads\/usu1041\/2026\/04\/PROJECTES-3-1086x1536.png 1086w, https:\/\/agora.xtec.cat\/zer-la-vall-del-ter\/wp-content\/uploads\/usu1041\/2026\/04\/PROJECTES-3.png 1414w\" sizes=\"auto, (max-width: 724px) 100vw, 724px\" \/><\/a><\/figure>\n","protected":false},"excerpt":{"rendered":"<p>A la ZER la Vall del Ter entenem l\u2019aprenentatge com una experi\u00e8ncia viva, significativa i connectada amb la realitat. Per aix\u00f2 treballem a trav\u00e9s de projectes que parteixen de la curiositat de l\u2019alumnat i fomenten la participaci\u00f3 activa, la creativitat i el treball cooperatiu. Els projectes ens permeten integrar diferents \u00e0rees de coneixement, potenciar les [&hellip;]<\/p>\n","protected":false},"author":1,"featured_media":0,"parent":0,"menu_order":0,"comment_status":"closed","ping_status":"close","template":"","meta":{"_bbp_topic_count":0,"_bbp_reply_count":0,"_bbp_total_topic_count":0,"_bbp_total_reply_count":0,"_bbp_voice_count":0,"_bbp_anonymous_reply_count":0,"_bbp_topic_count_hidden":0,"_bbp_reply_count_hidden":0,"_bbp_forum_subforum_count":0,"site-sidebar-layout":"default","site-content-layout":"","ast-site-content-layout":"default","site-content-style":"default","site-sidebar-style":"default","ast-global-header-display":"","ast-banner-title-visibility":"","ast-main-header-display":"","ast-hfb-above-header-display":"","ast-hfb-below-header-display":"","ast-hfb-mobile-header-display":"","site-post-title":"","ast-breadcrumbs-content":"","ast-featured-img":"","footer-sml-layout":"","theme-transparent-header-meta":"","adv-header-id-meta":"","stick-header-meta":"","header-above-stick-meta":"","header-main-stick-meta":"","header-below-stick-meta":"","astra-migrate-meta-layouts":"set","ast-page-background-enabled":"default","ast-page-background-meta":{"desktop":{"background-color":"var(--ast-global-color-4)","background-image":"","background-repeat":"repeat","background-position":"center center","background-size":"auto","background-attachment":"scroll","background-type":"","background-media":"","overlay-type":"","overlay-color":"","overlay-opacity":"","overlay-gradient":""},"tablet":{"background-color":"","background-image":"","background-repeat":"repeat","background-position":"center center","background-size":"auto","background-attachment":"scroll","background-type":"","background-media":"","overlay-type":"","overlay-color":"","overlay-opacity":"","overlay-gradient":""},"mobile":{"background-color":"","background-image":"","background-repeat":"repeat","background-position":"center center","background-size":"auto","background-attachment":"scroll","background-type":"","background-media":"","overlay-type":"","overlay-color":"","overlay-opacity":"","overlay-gradient":""}},"ast-content-background-meta":{"desktop":{"background-color":"var(--ast-global-color-5)","background-image":"","background-repeat":"repeat","background-position":"center center","background-size":"auto","background-attachment":"scroll","background-type":"","background-media":"","overlay-type":"","overlay-color":"","overlay-opacity":"","overlay-gradient":""},"tablet":{"background-color":"var(--ast-global-color-5)","background-image":"","background-repeat":"repeat","background-position":"center center","background-size":"auto","background-attachment":"scroll","background-type":"","background-media":"","overlay-type":"","overlay-color":"","overlay-opacity":"","overlay-gradient":""},"mobile":{"background-color":"var(--ast-global-color-5)","background-image":"","background-repeat":"repeat","background-position":"center center","background-size":"auto","background-attachment":"scroll","background-type":"","background-media":"","overlay-type":"","overlay-color":"","overlay-opacity":"","overlay-gradient":""}},"footnotes":""},"class_list":["post-2271","page","type-page","status-publish","hentry"],"post_mailing_queue_ids":[],"_links":{"self":[{"href":"https:\/\/agora.xtec.cat\/zer-la-vall-del-ter\/wp-json\/wp\/v2\/pages\/2271","targetHints":{"allow":["GET"]}}],"collection":[{"href":"https:\/\/agora.xtec.cat\/zer-la-vall-del-ter\/wp-json\/wp\/v2\/pages"}],"about":[{"href":"https:\/\/agora.xtec.cat\/zer-la-vall-del-ter\/wp-json\/wp\/v2\/types\/page"}],"author":[{"embeddable":true,"href":"https:\/\/agora.xtec.cat\/zer-la-vall-del-ter\/wp-json\/wp\/v2\/users\/1"}],"replies":[{"embeddable":true,"href":"https:\/\/agora.xtec.cat\/zer-la-vall-del-ter\/wp-json\/wp\/v2\/comments?post=2271"}],"version-history":[{"count":5,"href":"https:\/\/agora.xtec.cat\/zer-la-vall-del-ter\/wp-json\/wp\/v2\/pages\/2271\/revisions"}],"predecessor-version":[{"id":2295,"href":"https:\/\/agora.xtec.cat\/zer-la-vall-del-ter\/wp-json\/wp\/v2\/pages\/2271\/revisions\/2295"}],"wp:attachment":[{"href":"https:\/\/agora.xtec.cat\/zer-la-vall-del-ter\/wp-json\/wp\/v2\/media?parent=2271"}],"curies":[{"name":"wp","href":"https:\/\/api.w.org\/{rel}","templated":true}]}}