{"id":1689,"date":"2026-01-14T09:33:46","date_gmt":"2026-01-14T08:33:46","guid":{"rendered":"https:\/\/agora.xtec.cat\/zer-fontdelaiguadi\/?page_id=1689"},"modified":"2026-02-06T13:52:21","modified_gmt":"2026-02-06T12:52:21","slug":"historia","status":"publish","type":"page","link":"https:\/\/agora.xtec.cat\/zer-fontdelaiguadi\/escola-les-eres-de-rasquera\/historia\/","title":{"rendered":"Hist\u00f2ria"},"content":{"rendered":"<h4 align=\"left\">EL POBLE<\/h4>\n<p align=\"left\">Rasquera \u00e9s el poble m\u00e9s meridional de la comarca de la Ribera d\u2019Ebre. Es troba situada a la ribera esquerra de l\u2019Ebre, una mica allunyada d\u2019aquest, al peu de la Serra de Card\u00f3. Es troba situada a una altitud de 174 metres i a una dist\u00e0ncia del mar, en l\u00ednia recta, d\u2019uns 25 quil\u00f2metres.<\/p>\n<p align=\"left\">La seva poblaci\u00f3 \u00e9s majorit\u00e0riament agr\u00edcola-ramadera. Els principals conreus de sec\u00e0 s\u00f3n la vinya, l\u2019oliver i els ametllers.\u00a0I a les zones de regadiu hi podem trobar presseguers i cirerers.<\/p>\n<p align=\"left\">Encara podem gaudir de ramats de cabres, que, lliures, pasturen per la Serra de Card\u00f3 sota la vigil\u00e0ncia dels pastors i els gossos d\u2019atura.<\/p>\n<p align=\"left\">S\u00f3n tamb\u00e9 t\u00edpics els pastissets de Rasquera i altres dol\u00e7os com \u201cmantecados\u201d, capsetes, carquinyolis,\u2026<\/p>\n<p align=\"left\">L\u2019artesania que es treballa \u00e9s la dels cabassos: s\u00e0rries, sitis, catifes,senalles, bufadors, bressols, callitores, senatxos\u2026 fets de \u201cpauma\u201d, ( amb la palmera mediterr\u00e0nia: el margall\u00f3, molt abundant en aquesta zona ).<\/p>\n<p align=\"left\">El poble sobrepassa els vuit-cents habitants. \u00c9s un poble costerut, situat al vessant nord de la muntanya, amb un nucli \u00e0ntic \u00e0rab, situat al centre, des d\u2019on el poble ha anat creixent cap a la perif\u00e8ria, en direcci\u00f3 a la ribera. Al capdamunt de tot hi trobem l\u2019ermita de Sant Domingo visible des de lluny abans d\u2019arribar al poble. I des d\u2019ella una gran panor\u00e0mica.<\/p>\n<p align=\"left\">Rasquera celebra la Festa Major en honor a Sant Domingo, el dia quatre d\u2019agost. La vespra abans repiquen les campanes i el dia quatre, els nens i nenes es vesteixen amb el tratge t\u00edpic catal\u00e0 i van en romiatge a l\u2019ermita. De baixada, a la pla\u00e7a de l\u2019esgl\u00e9sia, ballen la jota rasquerana.<\/p>\n","protected":false},"excerpt":{"rendered":"<p>EL POBLE Rasquera \u00e9s el poble m\u00e9s meridional de la comarca de la Ribera d\u2019Ebre. Es troba situada a la ribera esquerra de l\u2019Ebre, una mica allunyada d\u2019aquest, al peu de la Serra de Card\u00f3. Es troba situada a una altitud de 174 metres i a una dist\u00e0ncia del mar, en l\u00ednia recta, d\u2019uns 25 [&hellip;]<\/p>\n","protected":false},"author":1,"featured_media":0,"parent":1657,"menu_order":2,"comment_status":"closed","ping_status":"closed","template":"","meta":{"_bbp_topic_count":0,"_bbp_reply_count":0,"_bbp_total_topic_count":0,"_bbp_total_reply_count":0,"_bbp_voice_count":0,"_bbp_anonymous_reply_count":0,"_bbp_topic_count_hidden":0,"_bbp_reply_count_hidden":0,"_bbp_forum_subforum_count":0,"site-sidebar-layout":"default","site-content-layout":"","ast-site-content-layout":"default","site-content-style":"default","site-sidebar-style":"default","ast-global-header-display":"","ast-banner-title-visibility":"","ast-main-header-display":"","ast-hfb-above-header-display":"","ast-hfb-below-header-display":"","ast-hfb-mobile-header-display":"","site-post-title":"","ast-breadcrumbs-content":"","ast-featured-img":"","footer-sml-layout":"","theme-transparent-header-meta":"default","adv-header-id-meta":"","stick-header-meta":"","header-above-stick-meta":"","header-main-stick-meta":"","header-below-stick-meta":"","astra-migrate-meta-layouts":"set","ast-page-background-enabled":"default","ast-page-background-meta":{"desktop":{"background-color":"var(--ast-global-color-4)","background-image":"","background-repeat":"repeat","background-position":"center center","background-size":"auto","background-attachment":"scroll","background-type":"","background-media":"","overlay-type":"","overlay-color":"","overlay-opacity":"","overlay-gradient":""},"tablet":{"background-color":"","background-image":"","background-repeat":"repeat","background-position":"center center","background-size":"auto","background-attachment":"scroll","background-type":"","background-media":"","overlay-type":"","overlay-color":"","overlay-opacity":"","overlay-gradient":""},"mobile":{"background-color":"","background-image":"","background-repeat":"repeat","background-position":"center center","background-size":"auto","background-attachment":"scroll","background-type":"","background-media":"","overlay-type":"","overlay-color":"","overlay-opacity":"","overlay-gradient":""}},"ast-content-background-meta":{"desktop":{"background-color":"var(--ast-global-color-5)","background-image":"","background-repeat":"repeat","background-position":"center center","background-size":"auto","background-attachment":"scroll","background-type":"","background-media":"","overlay-type":"","overlay-color":"","overlay-opacity":"","overlay-gradient":""},"tablet":{"background-color":"var(--ast-global-color-5)","background-image":"","background-repeat":"repeat","background-position":"center center","background-size":"auto","background-attachment":"scroll","background-type":"","background-media":"","overlay-type":"","overlay-color":"","overlay-opacity":"","overlay-gradient":""},"mobile":{"background-color":"var(--ast-global-color-5)","background-image":"","background-repeat":"repeat","background-position":"center center","background-size":"auto","background-attachment":"scroll","background-type":"","background-media":"","overlay-type":"","overlay-color":"","overlay-opacity":"","overlay-gradient":""}},"footnotes":""},"class_list":["post-1689","page","type-page","status-publish","hentry"],"post_mailing_queue_ids":[],"_links":{"self":[{"href":"https:\/\/agora.xtec.cat\/zer-fontdelaiguadi\/wp-json\/wp\/v2\/pages\/1689","targetHints":{"allow":["GET"]}}],"collection":[{"href":"https:\/\/agora.xtec.cat\/zer-fontdelaiguadi\/wp-json\/wp\/v2\/pages"}],"about":[{"href":"https:\/\/agora.xtec.cat\/zer-fontdelaiguadi\/wp-json\/wp\/v2\/types\/page"}],"author":[{"embeddable":true,"href":"https:\/\/agora.xtec.cat\/zer-fontdelaiguadi\/wp-json\/wp\/v2\/users\/1"}],"replies":[{"embeddable":true,"href":"https:\/\/agora.xtec.cat\/zer-fontdelaiguadi\/wp-json\/wp\/v2\/comments?post=1689"}],"version-history":[{"count":2,"href":"https:\/\/agora.xtec.cat\/zer-fontdelaiguadi\/wp-json\/wp\/v2\/pages\/1689\/revisions"}],"predecessor-version":[{"id":1781,"href":"https:\/\/agora.xtec.cat\/zer-fontdelaiguadi\/wp-json\/wp\/v2\/pages\/1689\/revisions\/1781"}],"up":[{"embeddable":true,"href":"https:\/\/agora.xtec.cat\/zer-fontdelaiguadi\/wp-json\/wp\/v2\/pages\/1657"}],"wp:attachment":[{"href":"https:\/\/agora.xtec.cat\/zer-fontdelaiguadi\/wp-json\/wp\/v2\/media?parent=1689"}],"curies":[{"name":"wp","href":"https:\/\/api.w.org\/{rel}","templated":true}]}}