{"id":1661,"date":"2026-01-08T12:25:39","date_gmt":"2026-01-08T11:25:39","guid":{"rendered":"https:\/\/agora.xtec.cat\/zer-fontdelaiguadi\/?page_id=1661"},"modified":"2026-01-14T23:11:41","modified_gmt":"2026-01-14T22:11:41","slug":"qui-som","status":"publish","type":"page","link":"https:\/\/agora.xtec.cat\/zer-fontdelaiguadi\/escola-pamies\/qui-som\/","title":{"rendered":"Qui som?"},"content":{"rendered":"<p data-start=\"303\" data-end=\"580\">L\u2019 <a href=\"https:\/\/agora.xtec.cat\/esc-pamiesdeginestar\/\">Escola P\u00e0mies de Ginestar<\/a> \u00e9s una escola rural, arrelada al poble i oberta a l\u2019entorn. Som una comunitat educativa propera, on els infants creixen i aprenen en un ambient familiar, segur i respectu\u00f3s, afavorint relacions basades en l\u2019empatia, la cooperaci\u00f3 i el respecte mutu.<\/p>\n<p data-start=\"582\" data-end=\"886\">Treballem en grup c\u00edclics: la llar, educaci\u00f3 infantil, cicle inicial, cicle mitj\u00e0 i cicle superior; fet que ens permeten oferir una atenci\u00f3 individualitzada, respectant els ritmes d\u2019aprenentatge de cada infant i potenciant les seves capacitats. Apostem per una educaci\u00f3 vivencial i significativa, on el joc, l\u2019experimentaci\u00f3 i el treball per projectes s\u00f3n eines clau per aprendre.<\/p>\n<p data-start=\"888\" data-end=\"1148\">Com a escola de la <strong data-start=\"907\" data-end=\"932\">ZER Font de l\u2019Aiguad\u00ed<\/strong>, compartim projectes, activitats i experi\u00e8ncies amb l&#8217;Escola Les Eres de Rasquera, enriquint l\u2019aprenentatge i fomentant el sentiment de pertinen\u00e7a, la conviv\u00e8ncia i la socialitzaci\u00f3 entre infants de Ginestar i Rasquera.<\/p>\n<p><a href=\"https:\/\/agora.xtec.cat\/zer-fontdelaiguadi\/wp-content\/uploads\/usu1626\/2026\/01\/logo-escola.jpg\"><img loading=\"lazy\" decoding=\"async\" class=\"alignnone size-medium wp-image-1662\" src=\"https:\/\/agora.xtec.cat\/zer-fontdelaiguadi\/wp-content\/uploads\/usu1626\/2026\/01\/logo-escola-300x149.jpg\" alt=\"\" width=\"300\" height=\"149\" srcset=\"https:\/\/agora.xtec.cat\/zer-fontdelaiguadi\/wp-content\/uploads\/usu1626\/2026\/01\/logo-escola-300x149.jpg 300w, https:\/\/agora.xtec.cat\/zer-fontdelaiguadi\/wp-content\/uploads\/usu1626\/2026\/01\/logo-escola-768x382.jpg 768w, https:\/\/agora.xtec.cat\/zer-fontdelaiguadi\/wp-content\/uploads\/usu1626\/2026\/01\/logo-escola.jpg 924w\" sizes=\"auto, (max-width: 300px) 100vw, 300px\" \/><\/a><\/p>\n<p>&nbsp;<\/p>\n","protected":false},"excerpt":{"rendered":"<p>L\u2019 Escola P\u00e0mies de Ginestar \u00e9s una escola rural, arrelada al poble i oberta a l\u2019entorn. Som una comunitat educativa propera, on els infants creixen i aprenen en un ambient familiar, segur i respectu\u00f3s, afavorint relacions basades en l\u2019empatia, la cooperaci\u00f3 i el respecte mutu. Treballem en grup c\u00edclics: la llar, educaci\u00f3 infantil, cicle inicial, [&hellip;]<\/p>\n","protected":false},"author":1,"featured_media":0,"parent":1659,"menu_order":1,"comment_status":"closed","ping_status":"closed","template":"","meta":{"_bbp_topic_count":0,"_bbp_reply_count":0,"_bbp_total_topic_count":0,"_bbp_total_reply_count":0,"_bbp_voice_count":0,"_bbp_anonymous_reply_count":0,"_bbp_topic_count_hidden":0,"_bbp_reply_count_hidden":0,"_bbp_forum_subforum_count":0,"site-sidebar-layout":"default","site-content-layout":"","ast-site-content-layout":"default","site-content-style":"default","site-sidebar-style":"default","ast-global-header-display":"","ast-banner-title-visibility":"","ast-main-header-display":"","ast-hfb-above-header-display":"","ast-hfb-below-header-display":"","ast-hfb-mobile-header-display":"","site-post-title":"","ast-breadcrumbs-content":"","ast-featured-img":"","footer-sml-layout":"","theme-transparent-header-meta":"default","adv-header-id-meta":"","stick-header-meta":"","header-above-stick-meta":"","header-main-stick-meta":"","header-below-stick-meta":"","astra-migrate-meta-layouts":"set","ast-page-background-enabled":"default","ast-page-background-meta":{"desktop":{"background-color":"var(--ast-global-color-4)","background-image":"","background-repeat":"repeat","background-position":"center center","background-size":"auto","background-attachment":"scroll","background-type":"","background-media":"","overlay-type":"","overlay-color":"","overlay-opacity":"","overlay-gradient":""},"tablet":{"background-color":"","background-image":"","background-repeat":"repeat","background-position":"center center","background-size":"auto","background-attachment":"scroll","background-type":"","background-media":"","overlay-type":"","overlay-color":"","overlay-opacity":"","overlay-gradient":""},"mobile":{"background-color":"","background-image":"","background-repeat":"repeat","background-position":"center center","background-size":"auto","background-attachment":"scroll","background-type":"","background-media":"","overlay-type":"","overlay-color":"","overlay-opacity":"","overlay-gradient":""}},"ast-content-background-meta":{"desktop":{"background-color":"var(--ast-global-color-5)","background-image":"","background-repeat":"repeat","background-position":"center center","background-size":"auto","background-attachment":"scroll","background-type":"","background-media":"","overlay-type":"","overlay-color":"","overlay-opacity":"","overlay-gradient":""},"tablet":{"background-color":"var(--ast-global-color-5)","background-image":"","background-repeat":"repeat","background-position":"center center","background-size":"auto","background-attachment":"scroll","background-type":"","background-media":"","overlay-type":"","overlay-color":"","overlay-opacity":"","overlay-gradient":""},"mobile":{"background-color":"var(--ast-global-color-5)","background-image":"","background-repeat":"repeat","background-position":"center center","background-size":"auto","background-attachment":"scroll","background-type":"","background-media":"","overlay-type":"","overlay-color":"","overlay-opacity":"","overlay-gradient":""}},"footnotes":""},"class_list":["post-1661","page","type-page","status-publish","hentry"],"post_mailing_queue_ids":[],"_links":{"self":[{"href":"https:\/\/agora.xtec.cat\/zer-fontdelaiguadi\/wp-json\/wp\/v2\/pages\/1661","targetHints":{"allow":["GET"]}}],"collection":[{"href":"https:\/\/agora.xtec.cat\/zer-fontdelaiguadi\/wp-json\/wp\/v2\/pages"}],"about":[{"href":"https:\/\/agora.xtec.cat\/zer-fontdelaiguadi\/wp-json\/wp\/v2\/types\/page"}],"author":[{"embeddable":true,"href":"https:\/\/agora.xtec.cat\/zer-fontdelaiguadi\/wp-json\/wp\/v2\/users\/1"}],"replies":[{"embeddable":true,"href":"https:\/\/agora.xtec.cat\/zer-fontdelaiguadi\/wp-json\/wp\/v2\/comments?post=1661"}],"version-history":[{"count":4,"href":"https:\/\/agora.xtec.cat\/zer-fontdelaiguadi\/wp-json\/wp\/v2\/pages\/1661\/revisions"}],"predecessor-version":[{"id":1709,"href":"https:\/\/agora.xtec.cat\/zer-fontdelaiguadi\/wp-json\/wp\/v2\/pages\/1661\/revisions\/1709"}],"up":[{"embeddable":true,"href":"https:\/\/agora.xtec.cat\/zer-fontdelaiguadi\/wp-json\/wp\/v2\/pages\/1659"}],"wp:attachment":[{"href":"https:\/\/agora.xtec.cat\/zer-fontdelaiguadi\/wp-json\/wp\/v2\/media?parent=1661"}],"curies":[{"name":"wp","href":"https:\/\/api.w.org\/{rel}","templated":true}]}}