{"id":6630,"date":"2023-06-20T12:47:03","date_gmt":"2023-06-20T10:47:03","guid":{"rendered":"https:\/\/agora.xtec.cat\/zer-capdecreus\/?page_id=6630"},"modified":"2024-09-22T12:02:05","modified_gmt":"2024-09-22T10:02:05","slug":"teatre-a-lescola","status":"publish","type":"page","link":"https:\/\/agora.xtec.cat\/zer-capdecreus\/zer\/que-fem\/teatre-a-lescola\/","title":{"rendered":"Teatre a l&#8217;escola"},"content":{"rendered":"<p style=\"text-align: justify;\">\r\n\t<div class=\"slideshow_container slideshow_container_style-light\" style=\"height: 300px; \" data-slideshow-id=\"7216\" data-style-name=\"style-light\" data-style-version=\"2.3.1\" >\r\n\r\n\t\t\t\t\t<div class=\"slideshow_loading_icon\"><\/div>\r\n\t\t\r\n\t\t<div class=\"slideshow_content\" style=\"display: none;\">\r\n\r\n\t\t\t<div class=\"slideshow_view\">\r\n\t\t\t\t<div class=\"slideshow_slide slideshow_slide_image\">\r\n\t\t\t\t\t\t\t\t\t\t\t<img src=\"https:\/\/agora.xtec.cat\/zer-capdecreus\/wp-content\/uploads\/usu1769\/2024\/09\/IMG-20240531-WA0053-1.jpg\" alt=\"IMG-20240531-WA0053\" width=\"1600\" height=\"1200\" \/>\r\n\t\t\t\t\t\t\t\t\t\t<div class=\"slideshow_description_box slideshow_transparent\">\r\n\t\t\t\t\t\t<div class=\"slideshow_title\">IMG-20240531-WA0053<\/div>\t\t\t\t\t\t\t\t\t\t\t<\/div>\r\n\t\t\t\t<\/div>\r\n\r\n\t\t\t\t\t\t<div style=\"clear: both;\"><\/div><\/div><div class=\"slideshow_view\">\r\n\t\t\t\t<div class=\"slideshow_slide slideshow_slide_image\">\r\n\t\t\t\t\t\t\t\t\t\t\t<img src=\"https:\/\/agora.xtec.cat\/zer-capdecreus\/wp-content\/uploads\/usu1769\/2024\/09\/1707232133750-scaled.jpg\" alt=\"1707232133750\" width=\"2560\" height=\"1928\" \/>\r\n\t\t\t\t\t\t\t\t\t\t<div class=\"slideshow_description_box slideshow_transparent\">\r\n\t\t\t\t\t\t<div class=\"slideshow_title\">1707232133750<\/div>\t\t\t\t\t\t\t\t\t\t\t<\/div>\r\n\t\t\t\t<\/div>\r\n\r\n\t\t\t\t\t\t<div style=\"clear: both;\"><\/div><\/div><div class=\"slideshow_view\">\r\n\t\t\t\t<div class=\"slideshow_slide slideshow_slide_image\">\r\n\t\t\t\t\t\t\t\t\t\t\t<img src=\"https:\/\/agora.xtec.cat\/zer-capdecreus\/wp-content\/uploads\/usu1769\/2024\/09\/Teatre-web3.jpg\" alt=\"xr:d:DAFmWwxezXk:3,j:5363055276037702499,t:23062011\" width=\"582\" height=\"450\" \/>\r\n\t\t\t\t\t\t\t\t\t\t<div class=\"slideshow_description_box slideshow_transparent\">\r\n\t\t\t\t\t\t<div class=\"slideshow_title\">xr:d:DAFmWwxezXk:3,j:5363055276037702499,t:23062011<\/div>\t\t\t\t\t\t\t\t\t\t\t<\/div>\r\n\t\t\t\t<\/div>\r\n\r\n\t\t\t\t\t\t<div style=\"clear: both;\"><\/div><\/div><div class=\"slideshow_view\">\r\n\t\t\t\t<div class=\"slideshow_slide slideshow_slide_image\">\r\n\t\t\t\t\t\t\t\t\t\t\t<img src=\"https:\/\/agora.xtec.cat\/zer-capdecreus\/wp-content\/uploads\/usu1769\/2024\/09\/IMG-20240531-WA0048-1.jpg\" alt=\"IMG-20240531-WA0048\" width=\"1600\" height=\"1200\" \/>\r\n\t\t\t\t\t\t\t\t\t\t<div class=\"slideshow_description_box slideshow_transparent\">\r\n\t\t\t\t\t\t<div class=\"slideshow_title\">IMG-20240531-WA0048<\/div>\t\t\t\t\t\t\t\t\t\t\t<\/div>\r\n\t\t\t\t<\/div>\r\n\r\n\t\t\t\t\t\t<div style=\"clear: both;\"><\/div><\/div><div class=\"slideshow_view\">\r\n\t\t\t\t<div class=\"slideshow_slide slideshow_slide_image\">\r\n\t\t\t\t\t\t\t\t\t\t\t<img src=\"https:\/\/agora.xtec.cat\/zer-capdecreus\/wp-content\/uploads\/usu1769\/2024\/09\/Teatre-web2-1.jpg\" alt=\"xr:d:DAFmWwxezXk:3,j:5363055276037702499,t:23062011\" width=\"836\" height=\"450\" \/>\r\n\t\t\t\t\t\t\t\t\t\t<div class=\"slideshow_description_box slideshow_transparent\">\r\n\t\t\t\t\t\t<div class=\"slideshow_title\">xr:d:DAFmWwxezXk:3,j:5363055276037702499,t:23062011<\/div>\t\t\t\t\t\t\t\t\t\t\t<\/div>\r\n\t\t\t\t<\/div>\r\n\r\n\t\t\t\t\t\t<div style=\"clear: both;\"><\/div><\/div>\r\n\t\t<\/div>\r\n\r\n\t\t<div class=\"slideshow_controlPanel slideshow_transparent\" style=\"display: none;\"><ul><li class=\"slideshow_togglePlay\" data-play-text=\"Visualitza\" data-pause-text=\"Pausa\"><\/li><\/ul><\/div>\r\n\r\n\t\t<div class=\"slideshow_button slideshow_previous slideshow_transparent\" role=\"button\" data-previous-text=\"Anterior\" style=\"display: none;\"><\/div>\r\n\t\t<div class=\"slideshow_button slideshow_next slideshow_transparent\" role=\"button\" data-next-text=\"Seg\u00fcent\" style=\"display: none;\"><\/div>\r\n\r\n\t\t<div class=\"slideshow_pagination\" style=\"display: none;\" data-go-to-text=\"V\u00e9s a la diapositiva\"><div class=\"slideshow_pagination_center\"><\/div><\/div>\r\n\r\n\t\t<!-- WordPress Slideshow Version 2.3.1 -->\r\n\r\n\t\t\t<\/div>\r\n\r\n<\/p>\n<p style=\"text-align: justify;\">El teatre a la ZER Cap de Creus dins de l&#8217;horari escolar en forma de taller trimestral, s&#8217;inicia a l&#8217;escola Les Clisques durant el curs 21-22. La idea principal del taller \u00e9s la de refor\u00e7ar el treball de la llengua oral en catal\u00e0, un apartat prou important del curr\u00edculum que a m\u00e9s, genera una gran satisfacci\u00f3 a l&#8217;alumnat.<\/p>\n<p style=\"text-align: justify;\">En aquell moment cada grup-classe d&#8217;educaci\u00f3 prim\u00e0ria treballava al llarg d&#8217;un trimestre diferents t\u00e8cniques per a guanyar en seguretat a l&#8217;hora de parlar en p\u00fablic.<\/p>\n<p style=\"text-align: justify;\">A partir del curs 22-23 el taller de teatre, a m\u00e9s, prepara i crea una petita obra de teatre que a final de trimestre s&#8217;ofereix a les fam\u00edlies. Durant aquest curs 22-23, l&#8217;escola Puig d&#8217;Esquers inicia el treball del teatre a trav\u00e9s d&#8217;un dels seus ambients d&#8217;aprenentatge.<\/p>\n<p>\u00c9s a partir del curs 23-24 que l&#8217;escola Puig d&#8217;Esquers crea un taller de teatre creant dues petites obres que s&#8217;ofereixen al p\u00fablic 2 cops al llarg del curs.<\/p>\n<p style=\"text-align: justify;\">A partir del taller, hem observat com els nostres alumnes guanyen en seguretat, participen d&#8217;una obra col\u00b7lectiva, valoren els companys i reforcen vincles.<\/p>\n<p style=\"text-align: justify;\">Per a refor\u00e7ar-ho tot plegat, vetllem per a que els nostre alumnes puguin assistir a algun espectacle teatral professional al llarg de cada curs.<\/p>\n<p><a href=\"https:\/\/agora.xtec.cat\/zer-capdecreus\/wp-content\/uploads\/usu1769\/2023\/06\/Teatre.png\"><img loading=\"lazy\" decoding=\"async\" class=\"aligncenter wp-image-6637 size-large\" src=\"https:\/\/agora.xtec.cat\/zer-capdecreus\/wp-content\/uploads\/usu1769\/2023\/06\/Teatre-1024x228.png\" alt=\"\" width=\"1024\" height=\"228\" srcset=\"https:\/\/agora.xtec.cat\/zer-capdecreus\/wp-content\/uploads\/usu1769\/2023\/06\/Teatre-1024x228.png 1024w, https:\/\/agora.xtec.cat\/zer-capdecreus\/wp-content\/uploads\/usu1769\/2023\/06\/Teatre-300x67.png 300w, https:\/\/agora.xtec.cat\/zer-capdecreus\/wp-content\/uploads\/usu1769\/2023\/06\/Teatre-768x171.png 768w, https:\/\/agora.xtec.cat\/zer-capdecreus\/wp-content\/uploads\/usu1769\/2023\/06\/Teatre-1536x343.png 1536w, https:\/\/agora.xtec.cat\/zer-capdecreus\/wp-content\/uploads\/usu1769\/2023\/06\/Teatre.png 2000w\" sizes=\"auto, (max-width: 1024px) 100vw, 1024px\" \/><\/a><\/p>\n","protected":false},"excerpt":{"rendered":"<p>\t\t\t\t\t\tIMG-20240531-WA0053\t\t\t\t\t\t\t\t\t\t\t<\/p>\n<p>\t\t\t\t\t\t1707232133750\t\t\t\t\t\t\t\t\t\t\t<\/p>\n<p>\t\t\t\t\t\txr:d:DAFmWwxezXk:3,j:5363055276037702499,t:23062011\t\t\t\t\t\t\t\t\t\t\t<\/p>\n<p>\t\t\t\t\t\tIMG-20240531-WA0048\t\t\t\t\t\t\t\t\t\t\t<\/p>\n<p>\t\t\t\t\t\txr:d:DAFmWwxezXk:3,j:5363055276037702499,t:23062011\t\t\t\t\t\t\t\t\t\t\t<\/p>\n<ul>\n<li class=\"slideshow_togglePlay\" data-play-text=\"Visualitza\" data-pause-text=\"Pausa\"><\/li>\n<\/ul>\n<p>El teatre a la ZER Cap de Creus dins de l&#8217;horari escolar en forma de taller trimestral, s&#8217;inicia a l&#8217;escola Les Clisques durant el curs 21-22. La idea principal del taller \u00e9s la de refor\u00e7ar el treball de la llengua oral en&hellip;  <a href=\"https:\/\/agora.xtec.cat\/zer-capdecreus\/zer\/que-fem\/teatre-a-lescola\/\" title=\"Read Teatre a l&#8217;escola\">Llegeix m\u00e9s\u00bb<\/a><\/p>\n","protected":false},"author":1,"featured_media":0,"parent":297,"menu_order":100,"comment_status":"closed","ping_status":"closed","template":"page-templates\/side-menu.php","meta":{"_bbp_topic_count":0,"_bbp_reply_count":0,"_bbp_total_topic_count":0,"_bbp_total_reply_count":0,"_bbp_voice_count":0,"_bbp_anonymous_reply_count":0,"_bbp_topic_count_hidden":0,"_bbp_reply_count_hidden":0,"_bbp_forum_subforum_count":0,"footnotes":""},"class_list":["post-6630","page","type-page","status-publish","hentry"],"post_mailing_queue_ids":[],"_links":{"self":[{"href":"https:\/\/agora.xtec.cat\/zer-capdecreus\/wp-json\/wp\/v2\/pages\/6630","targetHints":{"allow":["GET"]}}],"collection":[{"href":"https:\/\/agora.xtec.cat\/zer-capdecreus\/wp-json\/wp\/v2\/pages"}],"about":[{"href":"https:\/\/agora.xtec.cat\/zer-capdecreus\/wp-json\/wp\/v2\/types\/page"}],"author":[{"embeddable":true,"href":"https:\/\/agora.xtec.cat\/zer-capdecreus\/wp-json\/wp\/v2\/users\/1"}],"replies":[{"embeddable":true,"href":"https:\/\/agora.xtec.cat\/zer-capdecreus\/wp-json\/wp\/v2\/comments?post=6630"}],"version-history":[{"count":5,"href":"https:\/\/agora.xtec.cat\/zer-capdecreus\/wp-json\/wp\/v2\/pages\/6630\/revisions"}],"predecessor-version":[{"id":7217,"href":"https:\/\/agora.xtec.cat\/zer-capdecreus\/wp-json\/wp\/v2\/pages\/6630\/revisions\/7217"}],"up":[{"embeddable":true,"href":"https:\/\/agora.xtec.cat\/zer-capdecreus\/wp-json\/wp\/v2\/pages\/297"}],"wp:attachment":[{"href":"https:\/\/agora.xtec.cat\/zer-capdecreus\/wp-json\/wp\/v2\/media?parent=6630"}],"curies":[{"name":"wp","href":"https:\/\/api.w.org\/{rel}","templated":true}]}}