{"id":258,"date":"2015-07-20T12:40:06","date_gmt":"2015-07-20T11:40:06","guid":{"rendered":"http:\/\/agora.xtec.cat\/zer-capdecreus\/?page_id=258"},"modified":"2021-09-24T16:02:00","modified_gmt":"2021-09-24T14:02:00","slug":"qui-som","status":"publish","type":"page","link":"https:\/\/agora.xtec.cat\/zer-capdecreus\/zer\/qui-som\/","title":{"rendered":"Qui som"},"content":{"rendered":"<p style=\"text-align: justify;\"><span style=\"font-size: medium;\"><span lang=\"CA\"><strong>La ZER Cap de Creus<\/strong> \u00a0est\u00e0 ubicada en un \u00e0mbit rural dins la comarca de l\u2019Alt Empord\u00e0. Es va constituir legalment el curs <\/span><span lang=\"CA\">2009-10, tot i que, anteriorment \u00a0ja constitu\u00efen l\u2019Agrupaci\u00f3 Rural de l\u2019Alt Empord\u00e0 compartint especialistes \u00a0itinerants d\u2019educaci\u00f3 musical, educaci\u00f3 f\u00edsica i educaci\u00f3 especial.<\/span><\/span><\/p>\n<p style=\"text-align: justify;\"><span style=\"font-size: medium;\"><span lang=\"CA\">Amb la creaci\u00f3 de la ZER l\u2019any 2009, la plantilla de mestres itinerants va augmentar amb la incorporaci\u00f3 del mestre itinerant de llengua estrangera, anglesa. Al curs 2010-11 va perdre el mestre d&#8217;educaci\u00f3 especial, per\u00f2 al 16-17 es va recuperar.<br \/>\n<\/span><\/span><\/p>\n<p style=\"text-align: justify;\"><span style=\"font-size: medium;\"><span lang=\"CA\">L\u2019objectiu de la creaci\u00f3 de la ZER va ser la necessitat de millorar la qualitat de l\u2019ensenyament en unes escoles petites situades en el medi rural, fomentant la col\u00b7laboraci\u00f3 pel seu millor funcionament. Per a aconseguir-ho calia una \u00a0continu\u00eftat dels mestres i es decidiren a elaborar un projecte com\u00fa per a la seva constituci\u00f3 definitiva com a Zona Escolar Rural. D\u2019aquesta manera, i a partir del treball cooperatiu entre els mestres d\u2019ambdues escoles, es van comen\u00e7ar a crear projectes que pretenen millorar la qualitat de l\u2019ensenyament i amb la optimitzaci\u00f3 dels recursos comuns.<\/span><\/span><\/p>\n<p style=\"text-align: justify;\"><span style=\"font-size: medium;\"><span lang=\"CA\">\u00a0<\/span><\/span><span style=\"font-size: medium;\"><span lang=\"CA\">La ZER Cap de Creus la formen dues escoles p\u00fabliques que depenen del Departament d\u2019Ensenyament de la Generalitat de Catalunya. Acullen des de l\u2019Educaci\u00f3 Infantil (3 anys) fins a 6\u00e8 de Prim\u00e0ria. Les escoles s\u00f3n:<\/span><\/span><\/p>\n<p><span style=\"font-size: medium;\"><span lang=\"CA\">\u00a0<\/span><\/span><span style=\"font-size: medium;\"><span lang=\"CA\">Escola Les Clisques de El Port de la Selva (i seu de la ZER Cap de Creus).\u00a0 <\/span><\/span><span style=\"font-size: medium;\"><span lang=\"CA\"><br \/>\n<\/span><\/span><\/p>\n<p><span style=\"font-size: medium;\"><span lang=\"CA\">\u00a0Escola Puig d\u2019Esquers de Colera. <\/span><\/span><\/p>\n<p>&nbsp;<\/p>\n<p><a href=\"https:\/\/agora.xtec.cat\/zer-capdecreus\/?page_id=5328&amp;preview=true\">Membres de l&#8217;equip directiu.<\/a><\/p>\n","protected":false},"excerpt":{"rendered":"<p>La ZER Cap de Creus \u00a0est\u00e0 ubicada en un \u00e0mbit rural dins la comarca de l\u2019Alt Empord\u00e0. Es va constituir legalment el curs 2009-10, tot i que, anteriorment \u00a0ja constitu\u00efen l\u2019Agrupaci\u00f3 Rural de l\u2019Alt Empord\u00e0 compartint especialistes \u00a0itinerants d\u2019educaci\u00f3 musical, educaci\u00f3 f\u00edsica i educaci\u00f3 especial.<br \/>\nAmb&hellip;  <a href=\"https:\/\/agora.xtec.cat\/zer-capdecreus\/zer\/qui-som\/\" title=\"Read Qui som\">Llegeix m\u00e9s\u00bb<\/a><\/p>\n","protected":false},"author":1,"featured_media":0,"parent":19,"menu_order":0,"comment_status":"closed","ping_status":"closed","template":"page-templates\/side-menu.php","meta":{"_bbp_topic_count":0,"_bbp_reply_count":0,"_bbp_total_topic_count":0,"_bbp_total_reply_count":0,"_bbp_voice_count":0,"_bbp_anonymous_reply_count":0,"_bbp_topic_count_hidden":0,"_bbp_reply_count_hidden":0,"_bbp_forum_subforum_count":0,"footnotes":""},"class_list":["post-258","page","type-page","status-publish","hentry"],"post_mailing_queue_ids":[],"_links":{"self":[{"href":"https:\/\/agora.xtec.cat\/zer-capdecreus\/wp-json\/wp\/v2\/pages\/258","targetHints":{"allow":["GET"]}}],"collection":[{"href":"https:\/\/agora.xtec.cat\/zer-capdecreus\/wp-json\/wp\/v2\/pages"}],"about":[{"href":"https:\/\/agora.xtec.cat\/zer-capdecreus\/wp-json\/wp\/v2\/types\/page"}],"author":[{"embeddable":true,"href":"https:\/\/agora.xtec.cat\/zer-capdecreus\/wp-json\/wp\/v2\/users\/1"}],"replies":[{"embeddable":true,"href":"https:\/\/agora.xtec.cat\/zer-capdecreus\/wp-json\/wp\/v2\/comments?post=258"}],"version-history":[{"count":3,"href":"https:\/\/agora.xtec.cat\/zer-capdecreus\/wp-json\/wp\/v2\/pages\/258\/revisions"}],"predecessor-version":[{"id":5330,"href":"https:\/\/agora.xtec.cat\/zer-capdecreus\/wp-json\/wp\/v2\/pages\/258\/revisions\/5330"}],"up":[{"embeddable":true,"href":"https:\/\/agora.xtec.cat\/zer-capdecreus\/wp-json\/wp\/v2\/pages\/19"}],"wp:attachment":[{"href":"https:\/\/agora.xtec.cat\/zer-capdecreus\/wp-json\/wp\/v2\/media?parent=258"}],"curies":[{"name":"wp","href":"https:\/\/api.w.org\/{rel}","templated":true}]}}