{"id":1089,"date":"2019-02-19T14:41:02","date_gmt":"2019-02-19T13:41:02","guid":{"rendered":"http:\/\/agora.xtec.cat\/zer-capdecreus\/?page_id=1089"},"modified":"2020-11-05T17:59:51","modified_gmt":"2020-11-05T16:59:51","slug":"robotica-educativa","status":"publish","type":"page","link":"https:\/\/agora.xtec.cat\/zer-capdecreus\/zer\/que-fem\/robotica-educativa\/","title":{"rendered":"Rob\u00f2tica educativa"},"content":{"rendered":"\r\n\t<div class=\"slideshow_container slideshow_container_style-light\" style=\"height: 300px; \" data-slideshow-id=\"4107\" data-style-name=\"style-light\" data-style-version=\"2.3.1\" >\r\n\r\n\t\t\t\t\t<div class=\"slideshow_loading_icon\"><\/div>\r\n\t\t\r\n\t\t<div class=\"slideshow_content\" style=\"display: none;\">\r\n\r\n\t\t\t<div class=\"slideshow_view\">\r\n\t\t\t\t<div class=\"slideshow_slide slideshow_slide_image\">\r\n\t\t\t\t\t\t\t\t\t\t\t<img src=\"https:\/\/agora.xtec.cat\/zer-capdecreus\/wp-content\/uploads\/usu1769\/2020\/11\/rob\u00f2tica-1.jpg\" alt=\"rob\u00f2tica 1\" width=\"1064\" height=\"598\" \/>\r\n\t\t\t\t\t\t\t\t\t\t<div class=\"slideshow_description_box slideshow_transparent\">\r\n\t\t\t\t\t\t<div class=\"slideshow_title\">rob\u00f2tica 1<\/div>\t\t\t\t\t\t\t\t\t\t\t<\/div>\r\n\t\t\t\t<\/div>\r\n\r\n\t\t\t\t\t\t<div style=\"clear: both;\"><\/div><\/div><div class=\"slideshow_view\">\r\n\t\t\t\t<div class=\"slideshow_slide slideshow_slide_image\">\r\n\t\t\t\t\t\t\t\t\t\t\t<img src=\"https:\/\/agora.xtec.cat\/zer-capdecreus\/wp-content\/uploads\/usu1769\/2020\/11\/rob\u00f2tica-2-e1604595985589.jpg\" alt=\"rob\u00f2tica 2\" width=\"3264\" height=\"1313\" \/>\r\n\t\t\t\t\t\t\t\t\t\t<div class=\"slideshow_description_box slideshow_transparent\">\r\n\t\t\t\t\t\t<div class=\"slideshow_title\">rob\u00f2tica 2<\/div>\t\t\t\t\t\t\t\t\t\t\t<\/div>\r\n\t\t\t\t<\/div>\r\n\r\n\t\t\t\t\t\t<div style=\"clear: both;\"><\/div><\/div><div class=\"slideshow_view\">\r\n\t\t\t\t<div class=\"slideshow_slide slideshow_slide_image\">\r\n\t\t\t\t\t\t\t\t\t\t\t<img src=\"https:\/\/agora.xtec.cat\/zer-capdecreus\/wp-content\/uploads\/usu1769\/2020\/11\/rob\u00f2tica-3-e1604595866374.jpg\" alt=\"rob\u00f2tica 3\" width=\"3264\" height=\"1836\" \/>\r\n\t\t\t\t\t\t\t\t\t\t<div class=\"slideshow_description_box slideshow_transparent\">\r\n\t\t\t\t\t\t<div class=\"slideshow_title\">rob\u00f2tica 3<\/div>\t\t\t\t\t\t\t\t\t\t\t<\/div>\r\n\t\t\t\t<\/div>\r\n\r\n\t\t\t\t\t\t<div style=\"clear: both;\"><\/div><\/div><div class=\"slideshow_view\">\r\n\t\t\t\t<div class=\"slideshow_slide slideshow_slide_image\">\r\n\t\t\t\t\t\t\t\t\t\t\t<img src=\"https:\/\/agora.xtec.cat\/zer-capdecreus\/wp-content\/uploads\/usu1769\/2020\/11\/rob\u00f2tica-4-e1604595383384.jpg\" alt=\"rob\u00f2tica 4\" width=\"3264\" height=\"1836\" \/>\r\n\t\t\t\t\t\t\t\t\t\t<div class=\"slideshow_description_box slideshow_transparent\">\r\n\t\t\t\t\t\t<div class=\"slideshow_title\">rob\u00f2tica 4<\/div>\t\t\t\t\t\t\t\t\t\t\t<\/div>\r\n\t\t\t\t<\/div>\r\n\r\n\t\t\t\t\t\t<div style=\"clear: both;\"><\/div><\/div><div class=\"slideshow_view\">\r\n\t\t\t\t<div class=\"slideshow_slide slideshow_slide_image\">\r\n\t\t\t\t\t\t\t\t\t\t\t<img src=\"https:\/\/agora.xtec.cat\/zer-capdecreus\/wp-content\/uploads\/usu1769\/2020\/11\/rob\u00f2tica-5-e1604596070342.jpg\" alt=\"rob\u00f2tica 5\" width=\"3264\" height=\"1346\" \/>\r\n\t\t\t\t\t\t\t\t\t\t<div class=\"slideshow_description_box slideshow_transparent\">\r\n\t\t\t\t\t\t<div class=\"slideshow_title\">rob\u00f2tica 5<\/div>\t\t\t\t\t\t\t\t\t\t\t<\/div>\r\n\t\t\t\t<\/div>\r\n\r\n\t\t\t\t\t\t<div style=\"clear: both;\"><\/div><\/div><div class=\"slideshow_view\">\t<div style=\"clear: both;\"><\/div><\/div><div class=\"slideshow_view\">\r\n\t\t\t\t<div class=\"slideshow_slide slideshow_slide_image\">\r\n\t\t\t\t\t\t\t\t\t\t\t<img src=\"https:\/\/agora.xtec.cat\/zer-capdecreus\/wp-content\/uploads\/usu1769\/2020\/11\/rob\u00f2tica-7-e1604595920936.jpg\" alt=\"rob\u00f2tica 7\" width=\"3264\" height=\"1836\" \/>\r\n\t\t\t\t\t\t\t\t\t\t<div class=\"slideshow_description_box slideshow_transparent\">\r\n\t\t\t\t\t\t<div class=\"slideshow_title\">rob\u00f2tica 7<\/div>\t\t\t\t\t\t\t\t\t\t\t<\/div>\r\n\t\t\t\t<\/div>\r\n\r\n\t\t\t\t\t\t<div style=\"clear: both;\"><\/div><\/div>\r\n\t\t<\/div>\r\n\r\n\t\t<div class=\"slideshow_controlPanel slideshow_transparent\" style=\"display: none;\"><ul><li class=\"slideshow_togglePlay\" data-play-text=\"Visualitza\" data-pause-text=\"Pausa\"><\/li><\/ul><\/div>\r\n\r\n\t\t<div class=\"slideshow_button slideshow_previous slideshow_transparent\" role=\"button\" data-previous-text=\"Anterior\" style=\"display: none;\"><\/div>\r\n\t\t<div class=\"slideshow_button slideshow_next slideshow_transparent\" role=\"button\" data-next-text=\"Seg\u00fcent\" style=\"display: none;\"><\/div>\r\n\r\n\t\t<div class=\"slideshow_pagination\" style=\"display: none;\" data-go-to-text=\"V\u00e9s a la diapositiva\"><div class=\"slideshow_pagination_center\"><\/div><\/div>\r\n\r\n\t\t<!-- WordPress Slideshow Version 2.3.1 -->\r\n\r\n\t\t\t<\/div>\r\n\r\n\n<p style=\"text-align: justify;\">Des del curs 18-19, les escoles de la ZER han comen\u00e7at a treballar la rob\u00f2tica educativa en 2 modalitats.<\/p>\n<p style=\"text-align: justify;\">Per els alumnes m\u00e9s petits de la ZER (educaci\u00f3 infantil i cicle inicial) el treball es centra en els robots Bee-bots o Blue-bots. Aquests petits robots, molt senzills, ajuden a l&#8217;alumnat a aprendre la seq\u00fcenciaci\u00f3 d&#8217;ordres i tamb\u00e9 \u00e9s de gran ajuda en el treball de la lateralitat i situaci\u00f3 espacial. El treball en aquest tipus de robots s&#8217;inicia amb els bee-bots per a educaci\u00f3 infantil i es complementa amb els blue-bots on s&#8217;introdueix el treball tamb\u00e9 a partir de tauletes connectades al robot a trav\u00e9s de bluetooth.<\/p>\n<p style=\"text-align: justify;\">Per a l&#8217;alumnat m\u00e9s gran de la ZER (cicle mitj\u00e0 i cicle superior), el treball el centrem a la creaci\u00f3 de robots a trav\u00e9s del material LEGO WeDo. Aqu\u00ed els robots es creen a partir de peces de LEGO i se&#8217;ls dona una funci\u00f3 espec\u00edfica. Un cop l&#8217;alumnat coneix les caracter\u00edstiques b\u00e0siques i possibilitats de cada element, s&#8217;entra en un treball m\u00e9s creatiu on la imaginaci\u00f3 i la idea de cada alumne pot inventar els seus propis robots i m\u00e0quines.<\/p>\n<p style=\"text-align: justify;\">Utilitzant el material LEGO, treballem aspectes de llengua catalana, llengua castellana, matem\u00e0tiques, coneixement del medi i compet\u00e8ncia digital de manera l\u00fadica i engrescadora, tot superant reptes i ens adonem dels aprenentatges diaris utilitzant l&#8217;autoavaluaci\u00f3.<\/p>\n","protected":false},"excerpt":{"rendered":"<p>\t\t\t\t\t\trob\u00f2tica 1\t\t\t\t\t\t\t\t\t\t\t<\/p>\n<p>\t\t\t\t\t\trob\u00f2tica 2\t\t\t\t\t\t\t\t\t\t\t<\/p>\n<p>\t\t\t\t\t\trob\u00f2tica 3\t\t\t\t\t\t\t\t\t\t\t<\/p>\n<p>\t\t\t\t\t\trob\u00f2tica 4\t\t\t\t\t\t\t\t\t\t\t<\/p>\n<p>\t\t\t\t\t\trob\u00f2tica 5\t\t\t\t\t\t\t\t\t\t\t<\/p>\n<p>\t\t\t\t\t\trob\u00f2tica 7\t\t\t\t\t\t\t\t\t\t\t<\/p>\n<ul>\n<li class=\"slideshow_togglePlay\" data-play-text=\"Visualitza\" data-pause-text=\"Pausa\"><\/li>\n<\/ul>\n<p>Des del curs 18-19, les escoles de la ZER han comen\u00e7at a treballar la rob\u00f2tica educativa en 2 modalitats.<br \/>\nPer els alumnes m\u00e9s petits de la ZER (educaci\u00f3 infantil i cicle inicial) el treball es centra en&hellip;  <a href=\"https:\/\/agora.xtec.cat\/zer-capdecreus\/zer\/que-fem\/robotica-educativa\/\" title=\"Read Rob\u00f2tica educativa\">Llegeix m\u00e9s\u00bb<\/a><\/p>\n","protected":false},"author":3,"featured_media":0,"parent":297,"menu_order":70,"comment_status":"closed","ping_status":"closed","template":"page-templates\/side-menu.php","meta":{"_bbp_topic_count":0,"_bbp_reply_count":0,"_bbp_total_topic_count":0,"_bbp_total_reply_count":0,"_bbp_voice_count":0,"_bbp_anonymous_reply_count":0,"_bbp_topic_count_hidden":0,"_bbp_reply_count_hidden":0,"_bbp_forum_subforum_count":0,"footnotes":""},"class_list":["post-1089","page","type-page","status-publish","hentry"],"post_mailing_queue_ids":[],"_links":{"self":[{"href":"https:\/\/agora.xtec.cat\/zer-capdecreus\/wp-json\/wp\/v2\/pages\/1089","targetHints":{"allow":["GET"]}}],"collection":[{"href":"https:\/\/agora.xtec.cat\/zer-capdecreus\/wp-json\/wp\/v2\/pages"}],"about":[{"href":"https:\/\/agora.xtec.cat\/zer-capdecreus\/wp-json\/wp\/v2\/types\/page"}],"author":[{"embeddable":true,"href":"https:\/\/agora.xtec.cat\/zer-capdecreus\/wp-json\/wp\/v2\/users\/3"}],"replies":[{"embeddable":true,"href":"https:\/\/agora.xtec.cat\/zer-capdecreus\/wp-json\/wp\/v2\/comments?post=1089"}],"version-history":[{"count":4,"href":"https:\/\/agora.xtec.cat\/zer-capdecreus\/wp-json\/wp\/v2\/pages\/1089\/revisions"}],"predecessor-version":[{"id":4108,"href":"https:\/\/agora.xtec.cat\/zer-capdecreus\/wp-json\/wp\/v2\/pages\/1089\/revisions\/4108"}],"up":[{"embeddable":true,"href":"https:\/\/agora.xtec.cat\/zer-capdecreus\/wp-json\/wp\/v2\/pages\/297"}],"wp:attachment":[{"href":"https:\/\/agora.xtec.cat\/zer-capdecreus\/wp-json\/wp\/v2\/media?parent=1089"}],"curies":[{"name":"wp","href":"https:\/\/api.w.org\/{rel}","templated":true}]}}