{"id":7068,"date":"2024-11-21T16:08:41","date_gmt":"2024-11-21T15:08:41","guid":{"rendered":"https:\/\/agora.xtec.cat\/zer-baixmontseny\/?page_id=7068"},"modified":"2024-11-22T12:13:43","modified_gmt":"2024-11-22T11:13:43","slug":"usos-linguitics","status":"publish","type":"page","link":"https:\/\/agora.xtec.cat\/zer-baixmontseny\/escola-alfa\/usos-linguitics\/","title":{"rendered":"Usos Ling\u00fc\u00edstics"},"content":{"rendered":"<p><span style=\"font-weight: 400;\">El curs passat vam observar que la <\/span><b>mainada havia deixat <\/b><span style=\"font-weight: 400;\">de parlar catal\u00e0 a tots els espais.\u00a0<\/span><span style=\"font-weight: 400;\">Ens vam adonar que el <\/span><b>catal\u00e0, tenia una connotaci\u00f3 negativa i polititzada sobretot a partir de 3r de prim\u00e0ria.\u00a0<\/b><span style=\"font-weight: 400;\">I aquesta situaci\u00f3 tamb\u00e9 l\u2019observ\u00e0vem quan ens <\/span><b>comunic\u00e0vem amb les fam\u00edlies i entre el personal de l\u2019escola.<\/b><\/p>\n<p><b>Ja fa anys, vam comen\u00e7ar a fer activitats per consolidar l\u2019\u00fas del catal\u00e0 <\/b><span style=\"font-weight: 400;\">com per exemple <\/span><b>r\u00e0dio Rept E i bibliopati <\/b><span style=\"font-weight: 400;\">en fam\u00edlia. El curs passat ja vam decidir fer la formaci\u00f3 ULAE per capgirar la situaci\u00f3 ling\u00fc\u00edstica del centre. <\/span><\/p>\n<p><span style=\"font-weight: 400;\">El primer que vam fer va ser una <\/span><b>DAFO i arran del resultat obtingut vam elaborar el Pla de Comunicaci\u00f3<\/b><span style=\"font-weight: 400;\"> \u00a0<\/span><span style=\"font-weight: 400;\">que inclou un dec\u00e0leg per una bona comunicaci\u00f3, regula la comunicaci\u00f3 interna\/externa\/en cas de crisis i,\u00a0 desenvolupa el pla d\u2019acci\u00f3 amb activitats i avaluaci\u00f3.\u00a0<\/span><span style=\"font-weight: 400;\">Alhora que elabor\u00e0vem el Pla de comunicaci\u00f3 vam pensar amb activitats divertides , engrescadores que de mica en mica canviessin la connotaci\u00f3 de l\u2019\u00fas del catal\u00e0 que ten\u00edem, perqu\u00e8 nom\u00e9s jugant s\u2019apr\u00e8n. I tamb\u00e9 vam fer tallers per millorar la comunicaci\u00f3 amb tot el personal docent i no docent i amb les fam\u00edlies.<\/span><\/p>\n<p>L&#8217;\u00fas del catal\u00e0 a l&#8217;escola ha fet un tomb i aqu\u00ed \u00a0us deixem evid\u00e8ncies del que ens ha funcionat a nosaltres:<\/p>\n<p><a href=\"https:\/\/drive.google.com\/file\/d\/1ZAPWspOy8MYIjhHrpk7iXpQl3DuJy_Pl\/view?usp=sharing\">Pla de comunicaci\u00f3<\/a><\/p>\n<p><a href=\"https:\/\/drive.google.com\/file\/d\/1r5oSp0PqfpKvAkp5r2dIm_inNPT0Gmcq\/view?usp=sharing\">Comunicaci\u00f3 amb fam\u00edlies<\/a><\/p>\n<p><a href=\"https:\/\/drive.google.com\/file\/d\/1mFa9ZUWMC4Cl_p3pgksrQRCJPyB42qTT\/view?usp=sharing\">Infografia Pla de comunicaci\u00f3<\/a><\/p>\n<p><a href=\"https:\/\/drive.google.com\/drive\/folders\/1ldRcuXKWgiKIiGnqQnaCzIUtuWIF8qu_?usp=sharing\">La Neu, ninot per als m\u00e9s petits per a incentivar l&#8217;\u00fas del catal\u00e0<\/a><\/p>\n<p><a href=\"https:\/\/drive.google.com\/drive\/folders\/1cKHzgEo5MECwwA2mI70bCuSysmKTFt5e?usp=sharing\">El Pot activador del catal\u00e0 per als m\u00e9s grans<\/a><\/p>\n<p><a href=\"https:\/\/drive.google.com\/drive\/folders\/10YJ9RIdDyZbGpaWQxebt72ek01phNSPX?usp=sharing\">Cartelleria penjada per l&#8217;escola fet pels infants\u00a0<\/a>i amb presentaci\u00f3 ofical a l&#8217;alcalde i regidoria d&#8217;edcaci\u00f3 del nostre poble, Santa Maria de Palautordera<\/p>\n<p><img loading=\"lazy\" decoding=\"async\" class=\"aligncenter size-full wp-image-7095\" src=\"https:\/\/agora.xtec.cat\/zer-baixmontseny\/wp-content\/uploads\/usu1001\/2024\/11\/6.-no-em-treguis-la-llengua.jpg\" alt=\"\" width=\"480\" height=\"640\" srcset=\"https:\/\/agora.xtec.cat\/zer-baixmontseny\/wp-content\/uploads\/usu1001\/2024\/11\/6.-no-em-treguis-la-llengua.jpg 480w, https:\/\/agora.xtec.cat\/zer-baixmontseny\/wp-content\/uploads\/usu1001\/2024\/11\/6.-no-em-treguis-la-llengua-225x300.jpg 225w\" sizes=\"auto, (max-width: 480px) 100vw, 480px\" \/><\/p>\n","protected":false},"excerpt":{"rendered":"<p>El curs passat vam observar que la mainada havia deixat de parlar catal\u00e0 a tots els espais.\u00a0Ens vam adonar que el catal\u00e0, tenia una connotaci\u00f3 negativa i polititzada sobretot a partir de 3r de prim\u00e0ria.\u00a0I aquesta situaci\u00f3 tamb\u00e9 l\u2019observ\u00e0vem quan ens comunic\u00e0vem amb les fam\u00edlies&hellip;  <a href=\"https:\/\/agora.xtec.cat\/zer-baixmontseny\/escola-alfa\/usos-linguitics\/\" title=\"Read Usos Ling\u00fc\u00edstics\">Llegeix m\u00e9s\u00bb<\/a><\/p>\n","protected":false},"author":1,"featured_media":0,"parent":264,"menu_order":0,"comment_status":"closed","ping_status":"closed","template":"","meta":{"_bbp_topic_count":0,"_bbp_reply_count":0,"_bbp_total_topic_count":0,"_bbp_total_reply_count":0,"_bbp_voice_count":0,"_bbp_anonymous_reply_count":0,"_bbp_topic_count_hidden":0,"_bbp_reply_count_hidden":0,"_bbp_forum_subforum_count":0,"footnotes":""},"class_list":["post-7068","page","type-page","status-publish","hentry"],"post_mailing_queue_ids":[],"_links":{"self":[{"href":"https:\/\/agora.xtec.cat\/zer-baixmontseny\/wp-json\/wp\/v2\/pages\/7068","targetHints":{"allow":["GET"]}}],"collection":[{"href":"https:\/\/agora.xtec.cat\/zer-baixmontseny\/wp-json\/wp\/v2\/pages"}],"about":[{"href":"https:\/\/agora.xtec.cat\/zer-baixmontseny\/wp-json\/wp\/v2\/types\/page"}],"author":[{"embeddable":true,"href":"https:\/\/agora.xtec.cat\/zer-baixmontseny\/wp-json\/wp\/v2\/users\/1"}],"replies":[{"embeddable":true,"href":"https:\/\/agora.xtec.cat\/zer-baixmontseny\/wp-json\/wp\/v2\/comments?post=7068"}],"version-history":[{"count":5,"href":"https:\/\/agora.xtec.cat\/zer-baixmontseny\/wp-json\/wp\/v2\/pages\/7068\/revisions"}],"predecessor-version":[{"id":7097,"href":"https:\/\/agora.xtec.cat\/zer-baixmontseny\/wp-json\/wp\/v2\/pages\/7068\/revisions\/7097"}],"up":[{"embeddable":true,"href":"https:\/\/agora.xtec.cat\/zer-baixmontseny\/wp-json\/wp\/v2\/pages\/264"}],"wp:attachment":[{"href":"https:\/\/agora.xtec.cat\/zer-baixmontseny\/wp-json\/wp\/v2\/media?parent=7068"}],"curies":[{"name":"wp","href":"https:\/\/api.w.org\/{rel}","templated":true}]}}