{"id":6379,"date":"2023-02-20T19:47:22","date_gmt":"2023-02-20T18:47:22","guid":{"rendered":"https:\/\/agora.xtec.cat\/zer-baixmontseny\/?page_id=6379"},"modified":"2023-12-14T13:13:08","modified_gmt":"2023-12-14T12:13:08","slug":"objectius-del-projecte","status":"publish","type":"page","link":"https:\/\/agora.xtec.cat\/zer-baixmontseny\/zer\/zer-baix-montseny\/objectius-del-projecte\/","title":{"rendered":"OBJECTIUS DEL PROJECTE"},"content":{"rendered":"<p><img loading=\"lazy\" decoding=\"async\" class=\"wp-image-6364 alignleft\" src=\"https:\/\/agora.xtec.cat\/zer-baixmontseny\/wp-content\/uploads\/usu1001\/2023\/11\/EN_FundedbytheEU_RGB_BLACK-Outline-1024x228.png\" alt=\"\" width=\"314\" height=\"70\" srcset=\"https:\/\/agora.xtec.cat\/zer-baixmontseny\/wp-content\/uploads\/usu1001\/2023\/11\/EN_FundedbytheEU_RGB_BLACK-Outline-1024x228.png 1024w, https:\/\/agora.xtec.cat\/zer-baixmontseny\/wp-content\/uploads\/usu1001\/2023\/11\/EN_FundedbytheEU_RGB_BLACK-Outline-300x67.png 300w, https:\/\/agora.xtec.cat\/zer-baixmontseny\/wp-content\/uploads\/usu1001\/2023\/11\/EN_FundedbytheEU_RGB_BLACK-Outline-768x171.png 768w, https:\/\/agora.xtec.cat\/zer-baixmontseny\/wp-content\/uploads\/usu1001\/2023\/11\/EN_FundedbytheEU_RGB_BLACK-Outline-1536x342.png 1536w, https:\/\/agora.xtec.cat\/zer-baixmontseny\/wp-content\/uploads\/usu1001\/2023\/11\/EN_FundedbytheEU_RGB_BLACK-Outline-2048x456.png 2048w\" sizes=\"auto, (max-width: 314px) 100vw, 314px\" \/> <a href=\"http:\/\/www.sepie.es\/\"><img loading=\"lazy\" decoding=\"async\" class=\"wp-image-6363 alignnone\" src=\"https:\/\/agora.xtec.cat\/zer-baixmontseny\/wp-content\/uploads\/usu1001\/2023\/11\/SEPIE_erasmus_plus.gif\" alt=\"\" width=\"176\" height=\"65\" \/><\/a> <img loading=\"lazy\" decoding=\"async\" class=\"wp-image-6362 alignright\" src=\"https:\/\/agora.xtec.cat\/zer-baixmontseny\/wp-content\/uploads\/usu1001\/2023\/11\/es_cofinanciado_por_la_union_europea_pos-1024x215.png\" alt=\"\" width=\"267\" height=\"56\" srcset=\"https:\/\/agora.xtec.cat\/zer-baixmontseny\/wp-content\/uploads\/usu1001\/2023\/11\/es_cofinanciado_por_la_union_europea_pos-1024x215.png 1024w, https:\/\/agora.xtec.cat\/zer-baixmontseny\/wp-content\/uploads\/usu1001\/2023\/11\/es_cofinanciado_por_la_union_europea_pos-300x63.png 300w, https:\/\/agora.xtec.cat\/zer-baixmontseny\/wp-content\/uploads\/usu1001\/2023\/11\/es_cofinanciado_por_la_union_europea_pos-768x161.png 768w, https:\/\/agora.xtec.cat\/zer-baixmontseny\/wp-content\/uploads\/usu1001\/2023\/11\/es_cofinanciado_por_la_union_europea_pos-1536x322.png 1536w, https:\/\/agora.xtec.cat\/zer-baixmontseny\/wp-content\/uploads\/usu1001\/2023\/11\/es_cofinanciado_por_la_union_europea_pos-2048x429.png 2048w\" sizes=\"auto, (max-width: 267px) 100vw, 267px\" \/><\/p>\n<p>&nbsp;<\/p>\n<p>Que ens ha mogut per entrar al Projecte Erasmus, com ho vivim i com imaginem el futur de la ZER amb ERASMUS:<\/p>\n<p><a href=\"https:\/\/drive.google.com\/file\/d\/1sNrfTP5EMKi7LsfowADQxIayFJ-lmB5K\/view?usp=sharing\">Quan ens van oferir el projecte vam pensar&#8230;<\/a><\/p>\n<p><a href=\"https:\/\/xtec.gencat.cat\/ca\/projectes\/plurilinguisme\/programes\/internacionals\/erasmusplus\/cete\/\">OBJECTIUS GENERALS DEL CONSORCI CETE + KA 120<\/a><\/p>\n<p>OBJECTIUS GENERALS DEL PROJECTE ( EN CONSTRUCCI\u00d3)<\/p>\n<p>ELS NOSTRES OBJECTIUS! ELS DE LA ZER!<\/p>\n<table width=\"0\">\n<tbody>\n<tr>\n<td>Incorporar metodologies i estrat\u00e8gies que facilitin la implementaci\u00f3 del <strong>curr\u00edculum <\/strong>en funci\u00f3 de les necessitats individuals de l\u2019alumnat i que fomentin un <strong>aprenentatge col\u00b7laboratiu i significatiu. <\/strong><\/td>\n<\/tr>\n<tr>\n<td>Canviar la cultura estesa d\u2019un model de centre basat en l\u2019atenci\u00f3 a necessitats educatives especials a un model basat en atendre les particularitats de tot l\u2019alumnat (<strong>personalitzaci\u00f3 de l\u2019aprenentatge<\/strong>).<\/td>\n<\/tr>\n<tr>\n<td>Contribuir al desenvolupament de les <strong>compet\u00e8ncies digitals <\/strong>que la ciutadania necessita per integrar-se en una societat caracteritzada per les transformacions i canvis accelerats derivats de les tecnologies.<\/td>\n<\/tr>\n<tr>\n<td>Participar en <strong>l\u2019Espai Europeu d\u2019Educaci\u00f3<\/strong> a trav\u00e9s de la <strong>internacionalitzaci\u00f3<\/strong> dels centres educatius pel que fa al curr\u00edculum, <strong>pr\u00e0ctiques pedag\u00f2giques <\/strong>i univers relacional.<\/td>\n<\/tr>\n<tr>\n<td>Dissenyar instruments i estrat\u00e8gies que permetin refor\u00e7ar <strong>l\u2019autonomia dels centres educatius <\/strong>i afavoreixin la consolidaci\u00f3 de l\u2019escola com un <strong>espai per a l\u2019\u00e8xit educatiu<\/strong>.<\/td>\n<\/tr>\n<tr>\n<td>Desenvolupar la <strong>compet\u00e8ncia pluriling\u00fce i pluricultural <\/strong>per facilitar la conviv\u00e8ncia , el respecte mutu i la participaci\u00f3 activa i cr\u00edtica en un m\u00f3n globalitzat.<\/td>\n<\/tr>\n<tr>\n<td>Millorar la <strong>qualitat educativa <\/strong>a trav\u00e9s de la <strong>formaci\u00f3 inicial i continuada <\/strong>del professorat i els equips directius creant la cultura del <strong>centre formador<\/strong>.<\/td>\n<\/tr>\n<tr>\n<td>Incrementar l\u2019impacte dels <strong>programes d\u2019innovaci\u00f3 <\/strong>en els \u00e0mbits <strong>organitzatiu, pedag\u00f2gic i de l\u2019aprenentatge <\/strong>de l\u2019alumnat a trav\u00e9s de la creaci\u00f3 de <strong>comunitats d\u2019aprenentatge. <\/strong><\/td>\n<\/tr>\n<\/tbody>\n<\/table>\n","protected":false},"excerpt":{"rendered":"<p> <a href=\"http:\/\/www.sepie.es\/\"><\/a><br \/>\n&nbsp;<br \/>\nQue ens ha mogut per entrar al Projecte Erasmus, com ho vivim i com imaginem el futur de la ZER amb ERASMUS:<br \/>\n<a href=\"https:\/\/drive.google.com\/file\/d\/1sNrfTP5EMKi7LsfowADQxIayFJ-lmB5K\/view?usp=sharing\">Quan ens van oferir el projecte vam pensar&#8230;<\/a><br \/>\n<a href=\"https:\/\/xtec.gencat.cat\/ca\/projectes\/plurilinguisme\/programes\/internacionals\/erasmusplus\/cete\/\">OBJECTIUS GENERALS DEL CONSORCI CETE + KA 120<\/a><br \/>\nOBJECTIUS GENERALS DEL PROJECTE (&hellip;  <a href=\"https:\/\/agora.xtec.cat\/zer-baixmontseny\/zer\/zer-baix-montseny\/objectius-del-projecte\/\" title=\"Read OBJECTIUS DEL PROJECTE\">Llegeix m\u00e9s\u00bb<\/a><\/p>\n","protected":false},"author":1,"featured_media":0,"parent":6271,"menu_order":0,"comment_status":"closed","ping_status":"closed","template":"","meta":{"_bbp_topic_count":0,"_bbp_reply_count":0,"_bbp_total_topic_count":0,"_bbp_total_reply_count":0,"_bbp_voice_count":0,"_bbp_anonymous_reply_count":0,"_bbp_topic_count_hidden":0,"_bbp_reply_count_hidden":0,"_bbp_forum_subforum_count":0,"footnotes":""},"class_list":["post-6379","page","type-page","status-publish","hentry"],"post_mailing_queue_ids":[],"_links":{"self":[{"href":"https:\/\/agora.xtec.cat\/zer-baixmontseny\/wp-json\/wp\/v2\/pages\/6379","targetHints":{"allow":["GET"]}}],"collection":[{"href":"https:\/\/agora.xtec.cat\/zer-baixmontseny\/wp-json\/wp\/v2\/pages"}],"about":[{"href":"https:\/\/agora.xtec.cat\/zer-baixmontseny\/wp-json\/wp\/v2\/types\/page"}],"author":[{"embeddable":true,"href":"https:\/\/agora.xtec.cat\/zer-baixmontseny\/wp-json\/wp\/v2\/users\/1"}],"replies":[{"embeddable":true,"href":"https:\/\/agora.xtec.cat\/zer-baixmontseny\/wp-json\/wp\/v2\/comments?post=6379"}],"version-history":[{"count":6,"href":"https:\/\/agora.xtec.cat\/zer-baixmontseny\/wp-json\/wp\/v2\/pages\/6379\/revisions"}],"predecessor-version":[{"id":6464,"href":"https:\/\/agora.xtec.cat\/zer-baixmontseny\/wp-json\/wp\/v2\/pages\/6379\/revisions\/6464"}],"up":[{"embeddable":true,"href":"https:\/\/agora.xtec.cat\/zer-baixmontseny\/wp-json\/wp\/v2\/pages\/6271"}],"wp:attachment":[{"href":"https:\/\/agora.xtec.cat\/zer-baixmontseny\/wp-json\/wp\/v2\/media?parent=6379"}],"curies":[{"name":"wp","href":"https:\/\/api.w.org\/{rel}","templated":true}]}}