{"id":5083,"date":"2021-07-14T12:52:21","date_gmt":"2021-07-14T10:52:21","guid":{"rendered":"http:\/\/agora.xtec.cat\/zer-baixmontseny\/?page_id=5083"},"modified":"2025-09-19T11:28:32","modified_gmt":"2025-09-19T09:28:32","slug":"formularis","status":"publish","type":"page","link":"https:\/\/agora.xtec.cat\/zer-baixmontseny\/escola-alfa\/atencio-families\/formularis\/","title":{"rendered":"Formularis d&#8217;ingr\u00e9s al centre"},"content":{"rendered":"<h4>Formularis per matriculaci\u00f3<\/h4>\n<p>Per formalitzar la matr\u00edcula d&#8217;un nou alumne, caldr\u00e0 portar degudament complimentats aquest formularis i adjuntar <strong>C\u00f2pia del carnet de vacunacions de l&#8217;alumne o alumna. <\/strong>Si no es t\u00e9 el carnet de vacunacions, s&#8217;ha d&#8217;aportar un certificat m\u00e8dic oficial o el carnet de salut de l&#8217;infant en el qual figurin les dosis de les vacunes rebudes amb les dates corresponents. Si el vostre fill o filla no ha estat vacunat per indicaci\u00f3 m\u00e8dica o per altres circumst\u00e0ncies, cal aportar un certificat m\u00e8dic oficial justificatiu.<\/p>\n<p><img loading=\"lazy\" decoding=\"async\" class=\"aligncenter  wp-image-7741\" src=\"https:\/\/agora.xtec.cat\/zer-baixmontseny\/wp-content\/uploads\/usu1001\/2025\/09\/documentacio-matricula-zer.png\" alt=\"\" width=\"387\" height=\"548\" srcset=\"https:\/\/agora.xtec.cat\/zer-baixmontseny\/wp-content\/uploads\/usu1001\/2025\/09\/documentacio-matricula-zer.png 1414w, https:\/\/agora.xtec.cat\/zer-baixmontseny\/wp-content\/uploads\/usu1001\/2025\/09\/documentacio-matricula-zer-212x300.png 212w, https:\/\/agora.xtec.cat\/zer-baixmontseny\/wp-content\/uploads\/usu1001\/2025\/09\/documentacio-matricula-zer-724x1024.png 724w, https:\/\/agora.xtec.cat\/zer-baixmontseny\/wp-content\/uploads\/usu1001\/2025\/09\/documentacio-matricula-zer-768x1086.png 768w, https:\/\/agora.xtec.cat\/zer-baixmontseny\/wp-content\/uploads\/usu1001\/2025\/09\/documentacio-matricula-zer-1086x1536.png 1086w\" sizes=\"auto, (max-width: 387px) 100vw, 387px\" \/><\/p>\n<table style=\"height: 96px; width: 412px;\" width=\"453\">\n<tbody>\n<tr style=\"height: 43px;\">\n<td style=\"width: 307.125px; height: 32px;\">Fitxa dades b\u00e0siques<\/td>\n<td style=\"width: 96.875px; height: 32px;\"><a href=\"https:\/\/drive.google.com\/file\/d\/1Gzo_OjFg8yjQZO6LfXPlLz7Keo-FAsiR\/view?usp=sharing\" target=\"_blank\" rel=\"noopener noreferrer\">ENLLA\u00c7<\/a><\/td>\n<\/tr>\n<tr style=\"height: 41px;\">\n<td style=\"width: 307.125px; height: 31px;\">Fitxa dades m\u00e8diques<\/td>\n<td style=\"width: 96.875px; height: 31px;\"><a href=\"https:\/\/drive.google.com\/file\/d\/1Ne1eDxwqfd8QaJtYAxLo_tVO4sToZVmC\/view?usp=sharing\" target=\"_blank\" rel=\"noopener noreferrer\">ENLLA\u00c7<\/a><\/td>\n<\/tr>\n<tr style=\"height: 42px;\">\n<td style=\"width: 307.125px; height: 33px;\">Carta de comprom\u00eds educatiu<\/td>\n<td style=\"width: 96.875px; height: 33px;\"><a href=\"https:\/\/docs.google.com\/document\/d\/1yOgdPIlO_Ex345sd8JyqSrJcLBfeMjP_\/edit\">ENLLA\u00c7<\/a><\/td>\n<\/tr>\n<\/tbody>\n<\/table>\n<table style=\"height: 62px;\" width=\"413\">\n<tbody>\n<tr>\n<td style=\"width: 305.75px;\">Q\u00fcestionari d&#8217;ingr\u00e9s Educaci\u00f3 infantil<\/td>\n<td style=\"width: 99.25px;\"><a href=\"https:\/\/drive.google.com\/file\/d\/1Fvc9BILWSng7wy2YZVxpAYLfw71AihWE\/view?usp=sharing\" target=\"_blank\" rel=\"noopener noreferrer\">ENLLA\u00c7<\/a><\/td>\n<\/tr>\n<tr>\n<td style=\"width: 305.75px;\">Q\u00fcestionari d&#8217;ingr\u00e9s Educaci\u00f3 prim\u00e0ria<\/td>\n<td style=\"width: 99.25px;\"><a href=\"https:\/\/drive.google.com\/file\/d\/161_xf_Fg4cnfU3rVehItbON83KoIVBOl\/view?usp=sharing\" target=\"_blank\" rel=\"noopener noreferrer\">ENLLA\u00c7<\/a><\/td>\n<\/tr>\n<\/tbody>\n<\/table>\n<h4>Altres formularis<\/h4>\n<table style=\"height: 38px; width: 30.4182%;\" width=\"453\">\n<tbody>\n<tr style=\"height: 28px;\">\n<td style=\"width: 305.75px; height: 28px;\">Sol\u00b7licitud de baixa escolar<\/td>\n<td style=\"width: 94.25px; height: 28px;\"><a href=\"https:\/\/drive.google.com\/file\/d\/1ijtzapE2QBYgtEgMGGXtp7eqvYBmJa0p\/view?usp=sharing\" target=\"_blank\" rel=\"noopener noreferrer\">ENLLA\u00c7<\/a><\/td>\n<\/tr>\n<tr style=\"height: 34px;\">\n<td style=\"width: 305.75px; height: 10px;\"><\/td>\n<td style=\"width: 94.25px; height: 10px;\"><\/td>\n<\/tr>\n<\/tbody>\n<\/table>\n","protected":false},"excerpt":{"rendered":"<p>Formularis per matriculaci\u00f3<br \/>\nPer formalitzar la matr\u00edcula d&#8217;un nou alumne, caldr\u00e0 portar degudament complimentats aquest formularis i adjuntar C\u00f2pia del carnet de vacunacions de l&#8217;alumne o alumna. Si no es t\u00e9 el carnet de vacunacions, s&#8217;ha d&#8217;aportar un certificat m\u00e8dic oficial o el carnet de salut&hellip;  <a href=\"https:\/\/agora.xtec.cat\/zer-baixmontseny\/escola-alfa\/atencio-families\/formularis\/\" title=\"Read Formularis d&#8217;ingr\u00e9s al centre\">Llegeix m\u00e9s\u00bb<\/a><\/p>\n","protected":false},"author":1,"featured_media":0,"parent":5074,"menu_order":20,"comment_status":"closed","ping_status":"closed","template":"","meta":{"_bbp_topic_count":0,"_bbp_reply_count":0,"_bbp_total_topic_count":0,"_bbp_total_reply_count":0,"_bbp_voice_count":0,"_bbp_anonymous_reply_count":0,"_bbp_topic_count_hidden":0,"_bbp_reply_count_hidden":0,"_bbp_forum_subforum_count":0,"footnotes":""},"class_list":["post-5083","page","type-page","status-publish","hentry"],"post_mailing_queue_ids":[],"_links":{"self":[{"href":"https:\/\/agora.xtec.cat\/zer-baixmontseny\/wp-json\/wp\/v2\/pages\/5083","targetHints":{"allow":["GET"]}}],"collection":[{"href":"https:\/\/agora.xtec.cat\/zer-baixmontseny\/wp-json\/wp\/v2\/pages"}],"about":[{"href":"https:\/\/agora.xtec.cat\/zer-baixmontseny\/wp-json\/wp\/v2\/types\/page"}],"author":[{"embeddable":true,"href":"https:\/\/agora.xtec.cat\/zer-baixmontseny\/wp-json\/wp\/v2\/users\/1"}],"replies":[{"embeddable":true,"href":"https:\/\/agora.xtec.cat\/zer-baixmontseny\/wp-json\/wp\/v2\/comments?post=5083"}],"version-history":[{"count":5,"href":"https:\/\/agora.xtec.cat\/zer-baixmontseny\/wp-json\/wp\/v2\/pages\/5083\/revisions"}],"predecessor-version":[{"id":7742,"href":"https:\/\/agora.xtec.cat\/zer-baixmontseny\/wp-json\/wp\/v2\/pages\/5083\/revisions\/7742"}],"up":[{"embeddable":true,"href":"https:\/\/agora.xtec.cat\/zer-baixmontseny\/wp-json\/wp\/v2\/pages\/5074"}],"wp:attachment":[{"href":"https:\/\/agora.xtec.cat\/zer-baixmontseny\/wp-json\/wp\/v2\/media?parent=5083"}],"curies":[{"name":"wp","href":"https:\/\/api.w.org\/{rel}","templated":true}]}}

Formularis d&#8217;ingrés al centre

<h4>Formularis per matriculació</h4>
<p>Per formalitzar la matrícula d&#8217;un nou alumne, caldrà portar degudament complimentats aquest formularis i adjuntar <strong>Còpia del carnet de vacunacions de l&#8217;alumne o alumna. </strong>Si no es té el carnet de vacunacions, s&#8217;ha d&#8217;aportar un certificat mèdic oficial o el carnet de salut de l&#8217;infant en el qual figurin les dosis de les vacunes rebudes amb les dates corresponents. Si el vostre fill o filla no ha estat vacunat per indicació mèdica o per altres circumstàncies, cal aportar un certificat mèdic oficial justificatiu.</p>
<p><img loading="lazy" decoding="async" class="aligncenter  wp-image-7741" src="https://agora.xtec.cat/zer-baixmontseny/wp-content/uploads/usu1001/2025/09/documentacio-matricula-zer.png" alt="" width="387" height="548" srcset="https://agora.xtec.cat/zer-baixmontseny/wp-content/uploads/usu1001/2025/09/documentacio-matricula-zer.png 1414w, https://agora.xtec.cat/zer-baixmontseny/wp-content/uploads/usu1001/2025/09/documentacio-matricula-zer-212x300.png 212w, https://agora.xtec.cat/zer-baixmontseny/wp-content/uploads/usu1001/2025/09/documentacio-matricula-zer-724x1024.png 724w, https://agora.xtec.cat/zer-baixmontseny/wp-content/uploads/usu1001/2025/09/documentacio-matricula-zer-768x1086.png 768w, https://agora.xtec.cat/zer-baixmontseny/wp-content/uploads/usu1001/2025/09/documentacio-matricula-zer-1086x1536.png 1086w" sizes="auto, (max-width: 387px) 100vw, 387px" /></p>
<table style="height: 96px; width: 412px;" width="453">
<tbody>
<tr style="height: 43px;">
<td style="width: 307.125px; height: 32px;">Fitxa dades bàsiques</td>
<td style="width: 96.875px; height: 32px;"><a href="https://drive.google.com/file/d/1Gzo_OjFg8yjQZO6LfXPlLz7Keo-FAsiR/view?usp=sharing" target="_blank" rel="noopener noreferrer">ENLLAÇ</a></td>
</tr>
<tr style="height: 41px;">
<td style="width: 307.125px; height: 31px;">Fitxa dades mèdiques</td>
<td style="width: 96.875px; height: 31px;"><a href="https://drive.google.com/file/d/1Ne1eDxwqfd8QaJtYAxLo_tVO4sToZVmC/view?usp=sharing" target="_blank" rel="noopener noreferrer">ENLLAÇ</a></td>
</tr>
<tr style="height: 42px;">
<td style="width: 307.125px; height: 33px;">Carta de compromís educatiu</td>
<td style="width: 96.875px; height: 33px;"><a href="https://docs.google.com/document/d/1yOgdPIlO_Ex345sd8JyqSrJcLBfeMjP_/edit">ENLLAÇ</a></td>
</tr>
</tbody>
</table>
<table style="height: 62px;" width="413">
<tbody>
<tr>
<td style="width: 305.75px;">Qüestionari d&#8217;ingrés Educació infantil</td>
<td style="width: 99.25px;"><a href="https://drive.google.com/file/d/1Fvc9BILWSng7wy2YZVxpAYLfw71AihWE/view?usp=sharing" target="_blank" rel="noopener noreferrer">ENLLAÇ</a></td>
</tr>
<tr>
<td style="width: 305.75px;">Qüestionari d&#8217;ingrés Educació primària</td>
<td style="width: 99.25px;"><a href="https://drive.google.com/file/d/161_xf_Fg4cnfU3rVehItbON83KoIVBOl/view?usp=sharing" target="_blank" rel="noopener noreferrer">ENLLAÇ</a></td>
</tr>
</tbody>
</table>
<h4>Altres formularis</h4>
<table style="height: 38px; width: 30.4182%;" width="453">
<tbody>
<tr style="height: 28px;">
<td style="width: 305.75px; height: 28px;">Sol·licitud de baixa escolar</td>
<td style="width: 94.25px; height: 28px;"><a href="https://drive.google.com/file/d/1ijtzapE2QBYgtEgMGGXtp7eqvYBmJa0p/view?usp=sharing" target="_blank" rel="noopener noreferrer">ENLLAÇ</a></td>
</tr>
<tr style="height: 34px;">
<td style="width: 305.75px; height: 10px;"></td>
<td style="width: 94.25px; height: 10px;"></td>
</tr>
</tbody>
</table>

<p>Formularis per matriculació<br />
Per formalitzar la matrícula d&#8217;un nou alumne, caldrà portar degudament complimentats aquest formularis i adjuntar Còpia del carnet de vacunacions de l&#8217;alumne o alumna. Si no es té el carnet de vacunacions, s&#8217;ha d&#8217;aportar un certificat mèdic oficial o el carnet de salut&hellip;  <a href="https://agora.xtec.cat/zer-baixmontseny/escola-alfa/atencio-families/formularis/" title="Read Formularis d&#8217;ingrés al centre">Llegeix més»</a></p>
