{"id":448,"date":"2015-07-24T15:50:21","date_gmt":"2015-07-24T14:50:21","guid":{"rendered":"http:\/\/agora.xtec.cat\/zer-baixmontseny\/?page_id=448"},"modified":"2025-11-13T12:04:32","modified_gmt":"2025-11-13T11:04:32","slug":"documents","status":"publish","type":"page","link":"https:\/\/agora.xtec.cat\/zer-baixmontseny\/zer\/documents\/","title":{"rendered":"Programaci\u00f3 General Anual (PGA) Full de ruta!"},"content":{"rendered":"<p>En aquesta secci\u00f3 trobareu les l\u00ednies estrat\u00e8giques que s&#8217;ha plantejat la ZER en els darrers cursos aix\u00ed com els resultats i la seva evoluci\u00f3.<\/p>\n<p>Tanmateix, tamb\u00e9 hi trobareu les estrat\u00e8gies de les tres escoles i la seva evoluci\u00f3.<\/p>\n<table width=\"29%\">\n<tbody>\n<tr>\n<td style=\"text-align: center;\" width=\"100%\"><strong>Pla de ruta<\/strong><\/td>\n<\/tr>\n<tr>\n<td style=\"text-align: center;\" width=\"100%\"><a href=\"https:\/\/docs.google.com\/spreadsheets\/d\/1xKfTxYKhFt1sfeTNUc70TZD9CkkV98YfFlzRfeJuC78\/edit?usp=sharing\">MA 22-23<\/a><\/td>\n<\/tr>\n<tr>\n<td style=\"text-align: center;\" width=\"100%\"><a href=\"https:\/\/drive.google.com\/file\/d\/1vgT2y-x33XntpFccTVlk_Vncgj9SjvbZ\/view?usp=sharing\">MA 23-24<\/a><\/td>\n<\/tr>\n<tr>\n<td style=\"text-align: center;\" width=\"100%\"><a href=\"https:\/\/drive.google.com\/file\/d\/1g2d6a3GEqLDT_8uU4cn0c9xaJe8TB25g\/view?usp=sharing\">PGA 24-25<\/a><\/td>\n<\/tr>\n<tr>\n<td style=\"text-align: center;\" width=\"100%\"><a href=\"https:\/\/docs.google.com\/spreadsheets\/d\/1l_iRiOFBVB8wnkMjcVqxZ718A7t93BNs\/edit?usp=sharing&amp;ouid=114295663106547369786&amp;rtpof=true&amp;sd=true\">PGA 25-26<\/a><\/td>\n<\/tr>\n<tr>\n<td style=\"text-align: center;\" width=\"100%\">MA 25-26<\/td>\n<\/tr>\n<tr>\n<td width=\"100%\"><\/td>\n<\/tr>\n<tr>\n<td><\/td>\n<\/tr>\n<tr>\n<td><\/td>\n<\/tr>\n<tr>\n<td><\/td>\n<\/tr>\n<tr>\n<td><\/td>\n<\/tr>\n<tr>\n<td><\/td>\n<\/tr>\n<\/tbody>\n<\/table>\n","protected":false},"excerpt":{"rendered":"<p>En aquesta secci\u00f3 trobareu les l\u00ednies estrat\u00e8giques que s&#8217;ha plantejat la ZER en els darrers cursos aix\u00ed com els resultats i la seva evoluci\u00f3.<br \/>\nTanmateix, tamb\u00e9 hi trobareu les estrat\u00e8gies de les tres escoles i la seva evoluci\u00f3.<\/p>\n<p>Pla de ruta<\/p>\n<p><a href=\"https:\/\/docs.google.com\/spreadsheets\/d\/1xKfTxYKhFt1sfeTNUc70TZD9CkkV98YfFlzRfeJuC78\/edit?usp=sharing\">MA 22-23<\/a><\/p>\n<p><a href=\"https:\/\/drive.google.com\/file\/d\/1vgT2y-x33XntpFccTVlk_Vncgj9SjvbZ\/view?usp=sharing\">MA 23-24<\/a><\/p>\n<p><a href=\"https:\/\/drive.google.com\/file\/d\/1g2d6a3GEqLDT_8uU4cn0c9xaJe8TB25g\/view?usp=sharing\">PGA 24-25<\/a><\/p>\n<p><a&hellip;  <a href=\"https:\/\/agora.xtec.cat\/zer-baixmontseny\/zer\/documents\/\" title=\"Read Programaci\u00f3 General Anual (PGA) Full de ruta!\">Llegeix m\u00e9s\u00bb<\/a><\/p>\n","protected":false},"author":1,"featured_media":0,"parent":19,"menu_order":100,"comment_status":"closed","ping_status":"closed","template":"","meta":{"_bbp_topic_count":0,"_bbp_reply_count":0,"_bbp_total_topic_count":0,"_bbp_total_reply_count":0,"_bbp_voice_count":0,"_bbp_anonymous_reply_count":0,"_bbp_topic_count_hidden":0,"_bbp_reply_count_hidden":0,"_bbp_forum_subforum_count":0,"footnotes":""},"class_list":["post-448","page","type-page","status-publish","hentry"],"post_mailing_queue_ids":[],"_links":{"self":[{"href":"https:\/\/agora.xtec.cat\/zer-baixmontseny\/wp-json\/wp\/v2\/pages\/448","targetHints":{"allow":["GET"]}}],"collection":[{"href":"https:\/\/agora.xtec.cat\/zer-baixmontseny\/wp-json\/wp\/v2\/pages"}],"about":[{"href":"https:\/\/agora.xtec.cat\/zer-baixmontseny\/wp-json\/wp\/v2\/types\/page"}],"author":[{"embeddable":true,"href":"https:\/\/agora.xtec.cat\/zer-baixmontseny\/wp-json\/wp\/v2\/users\/1"}],"replies":[{"embeddable":true,"href":"https:\/\/agora.xtec.cat\/zer-baixmontseny\/wp-json\/wp\/v2\/comments?post=448"}],"version-history":[{"count":6,"href":"https:\/\/agora.xtec.cat\/zer-baixmontseny\/wp-json\/wp\/v2\/pages\/448\/revisions"}],"predecessor-version":[{"id":7918,"href":"https:\/\/agora.xtec.cat\/zer-baixmontseny\/wp-json\/wp\/v2\/pages\/448\/revisions\/7918"}],"up":[{"embeddable":true,"href":"https:\/\/agora.xtec.cat\/zer-baixmontseny\/wp-json\/wp\/v2\/pages\/19"}],"wp:attachment":[{"href":"https:\/\/agora.xtec.cat\/zer-baixmontseny\/wp-json\/wp\/v2\/media?parent=448"}],"curies":[{"name":"wp","href":"https:\/\/api.w.org\/{rel}","templated":true}]}}