{"id":3826,"date":"2020-08-27T11:35:30","date_gmt":"2020-08-27T09:35:30","guid":{"rendered":"http:\/\/agora.xtec.cat\/zer-baixmontseny\/?page_id=3826"},"modified":"2024-12-13T11:58:57","modified_gmt":"2024-12-13T10:58:57","slug":"projectes-compartits-amb-families","status":"publish","type":"page","link":"https:\/\/agora.xtec.cat\/zer-baixmontseny\/escola-alfa\/projectes-compartits-amb-families\/","title":{"rendered":"Projectes compartits amb fam\u00edlies"},"content":{"rendered":"<p>&nbsp;<\/p>\n<table>\n<tbody>\n<tr>\n<td><b>COMUNITAT PARTICIPATIVA<\/b><\/td>\n<\/tr>\n<tr>\n<td><b>Estima\u2019t Pont Trencat i dinar en fam\u00edlia\u00a0<\/b><\/p>\n<p><span style=\"font-weight: 400;\">Estima\u2019t Pont Trencat \u00e9s una activitat que es fa un dissabte al mat\u00ed i promou, per una banda, la cohesi\u00f3 i la xarxa entre els membres de la comunitat educativa, i per altra, millorar l\u2019entorn de l\u2019escola col\u00b7laborant entre tots i totes per fer una escola m\u00e9s bonica i acollidora.<\/span><\/p>\n<p><span style=\"font-weight: 400;\">El dinar en fam\u00edlia (canviat pel sopar cloenda) \u00e9s un dinar de germanor de la comunitat educativa.\u00a0<\/span><\/td>\n<\/tr>\n<tr>\n<td><b>Compartim amb les fam\u00edlies 2n trimestre<\/b><\/p>\n<p><span style=\"font-weight: 400;\">\u201cCompartim amb fam\u00edlies\u201d neix de la il\u00b7lusi\u00f3 de compartir escola i fam\u00edlies, coneixements, cultura, estones divertides, aficions, oficis, etc. Des de fer pa, a fer ioga setmanal, a col\u00b7laborar amb la r\u00e0dio, o venir-nos a ensenyar les vostres professions o coses que us agrada fer en temps de lleure. Espectacular com gaudim tots plegats.<\/span><\/td>\n<\/tr>\n<tr>\n<td><b>Acompanyament a la lectura. Tot el curs. Tota l\u2019escola.<\/b><\/p>\n<p><span style=\"font-weight: 400;\">Si us agrada llegir i explicar contes l\u2019escola us ofereix l\u2019oportunitat de venir i explicar un conte\/hist\u00f2ria\/teatre als infants. Si esteu interessats contacteu amb l\u2019escola.<\/span><\/td>\n<\/tr>\n<tr>\n<td><b>R\u00e0dio Rept E. Tot el curs. Cicle superior amb participaci\u00f3 de totes les classes.<\/b><\/p>\n<p><span style=\"font-weight: 400;\">R\u00e0dio Rept-E (R\u00e0dio Escola Pont Trencat Emissora) \u00e9s un projecte radiof\u00f2nic que neix amb molta il\u00b7lusi\u00f3 i amb ganes de generar contingut que arribi arreu. R\u00e0dio Rept-E \u00e9s una gran eina que dona continu\u00eftat al treball de la llengua (capacitat d\u2019expressar, sentir i dir). Estimula l\u2019expressi\u00f3 oral, el treball en equip i l\u2019esperit cr\u00edtic. Una experi\u00e8ncia d\u2019excel\u00b7l\u00e8ncia per a treballar la flu\u00efdesa lectora, dicci\u00f3, entonaci\u00f3, augment de vocabulari\u2026 en resum, l\u2019\u00fas de la lectura en l&#8217;\u00e0mbit funcional. Us animem a escoltar els nostres p\u00f2dcasts publicats al web de l\u2019escola!\u00a0<\/span><\/td>\n<\/tr>\n<\/tbody>\n<\/table>\n<p>&nbsp;<\/p>\n<p>&nbsp;<\/p>\n","protected":false},"excerpt":{"rendered":"<p>&nbsp;<\/p>\n<p>COMUNITAT PARTICIPATIVA<\/p>\n<p>Estima\u2019t Pont Trencat i dinar en fam\u00edlia\u00a0<br \/>\nEstima\u2019t Pont Trencat \u00e9s una activitat que es fa un dissabte al mat\u00ed i promou, per una banda, la cohesi\u00f3 i la xarxa entre els membres de la comunitat educativa, i per altra, millorar l\u2019entorn de l\u2019escola col\u00b7laborant&hellip;  <a href=\"https:\/\/agora.xtec.cat\/zer-baixmontseny\/escola-alfa\/projectes-compartits-amb-families\/\" title=\"Read Projectes compartits amb fam\u00edlies\">Llegeix m\u00e9s\u00bb<\/a><\/p>\n","protected":false},"author":1,"featured_media":0,"parent":264,"menu_order":0,"comment_status":"closed","ping_status":"closed","template":"page-templates\/side-menu.php","meta":{"_bbp_topic_count":0,"_bbp_reply_count":0,"_bbp_total_topic_count":0,"_bbp_total_reply_count":0,"_bbp_voice_count":0,"_bbp_anonymous_reply_count":0,"_bbp_topic_count_hidden":0,"_bbp_reply_count_hidden":0,"_bbp_forum_subforum_count":0,"footnotes":""},"class_list":["post-3826","page","type-page","status-publish","hentry"],"post_mailing_queue_ids":[],"_links":{"self":[{"href":"https:\/\/agora.xtec.cat\/zer-baixmontseny\/wp-json\/wp\/v2\/pages\/3826","targetHints":{"allow":["GET"]}}],"collection":[{"href":"https:\/\/agora.xtec.cat\/zer-baixmontseny\/wp-json\/wp\/v2\/pages"}],"about":[{"href":"https:\/\/agora.xtec.cat\/zer-baixmontseny\/wp-json\/wp\/v2\/types\/page"}],"author":[{"embeddable":true,"href":"https:\/\/agora.xtec.cat\/zer-baixmontseny\/wp-json\/wp\/v2\/users\/1"}],"replies":[{"embeddable":true,"href":"https:\/\/agora.xtec.cat\/zer-baixmontseny\/wp-json\/wp\/v2\/comments?post=3826"}],"version-history":[{"count":7,"href":"https:\/\/agora.xtec.cat\/zer-baixmontseny\/wp-json\/wp\/v2\/pages\/3826\/revisions"}],"predecessor-version":[{"id":7192,"href":"https:\/\/agora.xtec.cat\/zer-baixmontseny\/wp-json\/wp\/v2\/pages\/3826\/revisions\/7192"}],"up":[{"embeddable":true,"href":"https:\/\/agora.xtec.cat\/zer-baixmontseny\/wp-json\/wp\/v2\/pages\/264"}],"wp:attachment":[{"href":"https:\/\/agora.xtec.cat\/zer-baixmontseny\/wp-json\/wp\/v2\/media?parent=3826"}],"curies":[{"name":"wp","href":"https:\/\/api.w.org\/{rel}","templated":true}]}}

Projectes compartits amb famílies

<p>&nbsp;</p>
<table>
<tbody>
<tr>
<td><b>COMUNITAT PARTICIPATIVA</b></td>
</tr>
<tr>
<td><b>Estima’t Pont Trencat i dinar en família </b></p>
<p><span style="font-weight: 400;">Estima’t Pont Trencat és una activitat que es fa un dissabte al matí i promou, per una banda, la cohesió i la xarxa entre els membres de la comunitat educativa, i per altra, millorar l’entorn de l’escola col·laborant entre tots i totes per fer una escola més bonica i acollidora.</span></p>
<p><span style="font-weight: 400;">El dinar en família (canviat pel sopar cloenda) és un dinar de germanor de la comunitat educativa. </span></td>
</tr>
<tr>
<td><b>Compartim amb les famílies 2n trimestre</b></p>
<p><span style="font-weight: 400;">“Compartim amb famílies” neix de la il·lusió de compartir escola i famílies, coneixements, cultura, estones divertides, aficions, oficis, etc. Des de fer pa, a fer ioga setmanal, a col·laborar amb la ràdio, o venir-nos a ensenyar les vostres professions o coses que us agrada fer en temps de lleure. Espectacular com gaudim tots plegats.</span></td>
</tr>
<tr>
<td><b>Acompanyament a la lectura. Tot el curs. Tota l’escola.</b></p>
<p><span style="font-weight: 400;">Si us agrada llegir i explicar contes l’escola us ofereix l’oportunitat de venir i explicar un conte/història/teatre als infants. Si esteu interessats contacteu amb l’escola.</span></td>
</tr>
<tr>
<td><b>Ràdio Rept E. Tot el curs. Cicle superior amb participació de totes les classes.</b></p>
<p><span style="font-weight: 400;">Ràdio Rept-E (Ràdio Escola Pont Trencat Emissora) és un projecte radiofònic que neix amb molta il·lusió i amb ganes de generar contingut que arribi arreu. Ràdio Rept-E és una gran eina que dona continuïtat al treball de la llengua (capacitat d’expressar, sentir i dir). Estimula l’expressió oral, el treball en equip i l’esperit crític. Una experiència d’excel·lència per a treballar la fluïdesa lectora, dicció, entonació, augment de vocabulari… en resum, l’ús de la lectura en l&#8217;àmbit funcional. Us animem a escoltar els nostres pòdcasts publicats al web de l’escola! </span></td>
</tr>
</tbody>
</table>
<p>&nbsp;</p>
<p>&nbsp;</p>

<p>&nbsp;</p>
<p>COMUNITAT PARTICIPATIVA</p>
<p>Estima’t Pont Trencat i dinar en família <br />
Estima’t Pont Trencat és una activitat que es fa un dissabte al matí i promou, per una banda, la cohesió i la xarxa entre els membres de la comunitat educativa, i per altra, millorar l’entorn de l’escola col·laborant&hellip;  <a href="https://agora.xtec.cat/zer-baixmontseny/escola-alfa/projectes-compartits-amb-families/" title="Read Projectes compartits amb famílies">Llegeix més»</a></p>
