{"id":266,"date":"2015-07-20T13:08:55","date_gmt":"2015-07-20T12:08:55","guid":{"rendered":"http:\/\/agora.xtec.cat\/zer-baixmontseny\/?page_id=266"},"modified":"2025-10-26T08:20:47","modified_gmt":"2025-10-26T07:20:47","slug":"escola-beta","status":"publish","type":"page","link":"https:\/\/agora.xtec.cat\/zer-baixmontseny\/escola-beta\/","title":{"rendered":"Escola l&#8217;Alzinar en connexi\u00f3 amb tot el que som i ens envolta."},"content":{"rendered":"<h2><img loading=\"lazy\" decoding=\"async\" class=\"aligncenter size-large wp-image-6267\" src=\"https:\/\/agora.xtec.cat\/zer-baixmontseny\/wp-content\/uploads\/usu1001\/2023\/11\/paisatge-1-e1699551800573-1024x315.png\" alt=\"\" width=\"1024\" height=\"315\" srcset=\"https:\/\/agora.xtec.cat\/zer-baixmontseny\/wp-content\/uploads\/usu1001\/2023\/11\/paisatge-1-e1699551800573-1024x315.png 1024w, https:\/\/agora.xtec.cat\/zer-baixmontseny\/wp-content\/uploads\/usu1001\/2023\/11\/paisatge-1-e1699551800573-300x92.png 300w, https:\/\/agora.xtec.cat\/zer-baixmontseny\/wp-content\/uploads\/usu1001\/2023\/11\/paisatge-1-e1699551800573-768x236.png 768w, https:\/\/agora.xtec.cat\/zer-baixmontseny\/wp-content\/uploads\/usu1001\/2023\/11\/paisatge-1-e1699551800573-1536x472.png 1536w, https:\/\/agora.xtec.cat\/zer-baixmontseny\/wp-content\/uploads\/usu1001\/2023\/11\/paisatge-1-e1699551800573.png 1920w\" sizes=\"auto, (max-width: 1024px) 100vw, 1024px\" \/><\/h2>\n<section class=\"elementor-element elementor-element-efd668c elementor-section-content-middle elementor-section-boxed elementor-section-height-default elementor-section-height-default elementor-section elementor-top-section\" data-id=\"efd668c\" data-element_type=\"section\">\n<div class=\"elementor-container elementor-column-gap-default\">\n<div class=\"elementor-row\">\n<div class=\"elementor-element elementor-element-5e7ff7d elementor-column elementor-col-50 elementor-top-column\" data-id=\"5e7ff7d\" data-element_type=\"column\">\n<div class=\"elementor-column-wrap elementor-element-populated\">\n<div class=\"elementor-widget-wrap\">\n<div class=\"elementor-element elementor-element-db27ea6 elementor-widget elementor-widget-text-editor\" data-id=\"db27ea6\" data-element_type=\"widget\" data-widget_type=\"text-editor.default\">\n<div class=\"elementor-widget-container\">\n<div class=\"elementor-text-editor elementor-clearfix\">\n<p style=\"text-align: right;\">\u00a0<\/p>\n<\/div>\n<\/div>\n<\/div>\n<\/div>\n<\/div>\n<\/div>\n<\/div>\n<\/div>\n<\/section>\n<section class=\"elementor-element elementor-element-c86831f elementor-section-stretched elementor-section-boxed elementor-section-height-default elementor-section-height-default elementor-section elementor-top-section\" data-id=\"c86831f\" data-element_type=\"section\" data-settings=\"{&quot;background_background&quot;:&quot;classic&quot;,&quot;stretch_section&quot;:&quot;section-stretched&quot;,&quot;shape_divider_top&quot;:&quot;mountains&quot;,&quot;shape_divider_bottom&quot;:&quot;mountains&quot;}\">\n<div class=\"elementor-container elementor-column-gap-default\">\n<div class=\"elementor-row\">\n<div class=\"elementor-element elementor-element-1f7d5c2 elementor-column elementor-col-25 elementor-top-column\" data-id=\"1f7d5c2\" data-element_type=\"column\">\n<div class=\"elementor-column-wrap elementor-element-populated\">\n<div class=\"elementor-widget-wrap\">\n<div class=\"elementor-element elementor-element-5cdb191 elementor-position-top elementor-vertical-align-top elementor-widget elementor-widget-image-box\" data-id=\"5cdb191\" data-element_type=\"widget\" data-widget_type=\"image-box.default\">\n<div class=\"elementor-widget-container\">\n<div class=\"elementor-image-box-wrapper\">\n<p><em style=\"font-family: inherit; font-size: 1em;\">Si volem que els infants es desenvolupin saludablement hem de donar-los temps per a connectar amb la natura i la Terra abans de demanar-los que la salvin. <\/em><strong style=\"font-family: inherit; font-size: 1em;\">David Sobel.<\/strong><\/p>\n<\/div>\n<\/div>\n<\/div>\n<\/div>\n<\/div>\n<\/div>\n<\/div>\n<\/div>\n<\/section>\n<p><strong>\u00a0 \u00a0 \u00a0 \u00a0 \u00a0 \u00a0 \u00a0 \u00a0 \u00a0 \u00a0 \u00a0 \u00a0 \u00a0 \u00a0 \u00a0 \u00a0 \u00a0 \u00a0 \u00a0 \u00a0 \u00a0 \u00a0 \u00a0 \u00a0 \u00a0 \u00a0 \u00a0 \u00a0 \u00a0&#8220;<a href=\"https:\/\/drive.google.com\/file\/d\/16VJggggPNUwoAL6JPa0-5CcmEMsZPkmS\/view?usp=drive_link\">FINESTRA OBERTA&#8221;\u00a0 A L&#8217;ESCOLA L&#8217;ALZINAR<\/a>&#8220;<\/strong><\/p>\n<p style=\"text-align: center;\"><span style=\"color: #00ccff;\"><strong>\u00a0 \u00a0 \u00a0 \u00a0 \u00a0 \u00a0 \u00a0 \u00a0 \u00a0 \u00a0 <a href=\"https:\/\/drive.google.com\/drive\/folders\/1PAlWGB_fbNQZOo0Y6TQllOJZZ3m0yPum\">US PRESENTEM LA NOSTRA REUNI\u00d3 D&#8217;INICI DE CURS\u00a0<\/a><\/strong><\/span><\/p>\n<p style=\"text-align: center;\"><span style=\"color: #ffcc00;\"><strong>\u00a0 \u00a0<a href=\"https:\/\/drive.google.com\/drive\/folders\/1PAlWGB_fbNQZOo0Y6TQllOJZZ3m0yPum\">INFORMACIONS B\u00c0SIQUES D&#8217;INICI DE CURS<\/a><\/strong><\/span><\/p>\n<p style=\"text-align: center;\"><span style=\"color: #99cc00;\"><strong><a href=\"https:\/\/drive.google.com\/drive\/folders\/1aYYYQ-Wr_E35LflfXVY1Jiw7yCaYyYNZ\">EL NOSTRE CALENDARI ESCOLAR<\/a><\/strong><\/span><\/p>\n<p style=\"text-align: center;\"><a href=\"https:\/\/drive.google.com\/drive\/u\/0\/folders\/1wnxlHwV2dqpy9SqFs6YwrvkgTMOx_Iy8\"><strong>QU\u00c8 I COM TREBALLEM A L&#8217;ESCOLA<\/strong><\/a><\/p>\n<p style=\"text-align: center;\">\u00a0 \u00a0 \u00a0<strong><a href=\"https:\/\/agora.xtec.cat\/zer-baixmontseny\/categoria\/noticies-alzinar\/\">LES NOSTRES EXPERI\u00c8NCIES EDUCATIVES: Articles d&#8217;inter\u00e8s.<\/a><\/strong><\/p>\n<p>Si ens voleu con\u00e8ixer nom\u00e9s us cal apropar-vos a Campins i venir a visitar-nos! Estarem encantades de compartir amb vosaltres la nostra escola rural amb vosaltres.<\/p>\n<p>Us animem\u00a0 \u00a0a que vingueu a visitar-nos al <strong>cam\u00ed de la Font s\/n de Campins<\/strong> i recordeu que podeu demanar cita per tel\u00e8fon al <strong>938475031<\/strong> o per e-mail <strong>a8015259@xtec.cat.\u00a0<\/strong><\/p>\n<p><span style=\"font-family: inherit; font-size: 1em;\">\u00a0 \u00a0 \u00a0 \u00a0 \u00a0 \u00a0 \u00a0 \u00a0 \u00a0 \u00a0 \u00a0 \u00a0 \u00a0 \u00a0 \u00a0 \u00a0 \u00a0 \u00a0 \u00a0 \u00a0 \u00a0 \u00a0 \u00a0 \u00a0 \u00a0 \u00a0 \u00a0 \u00a0 \u00a0 \u00a0 \u00a0 \u00a0 \u00a0 \u00a0 \u00a0 \u00a0 \u00a0 \u00a0 \u00a0 \u00a0 \u00a0 \u00a0 \u00a0 \u00a0 \u00a0 \u00a0 \u00a0 \u00a0 \u00a0 \u00a0 \u00a0 \u00a0 \u00a0 \u00a0 \u00a0 \u00a0 \u00a0 \u00a0 \u00a0 \u00a0 \u00a0 \u00a0 \u00a0 \u00a0 \u00a0 \u00a0 \u00a0 \u00a0 \u00a0 \u00a0 \u00a0 \u00a0 \u00a0 \u00a0 \u00a0 \u00a0 \u00a0 \u00a0 \u00a0 \u00a0 \u00a0 \u00a0 \u00a0 \u00a0 \u00a0 \u00a0 \u00a0 \u00a0 \u00a0 \u00a0 \u00a0 \u00a0 \u00a0 \u00a0 \u00a0 \u00a0 \u00a0 \u00a0 \u00a0 \u00a0 \u00a0 \u00a0 \u00a0 \u00a0 \u00a0 \u00a0 \u00a0 \u00a0 \u00a0 \u00a0 \u00a0 \u00a0 \u00a0 \u00a0 \u00a0 \u00a0 \u00a0 \u00a0 \u00a0 \u00a0 \u00a0 \u00a0 \u00a0 \u00a0 \u00a0 \u00a0 \u00a0 \u00a0 \u00a0 \u00a0 \u00a0 \u00a0 <\/span><\/p>\n<p><span style=\"font-family: inherit; font-size: 1em;\">\u00a0 \u00a0 \u00a0 \u00a0 \u00a0 \u00a0 \u00a0 \u00a0 \u00a0 \u00a0 \u00a0 \u00a0 \u00a0 \u00a0 \u00a0 \u00a0 \u00a0 \u00a0 \u00a0 \u00a0 \u00a0 \u00a0 \u00a0 \u00a0 \u00a0 \u00a0 \u00a0 \u00a0 \u00a0 \u00a0 \u00a0 \u00a0 \u00a0 \u00a0 \u00a0 \u00a0 \u00a0 \u00a0 \u00a0 \u00a0 \u00a0 \u00a0 \u00a0 \u00a0 \u00a0 \u00a0 \u00a0 \u00a0 \u00a0 \u00a0 \u00a0 \u00a0 \u00a0 \u00a0 \u00a0 \u00a0 \u00a0 \u00a0 \u00a0 \u00a0 \u00a0 \u00a0 \u00a0 \u00a0 \u00a0 \u00a0 \u00a0 \u00a0 \u00a0 \u00a0 \u00a0 \u00a0 \u00a0 \u00a0 \u00a0 \u00a0 \u00a0 \u00a0 \u00a0 \u00a0 \u00a0 \u00a0 \u00a0 \u00a0 \u00a0 \u00a0 \u00a0 \u00a0 \u00a0 \u00a0 \u00a0 \u00a0 \u00a0 \u00a0 \u00a0 \u00a0 \u00a0 \u00a0 \u00a0 \u00a0 \u00a0 \u00a0 \u00a0 \u00a0 \u00a0 \u00a0 \u00a0 \u00a0 \u00a0 \u00a0 \u00a0 \u00a0 \u00a0 \u00a0 \u00a0 \u00a0 Us hi esperem!!!<\/span><\/p>\n\n\n<h4 class=\"wp-block-heading\">DARRERES ENTRADES<\/h4>\n\n\n\n\t\t<div class=\"wp-block-getwid-recent-posts has-layout-grid has-cropped-images\">\n\t\t\t<div class=\"wp-block-getwid-recent-posts__wrapper getwid-columns getwid-columns-3\">\n\t\t\t\t\n<article id=\"post-8269\" class=\"wp-block-getwid-recent-posts__post\">\n    <div class=\"wp-block-getwid-recent-posts__post-wrapper\">\n                    <div class=\"wp-block-getwid-recent-posts__post-thumbnail\">\n                <a href=\"https:\/\/agora.xtec.cat\/zer-baixmontseny\/general\/informe-barem-puntuacions-definitiu-escola-lalzinar\/\"><img loading=\"lazy\" decoding=\"async\" width=\"116\" height=\"150\" src=\"https:\/\/agora.xtec.cat\/zer-baixmontseny\/wp-content\/uploads\/usu1001\/2026\/04\/INFORME_BAREM_DEFINITIU_BAREM-1-pdf-116x150.jpg\" class=\"attachment-thumbnail size-thumbnail wp-post-image\" alt=\"INFORME BAREM PUNTUACIONS DEFINITIU ESCOLA L&#8217;ALZINAR\" \/><\/a>\n            <\/div>\n                            <div class=\"wp-block-getwid-recent-posts__content-wrapper\">\n                                    <header class=\"wp-block-getwid-recent-posts__entry-header\">\n                                                    <h5 class=\"wp-block-getwid-recent-posts__post-title\"><a href=\"https:\/\/agora.xtec.cat\/zer-baixmontseny\/general\/informe-barem-puntuacions-definitiu-escola-lalzinar\/\">INFORME BAREM PUNTUACIONS DEFINITIU ESCOLA L&#8217;ALZINAR<\/a><\/h5>                                                                    <\/header>\n                                <div class=\"wp-block-getwid-recent-posts__post-content\">INFORME_BAREM_DEFINITIU_BAREMBaixa Posem a la vostra disposici\u00f3 la llista ordenada definitiva de les puntuacions del proc\u00e9s de preinscripci\u00f3. Calndari proc\u00e9s de preinscripci\u00f3 i matriculaci\u00f3<\/div>\n                \n                            <\/div>\n            <\/div>\n<\/article>\n\n<article id=\"post-8263\" class=\"wp-block-getwid-recent-posts__post\">\n    <div class=\"wp-block-getwid-recent-posts__post-wrapper\">\n                    <div class=\"wp-block-getwid-recent-posts__post-thumbnail\">\n                <a href=\"https:\/\/agora.xtec.cat\/zer-baixmontseny\/general\/sorteig-per-resoldre-les-sol%c2%b7licituds-empatades-en-punts\/\"><img loading=\"lazy\" decoding=\"async\" width=\"150\" height=\"150\" src=\"https:\/\/agora.xtec.cat\/zer-baixmontseny\/wp-content\/uploads\/usu1001\/2026\/04\/20260428-sorteig-obligatoris.jpg_1172691498-150x150.jpg\" class=\"attachment-thumbnail size-thumbnail wp-post-image\" alt=\"SORTEIG PER RESOLDRE LES SOL\u00b7LICITUDS EMPATADES EN PUNTS\" \/><\/a>\n            <\/div>\n                            <div class=\"wp-block-getwid-recent-posts__content-wrapper\">\n                                    <header class=\"wp-block-getwid-recent-posts__entry-header\">\n                                                    <h5 class=\"wp-block-getwid-recent-posts__post-title\"><a href=\"https:\/\/agora.xtec.cat\/zer-baixmontseny\/general\/sorteig-per-resoldre-les-sol%c2%b7licituds-empatades-en-punts\/\">SORTEIG PER RESOLDRE LES SOL\u00b7LICITUDS EMPATADES EN PUNTS<\/a><\/h5>                                                                    <\/header>\n                                <div class=\"wp-block-getwid-recent-posts__post-content\">Posem a la vostra disposici\u00f3 el n\u00famero de desempat del sorteig per resoldre les sol\u00b7licituds empatades a punts. Recordem que el dia 29 d&#8217;abril es publicar\u00e0 la llista ordenada definitiva de sol\u00b7licituds de preinscripci\u00f3.<\/div>\n                \n                            <\/div>\n            <\/div>\n<\/article>\n\n<article id=\"post-8247\" class=\"wp-block-getwid-recent-posts__post\">\n    <div class=\"wp-block-getwid-recent-posts__post-wrapper\">\n                    <div class=\"wp-block-getwid-recent-posts__post-thumbnail\">\n                <a href=\"https:\/\/agora.xtec.cat\/zer-baixmontseny\/general\/informe-barem-resoltes-les-reclamacions-escola-lalzinar\/\"><img loading=\"lazy\" decoding=\"async\" width=\"116\" height=\"150\" src=\"https:\/\/agora.xtec.cat\/zer-baixmontseny\/wp-content\/uploads\/usu1001\/2026\/04\/INFORME_BAREM_RESOLTES_BAREM-1-1-pdf-116x150.jpg\" class=\"attachment-thumbnail size-thumbnail wp-post-image\" alt=\"INFORME BAREM RESOLTES LES RECLAMACIONS ESCOLA L&#8217;ALZINAR\" \/><\/a>\n            <\/div>\n                            <div class=\"wp-block-getwid-recent-posts__content-wrapper\">\n                                    <header class=\"wp-block-getwid-recent-posts__entry-header\">\n                                                    <h5 class=\"wp-block-getwid-recent-posts__post-title\"><a href=\"https:\/\/agora.xtec.cat\/zer-baixmontseny\/general\/informe-barem-resoltes-les-reclamacions-escola-lalzinar\/\">INFORME BAREM RESOLTES LES RECLAMACIONS ESCOLA L&#8217;ALZINAR<\/a><\/h5>                                                                    <\/header>\n                                <div class=\"wp-block-getwid-recent-posts__post-content\">INFORME_BAREM_RESOLTES_BAREM (1)Baixa Posem a la vostra disposici\u00f3 l\u2019Informe Barem de Puntuacions un cop resoltes les reclamacions del proc\u00e9s de presincripci\u00f3 per al curs 2026-2027 de l\u2019escola l&#8217;Alzinar de la ZER Baix Montseny. Calendari del proc\u00e9s de&hellip; Llegeix m\u00e9s\u00bb<\/div>\n                \n                            <\/div>\n            <\/div>\n<\/article>\n\n<article id=\"post-8222\" class=\"wp-block-getwid-recent-posts__post\">\n    <div class=\"wp-block-getwid-recent-posts__post-wrapper\">\n                    <div class=\"wp-block-getwid-recent-posts__post-thumbnail\">\n                <a href=\"https:\/\/agora.xtec.cat\/zer-baixmontseny\/general\/informe-barem-puntuacions-provisional-2026-2027-escola-lalzinar\/\"><img loading=\"lazy\" decoding=\"async\" width=\"116\" height=\"150\" src=\"https:\/\/agora.xtec.cat\/zer-baixmontseny\/wp-content\/uploads\/usu1001\/2026\/04\/INFORME_BAREM_PROVISIONAL_BAREM-pdf-116x150.jpg\" class=\"attachment-thumbnail size-thumbnail wp-post-image\" alt=\"INFORME BAREM PUNTUACIONS PROVISIONAL 2026-2027 ESCOLA L&#8217;ALZINAR\" \/><\/a>\n            <\/div>\n                            <div class=\"wp-block-getwid-recent-posts__content-wrapper\">\n                                    <header class=\"wp-block-getwid-recent-posts__entry-header\">\n                                                    <h5 class=\"wp-block-getwid-recent-posts__post-title\"><a href=\"https:\/\/agora.xtec.cat\/zer-baixmontseny\/general\/informe-barem-puntuacions-provisional-2026-2027-escola-lalzinar\/\">INFORME BAREM PUNTUACIONS PROVISIONAL 2026-2027 ESCOLA L&#8217;ALZINAR<\/a><\/h5>                                                                    <\/header>\n                                <div class=\"wp-block-getwid-recent-posts__post-content\">INFORME_BAREM_PROVISIONAL_BAREM (1)Baixa Posem a la vostra disposici\u00f3 l&#8217;Informe Barem de Puntuacions provisional del proc\u00e9s de presincripci\u00f3 per al curs 2026-2027 de l&#8217;escola l&#8217;Alzinar de la ZER Baix Montseny. Recordeu que s&#8217;obre el termini de reclamacions sobre la puntuaci\u00f3 obtinguda&hellip; Llegeix m\u00e9s\u00bb<\/div>\n                \n                            <\/div>\n            <\/div>\n<\/article>\n\n<article id=\"post-8189\" class=\"wp-block-getwid-recent-posts__post\">\n    <div class=\"wp-block-getwid-recent-posts__post-wrapper\">\n                    <div class=\"wp-block-getwid-recent-posts__post-thumbnail\">\n                <a href=\"https:\/\/agora.xtec.cat\/zer-baixmontseny\/noticies-alzinar\/installacions-de-joc-simbolic\/\"><img loading=\"lazy\" decoding=\"async\" width=\"150\" height=\"150\" src=\"https:\/\/agora.xtec.cat\/zer-baixmontseny\/wp-content\/uploads\/usu1001\/2026\/03\/20260120_090908-1-scaled-e1773931980163-150x150.jpg\" class=\"attachment-thumbnail size-thumbnail wp-post-image\" alt=\"Instal\u00b7lacions de joc simb\u00f2lic\" \/><\/a>\n            <\/div>\n                            <div class=\"wp-block-getwid-recent-posts__content-wrapper\">\n                                    <header class=\"wp-block-getwid-recent-posts__entry-header\">\n                                                    <h5 class=\"wp-block-getwid-recent-posts__post-title\"><a href=\"https:\/\/agora.xtec.cat\/zer-baixmontseny\/noticies-alzinar\/installacions-de-joc-simbolic\/\">Instal\u00b7lacions de joc simb\u00f2lic<\/a><\/h5>                                                                    <\/header>\n                                <div class=\"wp-block-getwid-recent-posts__post-content\">Les instal\u00b7lacions de joc simb\u00f2lic s\u00f3n escenaris on es fusiona l&#8217;art contemporani amb la psicomotricitat que proposem. La instal\u00b7laci\u00f3 de joc possibilita la implicaci\u00f3 corporal dels nens i nenes, facilitant la construcci\u00f3 de la identitat i l&#8217;apropiaci\u00f3 de l&#8217;espai, ja que en l&#8217;acci\u00f3 sempre hi&hellip; Llegeix m\u00e9s\u00bb<\/div>\n                \n                            <\/div>\n            <\/div>\n<\/article>\n\t\t\t<\/div>\n\t\t<\/div>\n\t\t\n\n\n<p><\/p>\n","protected":false},"excerpt":{"rendered":"<p>Les instal\u00b7lacions de joc simb\u00f2lic s\u00f3n escenaris on es fusiona l&#8217;art contemporani amb la psicomotricitat que proposem. La instal\u00b7laci\u00f3 de joc possibilita la implicaci\u00f3 corporal dels nens i nenes, facilitant la construcci\u00f3 de la identitat i l&#8217;apropiaci\u00f3 de l&#8217;espai, ja que en l&#8217;acci\u00f3 sempre hi&hellip;  <a href=\"https:\/\/agora.xtec.cat\/zer-baixmontseny\/escola-beta\/\" title=\"Read Escola l&#8217;Alzinar en connexi\u00f3 amb tot el que som i ens envolta.\">Llegeix m\u00e9s\u00bb<\/a><\/p>\n","protected":false},"author":1,"featured_media":0,"parent":0,"menu_order":0,"comment_status":"closed","ping_status":"closed","template":"","meta":{"_bbp_topic_count":0,"_bbp_reply_count":0,"_bbp_total_topic_count":0,"_bbp_total_reply_count":0,"_bbp_voice_count":0,"_bbp_anonymous_reply_count":0,"_bbp_topic_count_hidden":0,"_bbp_reply_count_hidden":0,"_bbp_forum_subforum_count":0,"footnotes":""},"class_list":["post-266","page","type-page","status-publish","hentry"],"post_mailing_queue_ids":[],"_links":{"self":[{"href":"https:\/\/agora.xtec.cat\/zer-baixmontseny\/wp-json\/wp\/v2\/pages\/266","targetHints":{"allow":["GET"]}}],"collection":[{"href":"https:\/\/agora.xtec.cat\/zer-baixmontseny\/wp-json\/wp\/v2\/pages"}],"about":[{"href":"https:\/\/agora.xtec.cat\/zer-baixmontseny\/wp-json\/wp\/v2\/types\/page"}],"author":[{"embeddable":true,"href":"https:\/\/agora.xtec.cat\/zer-baixmontseny\/wp-json\/wp\/v2\/users\/1"}],"replies":[{"embeddable":true,"href":"https:\/\/agora.xtec.cat\/zer-baixmontseny\/wp-json\/wp\/v2\/comments?post=266"}],"version-history":[{"count":6,"href":"https:\/\/agora.xtec.cat\/zer-baixmontseny\/wp-json\/wp\/v2\/pages\/266\/revisions"}],"predecessor-version":[{"id":7768,"href":"https:\/\/agora.xtec.cat\/zer-baixmontseny\/wp-json\/wp\/v2\/pages\/266\/revisions\/7768"}],"wp:attachment":[{"href":"https:\/\/agora.xtec.cat\/zer-baixmontseny\/wp-json\/wp\/v2\/media?parent=266"}],"curies":[{"name":"wp","href":"https:\/\/api.w.org\/{rel}","templated":true}]}}